--
-- Host: localhost    Database: kemosacco
-- ------------------------------------------------------


--
-- Table structure for table `accountnumber`
--

CREATE TABLE `accountnumber` (
  `accountnumberid` int NOT NULL AUTO_INCREMENT,
  `accountnumber` varchar(20) DEFAULT NULL,
  `accountname` varchar(100) DEFAULT NULL,
  `dateopened` date DEFAULT NULL,
  `accountstatus` int DEFAULT NULL,
  `accounttypeid` int DEFAULT NULL,
  PRIMARY KEY (`accountnumberid`),
  KEY `accounttypeid` (`accounttypeid`),
  CONSTRAINT `accountnumber_ibfk_1` FOREIGN KEY (`accounttypeid`) REFERENCES `accounttype` (`accounttypeid`) ON UPDATE CASCADE
) ENGINE=InnoDB AUTO_INCREMENT=111 DEFAULT CHARSET=latin1;

--
-- Dumping data for table `accountnumber`
--

INSERT INTO `accountnumber` VALUES (1,'1','PETER MUNGAI NYAGA','2021-08-31',1,7),(2,'2','ORESTE KAGORI NJERU','2021-08-31',1,7),(3,'3','HENRY RUTERE NJAGI','2021-08-31',1,7),(4,'4','EMILIO GITONGA NJERU','2021-08-31',1,7),(5,'5','MOSES KARIUKI MWANIKI','2021-08-31',1,7),(6,'6','JOHANA KINYUA MWANIKI','2021-08-31',1,7),(7,'7','STANLEY NYAGA MVUNGU','2021-08-31',1,7),(8,'8','PATRICK MBOGO NJUE','2021-08-31',1,7),(9,'9','PETER MWANIKI ','2021-08-31',1,7),(10,'10','JOSEPH KIVUTI MUNYI','2021-08-31',1,7),(11,'11','ELIAS MUTWIRI NJIRU','2021-08-31',1,7),(12,'12','TIMOTHY NJOKA NJUE','2021-08-31',1,7),(13,'13','JAMES KARIUKI NYAGA','2021-08-31',1,7),(14,'14','NICHASIUS NYAGA KANGARA','2021-08-31',1,7),(15,'15','NEPHAT IRERI ','2021-08-31',1,7),(16,'16','BONIFACE MURIITHI ','2021-08-31',1,7),(17,'17','ALOYSIUS  MWANGI ','2021-08-31',1,7),(18,'18','MARTIN NGURE NJAGI','2021-08-31',1,7),(19,'19','NDWIGA MURANGIRI MURUAMBUSI','2021-08-31',1,7),(20,'20','JOSEPH MUGAMBI NJERU','2021-08-31',1,7),(21,'21','ISSAC NJERU KIMOTHO','2021-08-31',1,7),(22,'22','NICHOLAS KARIUKI KIMUTHO','2021-08-31',1,7),(23,'23','DANIEL NJIRU GEORGE','2021-08-31',1,7),(24,'24','EMILIO KINYUA NJUKI','2021-08-31',1,7),(25,'25','JACOB NJUE GUTETA','2021-08-31',1,7),(26,'26','JOHN GICOVI ','2021-08-31',1,7),(27,'27','SIMON MUCANGI ','2021-08-31',1,7),(28,'28','VINCENT NTHIGA NJAGI','2021-08-31',1,7),(29,'29','JAMES NJUE CINDANO','2021-08-31',1,7),(30,'30','NJERU KARANJA ','2021-09-01',1,7),(31,'31','AGAPIU NDWIGA N','2021-09-01',1,7),(32,'32','HARRIET MUKIRI A','2021-09-01',1,7),(33,'33','DAVID RUGENDO ','2021-09-01',1,7),(34,'34','SAMMY MUGO ','2021-09-01',1,7),(35,'35','PETER MWANIKI ','2021-09-01',1,7),(36,'36','HARRISON MURIITHI ','2021-09-01',1,7),(37,'37','PATRICK GICOVI ','2021-09-01',1,7),(39,'38','JUSTUS KARIUKI NJAGI','2021-09-01',1,7),(40,'39','JAMES MUGAMBI KATHUNI','2021-09-01',1,7),(41,'40','BONIFACE MWANIKI ','2021-09-01',1,7),(42,'41','MICAH NYAGA ','2021-09-01',1,7),(43,'42','JOHN NJOGU NJUE','2021-09-01',1,7),(44,'43','MERGERY WAWIRA NYAGA','2021-09-01',1,7),(45,'44','PETER KAREMBU ','2021-09-01',1,7),(46,'45','SILAS NJUE M','2021-09-01',1,7),(47,'46','NELSON NYAGA ','2021-09-01',1,7),(48,'47','PIUS NGONDI ','2021-09-01',1,7),(49,'48','JUSTIN MBOGO K','2021-09-01',1,7),(50,'49','DAVID MUCHANGI ','2021-09-01',1,7),(51,'50','CAESARY MWANIKI ','2021-09-01',1,7),(52,'51','JOSEPH MUKUNDI ','2021-09-01',1,7),(53,'52','VINCENT MURIITHI ','2021-09-01',1,7),(54,'53','DAVID MUGO NJERU','2021-09-01',1,7),(55,'54','PATRICK KARIUKI ','2021-09-01',1,7),(56,'55','GEORGE NYAGA ','2021-09-01',1,7),(57,'56','PATRICK MWANIKI ','2021-09-01',1,7),(58,'57','PHINEAS NJIRU ','2021-09-01',1,7),(59,'58','HARRISON WAIHENYA ','2021-09-01',1,7),(60,'59','LUCAS GICOVI ','2021-09-01',1,7),(61,'60','NAZARIO DAVIS N','2021-09-01',1,7),(62,'61','BONIFACE MBOGO NJIRU','2021-09-01',1,7),(63,'62','JOSIAH NTHIGA GACIITHIRE','2021-09-01',1,7),(64,'63','GILBERT MANASSEH ','2021-09-01',1,7),(65,'64','PATRICK KARIUKI NJOKA','2021-09-01',1,7),(66,'65','JACKSON YEGON KIPROTICH','2021-09-01',1,7),(67,'66','SIMON WAWERU MUCHANGI','2021-09-01',1,7),(68,'67','MOSES MURIITHI MBOGO','2021-09-01',1,7),(69,'68','ERIC NJUGUNA ','2021-09-01',1,7),(70,'69','SAMUEL MURAGE NJIRU','2021-09-01',1,7),(71,'70','AUGUSTINE KARIUKI WILLY','2021-09-01',1,7),(72,'71','IGNATIUS NJIRU MWITA','2021-09-01',1,7),(73,'72','IRENE WANJIRU NYAGA','2021-09-01',1,7),(74,'73','ZACHARY . .','2021-09-01',1,7),(75,'74','EPHANTUS KARIUKI NJERU','2021-09-01',1,7),(76,'75','DENNIS MBUGUA NJAGI','2021-09-01',1,7),(77,'76','ROSEMARY NJERI MAINA','2021-09-01',1,7),(78,'77','NYAGA KIAMAGUTA ','2021-09-01',1,7),(79,'78','KELVIN GITONGA ','2021-09-01',1,7),(80,'79','FRANCISCO MURIUKI NJOKA','2021-09-01',1,7),(81,'80','SILAS MURIITHI ','2021-09-01',1,7),(82,'81','ESTON GITONGA NYAGA','2021-09-01',1,7),(83,'82','KENNETH MURIITHI ','2021-09-01',1,7),(84,'83','PETER MURIITHI ','2021-09-01',1,7),(85,'84','TIMOTHY KARIUKI ','2021-09-01',1,7),(86,'85','JOSEPH KAIGA MUNYI','2021-09-01',1,7),(87,'86','ASKARI KBJ ','2021-09-01',1,7),(88,'87','WAMBUGU . ','2021-09-01',1,7),(89,'88','ESAU . ','2021-09-01',1,7),(90,'89','SILAS KARIUKI ','2021-09-01',1,7),(91,'90','DAVID MUSANGI NJIRU','2021-09-01',1,7),(92,'91','SILVANO RUGENDO ','2021-09-01',1,7),(93,'92','JAMES MWANIKI ','2021-09-01',1,7),(94,'93','BOSCO IRERI ','2021-09-01',1,7),(95,'94','LAMECK NYAGA ','2021-09-01',1,7),(96,'95','SILAS MUGENDI NJERU','2021-09-01',1,7),(97,'96','ERIC MURIITHI ','2021-09-01',1,7),(98,'97','KAMARU . ','2021-09-01',1,7),(99,'98','KITHINJI 224 ','2021-09-01',1,7),(100,'KCK567V','KCK567V KCK567V KCK567V','2021-12-08',1,7),(101,'KDA734J','KDA734J KDA734J KDA734J','2021-12-08',1,7),(102,'0','MANAGER MANAGER MANAGER','2021-12-11',1,7),(103,'99','KIPROTICH YEGON .','2022-01-22',1,7),(104,'100','BEDAN KARIUKI .','2022-02-25',1,7),(105,'101','JAMES KIONGO .','2022-02-26',1,7),(106,'102','MOTORCYLCE GROUP HOSPO','2022-02-26',1,7),(107,'103','NAHASON NJUE NYAGA','2022-02-26',1,7),(108,'104','CORADO NYAGA NDWIGA','2022-02-26',1,7),(109,'105','JOHN MUCHANGI .','2022-02-26',1,7),(110,'106','JOHN KARIUKI MBOGO','2022-03-16',1,7);

--
-- Table structure for table `accountsignatory`
--

CREATE TABLE `accountsignatory` (
  `accountsignatoryid` int NOT NULL AUTO_INCREMENT,
  `dated` date DEFAULT NULL,
  `signatorystatus` int DEFAULT NULL,
  `personid` int DEFAULT NULL,
  `accountnumberid` int DEFAULT NULL,
  `designationid` int DEFAULT NULL,
  PRIMARY KEY (`accountsignatoryid`),
  KEY `personid` (`personid`),
  KEY `accountnumberid` (`accountnumberid`),
  KEY `designationid` (`designationid`),
  CONSTRAINT `accountsignatory_ibfk_1` FOREIGN KEY (`personid`) REFERENCES `person` (`personid`) ON UPDATE CASCADE,
  CONSTRAINT `accountsignatory_ibfk_2` FOREIGN KEY (`accountnumberid`) REFERENCES `accountnumber` (`accountnumberid`) ON UPDATE CASCADE,
  CONSTRAINT `accountsignatory_ibfk_3` FOREIGN KEY (`designationid`) REFERENCES `designation` (`designationid`) ON UPDATE CASCADE
) ENGINE=InnoDB AUTO_INCREMENT=110 DEFAULT CHARSET=latin1;

--
-- Dumping data for table `accountsignatory`
--

INSERT INTO `accountsignatory` VALUES (1,'2021-08-31',1,1,1,7),(2,'2021-08-31',1,2,2,7),(3,'2021-08-31',1,3,3,7),(4,'2021-08-31',1,4,4,7),(5,'2021-08-31',1,5,5,7),(6,'2021-08-31',1,6,6,7),(7,'2021-08-31',1,7,7,7),(8,'2021-08-31',1,8,8,7),(9,'2021-08-31',1,9,9,7),(10,'2021-08-31',1,10,10,7),(11,'2021-08-31',1,11,11,7),(12,'2021-08-31',1,12,12,7),(13,'2021-08-31',1,13,13,7),(14,'2021-08-31',1,14,14,7),(15,'2021-08-31',1,15,15,7),(16,'2021-08-31',1,16,16,7),(17,'2021-08-31',1,17,17,7),(18,'2021-08-31',1,18,18,7),(19,'2021-08-31',1,19,19,7),(20,'2021-08-31',1,20,20,7),(21,'2021-08-31',1,21,21,7),(22,'2021-08-31',1,22,22,7),(23,'2021-08-31',1,23,23,7),(24,'2021-08-31',1,24,24,7),(25,'2021-08-31',1,25,25,7),(26,'2021-08-31',1,26,26,7),(27,'2021-08-31',1,27,27,7),(28,'2021-08-31',1,28,28,7),(29,'2021-08-31',1,29,29,7),(30,'2021-09-01',1,30,30,7),(31,'2021-09-01',1,31,31,7),(32,'2021-09-01',1,32,32,7),(33,'2021-09-01',1,33,33,7),(34,'2021-09-01',1,34,34,7),(35,'2021-09-01',1,35,35,7),(36,'2021-09-01',1,36,36,7),(37,'2021-09-01',1,37,37,7),(38,'2021-09-01',1,39,39,7),(39,'2021-09-01',1,40,40,7),(40,'2021-09-01',1,41,41,7),(41,'2021-09-01',1,42,42,7),(42,'2021-09-01',1,43,43,7),(43,'2021-09-01',1,44,44,7),(44,'2021-09-01',1,45,45,7),(45,'2021-09-01',1,46,46,7),(46,'2021-09-01',1,47,47,7),(47,'2021-09-01',1,48,48,7),(48,'2021-09-01',1,49,49,7),(49,'2021-09-01',1,50,50,7),(50,'2021-09-01',1,51,51,7),(51,'2021-09-01',1,52,52,7),(52,'2021-09-01',1,53,53,7),(53,'2021-09-01',1,54,54,7),(54,'2021-09-01',1,55,55,7),(55,'2021-09-01',1,56,56,7),(56,'2021-09-01',1,57,57,7),(57,'2021-09-01',1,58,58,7),(58,'2021-09-01',1,59,59,7),(59,'2021-09-01',1,60,60,7),(60,'2021-09-01',1,61,61,7),(61,'2021-09-01',1,62,62,7),(62,'2021-09-01',1,63,63,7),(63,'2021-09-01',1,64,64,7),(64,'2021-09-01',1,65,65,7),(65,'2021-09-01',1,66,66,7),(66,'2021-09-01',1,67,67,7),(67,'2021-09-01',1,68,68,7),(68,'2021-09-01',1,69,69,7),(69,'2021-09-01',1,70,70,7),(70,'2021-09-01',1,71,71,7),(71,'2021-09-01',1,72,72,7),(72,'2021-09-01',1,73,73,7),(73,'2021-09-01',1,74,74,7),(74,'2021-09-01',1,75,75,7),(75,'2021-09-01',1,76,76,7),(76,'2021-09-01',1,77,77,7),(77,'2021-09-01',1,78,78,7),(78,'2021-09-01',1,79,79,7),(79,'2021-09-01',1,80,80,7),(80,'2021-09-01',1,81,81,7),(81,'2021-09-01',1,82,82,7),(82,'2021-09-01',1,83,83,7),(83,'2021-09-01',1,84,84,7),(84,'2021-09-01',1,85,85,7),(85,'2021-09-01',1,86,86,7),(86,'2021-09-01',1,87,87,7),(87,'2021-09-01',1,88,88,7),(88,'2021-09-01',1,89,89,7),(89,'2021-09-01',1,90,90,7),(90,'2021-09-01',1,91,91,7),(91,'2021-09-01',1,92,92,7),(92,'2021-09-01',1,93,93,7),(93,'2021-09-01',1,94,94,7),(94,'2021-09-01',1,95,95,7),(95,'2021-09-01',1,96,96,7),(96,'2021-09-01',1,97,97,7),(97,'2021-09-01',1,98,98,7),(98,'2021-09-01',1,99,99,7),(99,'2021-12-08',1,101,100,7),(100,'2021-12-08',1,102,101,7),(101,'2021-12-11',1,103,102,7),(102,'2022-01-22',1,104,103,7),(103,'2022-02-25',1,105,104,7),(104,'2022-02-26',1,106,105,7),(105,'2022-02-26',1,107,106,7),(106,'2022-02-26',1,108,107,7),(107,'2022-02-26',1,109,108,7),(108,'2022-02-26',1,110,109,7),(109,'2022-03-16',1,111,110,7);

--
-- Table structure for table `accounttype`
--

CREATE TABLE `accounttype` (
  `accounttypeid` int NOT NULL AUTO_INCREMENT,
  `accounttypename` varchar(100) DEFAULT NULL,
  `maxmembers` int DEFAULT NULL,
  `minmember` int DEFAULT NULL,
  `hasshares` int DEFAULT NULL,
  `hassavings` int DEFAULT NULL,
  `hasloans` int DEFAULT NULL,
  `maxsignatories` int DEFAULT NULL,
  PRIMARY KEY (`accounttypeid`)
) ENGINE=InnoDB AUTO_INCREMENT=9 DEFAULT CHARSET=latin1;

--
-- Dumping data for table `accounttype`
--

INSERT INTO `accounttype` VALUES (7,'NORMAL',1,NULL,NULL,NULL,NULL,NULL),(8,'SACCO',1,NULL,NULL,NULL,NULL,NULL);

--
-- Temporary view structure for view `allrows`
--

/*!50001 DROP VIEW IF EXISTS `allrows`*/;
/*!50001 CREATE VIEW `allrows` AS SELECT 
 1 AS `loanapplicationid`,
 1 AS `transactiontypename`,
 1 AS `accountnumberid`,
 1 AS `accountnumber`,
 1 AS `loanduration`,
 1 AS `loanbalbd`,
 1 AS `paid`,
 1 AS `generatedinterest`,
 1 AS `paidinterest`,
 1 AS `interestbalance`,
 1 AS `loanbalance`,
 1 AS `defaultstatus`,
 1 AS `emi`,
 1 AS `rownum`,
 1 AS `dated`*/;

--
-- Table structure for table `bank`
--

CREATE TABLE `bank` (
  `bankid` int NOT NULL AUTO_INCREMENT,
  `bankname` varchar(100) DEFAULT NULL,
  PRIMARY KEY (`bankid`)
) ENGINE=InnoDB AUTO_INCREMENT=4 DEFAULT CHARSET=utf8mb4 COLLATE=utf8mb4_0900_ai_ci;

--
-- Dumping data for table `bank`
--

INSERT INTO `bank` VALUES (1,'FAMILY'),(2,'EQUITY'),(3,'CO-OPERATIVE');

--
-- Table structure for table `bankaccount`
--

CREATE TABLE `bankaccount` (
  `bankaccountid` int NOT NULL AUTO_INCREMENT,
  `bankaccountname` varchar(200) DEFAULT NULL,
  `bankaccountnumber` varchar(50) DEFAULT NULL,
  `bankid` int DEFAULT NULL,
  PRIMARY KEY (`bankaccountid`),
  KEY `bankid` (`bankid`),
  CONSTRAINT `bankaccount_ibfk_1` FOREIGN KEY (`bankid`) REFERENCES `bank` (`bankid`) ON UPDATE CASCADE
) ENGINE=InnoDB AUTO_INCREMENT=4 DEFAULT CHARSET=utf8mb4 COLLATE=utf8mb4_0900_ai_ci;

--
-- Dumping data for table `bankaccount`
--

INSERT INTO `bankaccount` VALUES (1,'AC-26462','AC-26462',1),(2,'AC-19490','AC-19490',1),(3,'AC-5486','AC-5486',1);

--
-- Table structure for table `cheque`
--

CREATE TABLE `cheque` (
  `chequeid` int NOT NULL AUTO_INCREMENT,
  `bankname` varchar(50) DEFAULT NULL,
  `accountname` varchar(50) DEFAULT NULL,
  `chequenumber` varchar(50) DEFAULT NULL,
  `chequevalue` double(10,2) DEFAULT NULL,
  `transactionid` int DEFAULT NULL,
  `userrightsid` int DEFAULT NULL,
  `transactiondate` timestamp NOT NULL DEFAULT CURRENT_TIMESTAMP ON UPDATE CURRENT_TIMESTAMP,
  PRIMARY KEY (`chequeid`),
  KEY `transactionid` (`transactionid`),
  KEY `userrightsid` (`userrightsid`),
  CONSTRAINT `cheque_ibfk_1` FOREIGN KEY (`transactionid`) REFERENCES `transaction` (`transactionid`) ON UPDATE CASCADE,
  CONSTRAINT `cheque_ibfk_2` FOREIGN KEY (`userrightsid`) REFERENCES `userrights` (`userrightsid`) ON UPDATE CASCADE
) ENGINE=InnoDB DEFAULT CHARSET=latin1;

--
-- Dumping data for table `cheque`
--


--
-- Table structure for table `deduction`
--

CREATE TABLE `deduction` (
  `deductionid` int NOT NULL AUTO_INCREMENT,
  `dated` date DEFAULT NULL,
  `amount` double DEFAULT NULL,
  `payslipitemid` int DEFAULT NULL,
  `personid` int DEFAULT NULL,
  `transactiondate` timestamp NOT NULL DEFAULT CURRENT_TIMESTAMP ON UPDATE CURRENT_TIMESTAMP,
  PRIMARY KEY (`deductionid`),
  KEY `payslipitemid` (`payslipitemid`),
  KEY `personid` (`personid`),
  CONSTRAINT `deduction_ibfk_1` FOREIGN KEY (`payslipitemid`) REFERENCES `payslipitem` (`payslipitemid`) ON UPDATE CASCADE,
  CONSTRAINT `deduction_ibfk_2` FOREIGN KEY (`personid`) REFERENCES `person` (`personid`) ON UPDATE CASCADE
) ENGINE=InnoDB DEFAULT CHARSET=latin1;

--
-- Dumping data for table `deduction`
--


--
-- Table structure for table `depositlimit`
--

CREATE TABLE `depositlimit` (
  `depositlimitid` int NOT NULL AUTO_INCREMENT,
  `minimumamount` double(10,2) DEFAULT NULL,
  `finecharge` double(10,2) DEFAULT NULL,
  `status` int DEFAULT NULL,
  `transactiondate` timestamp NOT NULL DEFAULT CURRENT_TIMESTAMP ON UPDATE CURRENT_TIMESTAMP,
  PRIMARY KEY (`depositlimitid`)
) ENGINE=InnoDB DEFAULT CHARSET=latin1;

--
-- Dumping data for table `depositlimit`
--


--
-- Table structure for table `depositlimittransaction`
--

CREATE TABLE `depositlimittransaction` (
  `depositlimittransactionid` int NOT NULL AUTO_INCREMENT,
  `transactionid` int DEFAULT NULL,
  `depositlimitid` int DEFAULT NULL,
  `transactiondate` timestamp NOT NULL DEFAULT CURRENT_TIMESTAMP ON UPDATE CURRENT_TIMESTAMP,
  PRIMARY KEY (`depositlimittransactionid`),
  KEY `transactionid` (`transactionid`),
  KEY `depositlimitid` (`depositlimitid`),
  CONSTRAINT `depositlimittransaction_ibfk_1` FOREIGN KEY (`transactionid`) REFERENCES `transaction` (`transactionid`) ON UPDATE CASCADE,
  CONSTRAINT `depositlimittransaction_ibfk_2` FOREIGN KEY (`depositlimitid`) REFERENCES `depositlimit` (`depositlimitid`) ON UPDATE CASCADE
) ENGINE=InnoDB DEFAULT CHARSET=latin1;

--
-- Dumping data for table `depositlimittransaction`
--


--
-- Table structure for table `designation`
--

CREATE TABLE `designation` (
  `designationid` int NOT NULL AUTO_INCREMENT,
  `designationname` varchar(50) DEFAULT NULL,
  `abbreviation` varchar(10) DEFAULT NULL,
  PRIMARY KEY (`designationid`)
) ENGINE=InnoDB AUTO_INCREMENT=8 DEFAULT CHARSET=latin1;

--
-- Dumping data for table `designation`
--

INSERT INTO `designation` VALUES (7,'OWNER',NULL);

--
-- Table structure for table `dividend`
--

CREATE TABLE `dividend` (
  `dividendid` int NOT NULL AUTO_INCREMENT,
  `dividendamount` double(10,2) DEFAULT NULL,
  `dividendperiod` varchar(10) DEFAULT NULL,
  `dated` date DEFAULT NULL,
  PRIMARY KEY (`dividendid`)
) ENGINE=InnoDB DEFAULT CHARSET=latin1;

--
-- Dumping data for table `dividend`
--


--
-- Table structure for table `earning`
--

CREATE TABLE `earning` (
  `earningid` int NOT NULL AUTO_INCREMENT,
  `dated` date DEFAULT NULL,
  `amount` double DEFAULT NULL,
  `payslipitemid` int DEFAULT NULL,
  `personid` int DEFAULT NULL,
  `transactiondate` timestamp NOT NULL DEFAULT CURRENT_TIMESTAMP ON UPDATE CURRENT_TIMESTAMP,
  PRIMARY KEY (`earningid`),
  KEY `payslipitemid` (`payslipitemid`),
  KEY `personid` (`personid`),
  CONSTRAINT `earning_ibfk_1` FOREIGN KEY (`payslipitemid`) REFERENCES `payslipitem` (`payslipitemid`) ON UPDATE CASCADE,
  CONSTRAINT `earning_ibfk_2` FOREIGN KEY (`personid`) REFERENCES `person` (`personid`) ON UPDATE CASCADE
) ENGINE=InnoDB DEFAULT CHARSET=latin1;

--
-- Dumping data for table `earning`
--


--
-- Table structure for table `employee`
--

CREATE TABLE `employee` (
  `employeeid` int NOT NULL AUTO_INCREMENT,
  `employeestatus` varchar(50) DEFAULT NULL,
  `dated` date DEFAULT NULL,
  `personid` int DEFAULT NULL,
  `transactiondate` timestamp NOT NULL DEFAULT CURRENT_TIMESTAMP ON UPDATE CURRENT_TIMESTAMP,
  PRIMARY KEY (`employeeid`),
  KEY `personid` (`personid`),
  CONSTRAINT `employee_ibfk_1` FOREIGN KEY (`personid`) REFERENCES `person` (`personid`) ON UPDATE CASCADE
) ENGINE=InnoDB DEFAULT CHARSET=latin1;

--
-- Dumping data for table `employee`
--


--
-- Table structure for table `expensename`
--

CREATE TABLE `expensename` (
  `expensenameid` int NOT NULL AUTO_INCREMENT,
  `expensename` varchar(500) DEFAULT NULL,
  `expensetype` varchar(50) DEFAULT NULL,
  PRIMARY KEY (`expensenameid`)
) ENGINE=InnoDB AUTO_INCREMENT=20 DEFAULT CHARSET=latin1;

--
-- Dumping data for table `expensename`
--

INSERT INTO `expensename` VALUES (1,'FUEL','SHORT TIME'),(2,'BREAKFAST','SHORT TIME'),(3,'LUNCH','SHORT TIME'),(4,'SALARIES','SHORT TIME'),(5,'PARKING FEE','SHORT TIME'),(6,'LINE','SHORT TIME'),(7,'BOYZ','SHORT TIME'),(8,'CAR WASH','SHORT TIME'),(9,'OIL-CC','SHORT TIME'),(10,'PUNCTURE','SHORT TIME'),(11,'SERVICES','SHORT TIME'),(12,'GREASING','SHORT TIME'),(13,'PADS','SHORT TIME'),(14,'GARAGE','SHORT TIME'),(15,'SPARE','SHORT TIME'),(16,'TYRE','SHORT TIME'),(17,'BATTERIES','SHORT TIME'),(18,'BRAKE FLUID','SHORT TIME'),(19,'OTHERS','SHORT TIME');

--
-- Table structure for table `filedata`
--

CREATE TABLE `filedata` (
  `id` int NOT NULL AUTO_INCREMENT,
  `dated` date DEFAULT NULL,
  `telno` double DEFAULT NULL,
  `amount` double DEFAULT NULL,
  PRIMARY KEY (`id`)
) ENGINE=InnoDB AUTO_INCREMENT=241 DEFAULT CHARSET=latin1;

--
-- Dumping data for table `filedata`
--

INSERT INTO `filedata` VALUES (1,'2020-02-12',254722519818,1200),(2,'2020-02-12',254722408151,1200),(3,'2020-02-12',254712061024,1200),(4,'2020-02-12',254721548470,1200),(5,'2020-02-12',254724140922,1200),(6,'2020-02-12',254705125965,1200),(7,'2020-02-12',254710945201,7000),(8,'2020-02-12',254702023252,1200),(9,'2020-02-12',254722937045,1200),(10,'2020-02-12',254758585373,1200),(11,'2020-02-12',254721287069,1200),(12,'2020-02-13',254705125965,23800),(13,'2020-02-19',254722519818,1200),(14,'2020-02-19',254702023252,1200),(15,'2020-02-19',254712061024,1200),(16,'2020-02-19',254705125965,700),(17,'2020-02-19',254729551499,1200),(18,'2020-02-19',254720103461,2400),(19,'2020-02-19',254722408151,1200),(20,'2020-02-19',254715812205,1200),(21,'2020-02-19',254722937045,1200),(22,'2020-02-19',254724140922,1200),(23,'2020-02-19',254716537126,1200),(24,'2020-02-19',254721548470,1200),(25,'2020-02-19',254721287069,1200),(26,'2020-02-20',254710304159,2400),(27,'2020-02-26',254705125965,1200),(28,'2020-02-26',254712061024,1200),(29,'2020-02-26',254722937045,1200),(30,'2020-02-26',254716537126,1200),(31,'2020-02-26',254722519818,1200),(32,'2020-02-26',254720103461,1200),(33,'2020-02-26',254724140922,1200),(34,'2020-02-26',254702023252,1200),(35,'2020-02-26',254722408151,1200),(36,'2020-02-26',254721287069,1200),(37,'2020-02-26',254705347304,1200),(38,'2020-02-27',254721548470,1200),(39,'2020-03-04',254722519818,1200),(40,'2020-03-04',254716537126,1200),(41,'2020-03-04',254720103461,1200),(42,'2020-03-04',254724140922,1200),(43,'2020-03-04',254722408151,1200),(44,'2020-03-04',254111254730,1200),(45,'2020-03-04',254721548470,1200),(46,'2020-03-04',254702023252,1200),(47,'2020-03-04',254721287069,1200),(48,'2020-03-04',254705347304,1200),(49,'2020-03-05',254722937045,1200),(50,'2020-03-11',254722519818,1200),(51,'2020-03-11',254716537126,1200),(52,'2020-03-11',254705125965,1200),(53,'2020-03-11',254720103461,1200),(54,'2020-03-11',254705347304,1200),(55,'2020-03-14',254721548470,1200),(56,'2020-03-18',254722519818,1200),(57,'2020-03-18',254716537126,1200),(58,'2020-03-18',254721548470,1200),(59,'2020-03-18',254702023252,1200),(60,'2020-03-19',254721287069,2400),(61,'2020-03-19',254722408151,2400),(62,'2020-03-19',254705347304,1200),(63,'2020-03-19',254724140922,2400),(64,'2020-03-25',254722519818,1200),(65,'2020-03-25',254721548470,1200),(66,'2020-03-25',254705347304,1200),(67,'2020-04-01',254716537126,2400),(68,'2020-04-02',254721548470,1200),(69,'2020-04-02',254705347304,1300),(70,'2020-04-07',254722519818,1200),(71,'2020-04-08',254722519818,1200),(72,'2020-04-08',254716537126,1200),(73,'2020-04-08',254721548470,1200),(74,'2020-04-08',254724140922,3600),(75,'2020-04-08',254705347304,1200),(76,'2020-04-10',254726656705,3000),(77,'2020-04-15',254722519818,1200),(78,'2020-04-16',254705347304,1200),(79,'2020-04-22',254722519818,1200),(80,'2020-04-25',254721548470,2400),(81,'2020-04-29',254722519818,1200),(82,'2020-04-29',254716537126,1200),(83,'2020-04-29',254721548470,1200),(84,'2020-04-30',254728852001,3000),(85,'2020-05-06',254722519818,1200),(86,'2020-05-06',254716537126,1200),(87,'2020-05-07',254724240976,3000),(88,'2020-05-07',254705690377,3000),(89,'2020-05-07',254724785900,3000),(90,'2020-05-07',254726606970,3000),(91,'2020-05-07',254720710817,3000),(92,'2020-05-07',254723988040,3000),(93,'2020-05-07',254722886339,3000),(94,'2020-05-07',254720325318,3000),(95,'2020-05-08',254721548470,1200),(96,'2020-05-08',254725636288,3000),(97,'2020-05-08',254723626469,3000),(98,'2020-05-11',254720799233,3000),(99,'2020-05-11',254769485534,3000),(100,'2020-05-12',254705524273,1000),(101,'2020-05-13',254705690377,1200),(102,'2020-05-13',254722519818,1200),(103,'2020-05-13',254716537126,1200),(104,'2020-05-14',254721548470,1200),(105,'2020-05-15',254724630901,3000),(106,'2020-05-15',254713015465,3000),(107,'2020-05-15',254729866572,3000),(108,'2020-05-20',254705690377,1200),(109,'2020-05-20',254722519818,1200),(110,'2020-05-20',254718666982,3000),(111,'2020-05-20',254721548470,1200),(112,'2020-05-20',254716537126,1200),(113,'2020-05-20',254718666982,1200),(114,'2020-05-21',254795807000,3000),(115,'2020-05-26',254721582142,3000),(116,'2020-05-27',254723130351,3000),(117,'2020-05-27',254721452903,3000),(118,'2020-05-27',254721120535,3000),(119,'2020-05-27',254705690377,1200),(120,'2020-05-27',254702023252,1200),(121,'2020-05-27',254716537126,1200),(122,'2020-05-27',254722519818,1200),(123,'2020-05-27',254721548470,1200),(124,'2020-05-27',254718666982,1200),(125,'2020-05-28',254716661306,3000),(126,'2020-05-28',254712789592,1000),(127,'2020-05-30',254703350319,3000),(128,'2020-06-03',254725731608,3000),(129,'2020-06-03',254721548470,1200),(130,'2020-06-03',254716537126,1200),(131,'2020-06-03',254724478515,5000),(132,'2020-06-03',254721452903,1200),(133,'2020-06-04',254721120535,1200),(134,'2020-06-10',254721548470,1200),(135,'2020-06-10',254716537126,1200),(136,'2020-06-10',254724478515,5000),(137,'2020-06-11',254722519818,1200),(138,'2020-06-12',254719529522,3000),(139,'2020-06-15',254727483094,3000),(140,'2020-06-17',254716537126,1200),(141,'2020-06-18',254724478515,5000),(142,'2020-06-18',254722519818,1200),(143,'2020-06-19',254728910094,3000),(144,'2020-06-19',254721548470,1200),(145,'2020-06-20',254718666982,2400),(146,'2020-06-24',254716537126,1200),(147,'2020-06-25',254701143964,200),(148,'2020-06-25',254721548470,1200),(149,'2020-06-26',254714977872,3000),(150,'2020-06-30',254722519818,1200),(151,'2020-06-30',254714867527,3000),(152,'2020-07-01',254716537126,1200),(153,'2020-07-01',254724478515,3600),(154,'2020-07-03',254721548470,1200),(155,'2020-07-05',254722519818,1200),(156,'2020-07-07',254718666982,3600),(157,'2020-07-08',254716537126,1200),(158,'2020-07-13',254722519818,1200),(159,'2020-07-15',254716537126,1200),(160,'2020-07-16',254721548470,1200),(161,'2020-07-21',254722519818,1200),(162,'2020-07-22',254716537126,1200),(163,'2020-07-23',254718666982,2400),(164,'2020-07-23',254721548470,1200),(165,'2020-07-27',254715673326,200),(166,'2020-07-29',254721548470,1200),(167,'2020-07-30',254715673326,600),(168,'2020-07-31',254722519818,1200),(169,'2020-08-03',254715673326,1000),(170,'2020-08-06',254721548470,1200),(171,'2020-08-07',254705125965,500),(172,'2020-08-09',254718666982,4800),(173,'2020-08-10',254721209203,500),(174,'2020-08-11',254722519818,1200),(175,'2020-08-12',254721452903,3600),(176,'2020-08-12',254724140922,500),(177,'2020-08-12',254722946562,500),(178,'2020-08-12',254721548470,1200),(179,'2020-08-12',254702023252,1200),(180,'2020-08-12',254710945201,1000),(181,'2020-08-13',254712061024,500),(182,'2020-08-14',254722519818,1200),(183,'2020-08-19',254724478515,500),(184,'2020-08-19',254722937045,500),(185,'2020-08-19',254724478515,500),(186,'2020-08-19',254721209203,500),(187,'2020-08-19',254702023252,1200),(188,'2020-08-19',254716661306,1200),(189,'2020-08-19',254722519818,1200),(190,'2020-08-19',254724140922,500),(191,'2020-08-19',254722946562,500),(192,'2020-08-19',254710304159,1000),(193,'2020-08-21',254705125965,500),(194,'2020-08-21',254712061024,550),(195,'2020-08-21',254721548470,500),(196,'2020-08-22',254710945201,1000),(197,'2020-08-22',254722408151,2000),(198,'2020-08-26',254721209203,500),(199,'2020-08-26',254716537126,500),(200,'2020-08-26',254724140922,500),(201,'2020-08-27',254724478515,500),(202,'2020-09-02',254721209203,500),(203,'2020-09-02',254715673326,500),(204,'2020-09-02',254721548470,500),(205,'2020-09-02',254722886339,500),(206,'2020-09-02',254702023252,1200),(207,'2020-09-02',254716661306,1200),(208,'2020-09-02',254716537126,500),(209,'2020-09-03',254724140922,500),(210,'2020-09-06',254722519818,500),(211,'2020-09-06',254722519818,500),(212,'2020-09-09',254721209203,500),(213,'2020-09-09',254715673326,500),(214,'2020-09-09',254702023252,1200),(215,'2020-09-09',254716661306,1200),(216,'2020-09-09',254721548470,500),(217,'2020-09-17',254721209203,500),(218,'2020-09-17',254718666982,2400),(219,'2020-09-22',254721548470,500),(220,'2020-09-23',254702023252,1200),(221,'2020-09-23',254721209203,500),(222,'2020-09-23',254716537126,500),(223,'2020-09-23',254724478515,500),(224,'2020-09-26',254721548470,500),(225,'2020-09-30',254721209203,500),(226,'2020-09-30',254721548470,500),(227,'2020-10-01',254702023252,1200),(228,'2020-10-02',254705125965,500),(229,'2020-10-02',254716661306,1200),(230,'2020-10-06',254727378828,1500),(231,'2020-10-07',254716661306,1200),(232,'2020-10-07',254721548470,500),(233,'2020-10-07',254716537126,500),(234,'2020-10-14',254722408151,1000),(235,'2020-10-14',254702023252,1200),(236,'2020-10-15',254721548470,500),(237,'2020-10-15',254727378828,1000),(238,'2020-10-21',254721548470,500),(239,'2020-10-28',254721548470,500),(240,'2020-10-31',254705125965,500);

--
-- Table structure for table `finename`
--

CREATE TABLE `finename` (
  `finenameid` int NOT NULL AUTO_INCREMENT,
  `finename` varchar(50) DEFAULT NULL,
  PRIMARY KEY (`finenameid`)
) ENGINE=InnoDB AUTO_INCREMENT=4 DEFAULT CHARSET=utf8mb4 COLLATE=utf8mb4_0900_ai_ci;

--
-- Dumping data for table `finename`
--

INSERT INTO `finename` VALUES (1,'EXCESS PASSENGER'),(2,'OBSTRUCTION'),(3,'DRUNK DRIVING');

--
-- Table structure for table `incomename`
--

CREATE TABLE `incomename` (
  `incomenameid` int NOT NULL AUTO_INCREMENT,
  `incomename` varchar(500) DEFAULT NULL,
  `incometype` varchar(50) DEFAULT NULL,
  PRIMARY KEY (`incomenameid`)
) ENGINE=InnoDB AUTO_INCREMENT=4 DEFAULT CHARSET=latin1;

--
-- Dumping data for table `incomename`
--

INSERT INTO `incomename` VALUES (1,'TRIP TOTAL','SHORT TIME'),(2,'HIRE RESERVISION','SHORT TIME'),(3,'HIRE BALANCE','SHORT TIME');

--
-- Table structure for table `loan`
--

CREATE TABLE `loan` (
  `loanid` int NOT NULL AUTO_INCREMENT,
  `loanduration` int DEFAULT NULL,
  `commencedate` date DEFAULT NULL,
  `accountnumberid` int DEFAULT NULL,
  `loanapplicationid` int DEFAULT NULL,
  `userrightsid` int DEFAULT NULL,
  `transactiondate` timestamp NULL DEFAULT NULL,
  PRIMARY KEY (`loanid`),
  KEY `accountnumberid` (`accountnumberid`),
  KEY `loanapplicationid` (`loanapplicationid`),
  KEY `userrightsid` (`userrightsid`),
  CONSTRAINT `loan_ibfk_1` FOREIGN KEY (`accountnumberid`) REFERENCES `accountnumber` (`accountnumberid`) ON UPDATE CASCADE,
  CONSTRAINT `loan_ibfk_2` FOREIGN KEY (`loanapplicationid`) REFERENCES `loanapplication` (`loanapplicationid`) ON UPDATE CASCADE,
  CONSTRAINT `loan_ibfk_3` FOREIGN KEY (`userrightsid`) REFERENCES `userrights` (`userrightsid`) ON UPDATE CASCADE
) ENGINE=InnoDB AUTO_INCREMENT=33 DEFAULT CHARSET=latin1;

--
-- Dumping data for table `loan`
--

INSERT INTO `loan` VALUES (1,12,'2021-10-06',3,1,1,'2022-01-21 22:43:48'),(2,12,'2021-05-01',5,2,1,'2022-01-21 22:49:18'),(3,12,'2021-05-01',7,4,1,'2022-01-21 22:53:18'),(4,12,'2021-05-01',8,5,1,'2022-01-21 22:54:06'),(5,12,'2021-05-01',6,3,1,'2022-01-21 22:55:49'),(6,12,'2021-05-01',9,6,1,'2022-01-21 22:58:33'),(7,12,'2020-05-01',10,7,1,'2022-01-21 23:07:42'),(8,12,'2020-05-01',11,8,1,'2022-01-21 23:09:32'),(9,12,'2020-05-01',12,9,1,'2022-01-21 23:10:30'),(10,12,'2020-05-01',13,10,1,'2022-01-21 23:11:37'),(11,12,'2020-05-01',14,11,1,'2022-01-21 23:13:26'),(12,12,'2020-05-01',15,12,1,'2022-01-21 23:14:38'),(13,12,'2020-05-01',17,13,1,'2022-01-21 23:17:32'),(14,12,'2020-05-01',18,14,1,'2022-01-21 23:18:38'),(15,12,'2020-05-01',19,15,1,'2022-01-21 23:19:41'),(16,12,'2020-05-01',20,16,1,'2022-01-21 23:22:44'),(17,12,'2020-05-01',21,17,1,'2022-01-21 23:29:45'),(18,12,'2020-05-01',22,18,1,'2022-01-21 23:30:39'),(19,12,'2020-05-01',23,19,1,'2022-01-21 23:31:16'),(20,12,'2020-05-01',24,20,1,'2022-01-21 23:32:03'),(21,12,'2020-05-01',25,21,1,'2022-01-21 23:32:50'),(22,12,'2020-05-01',27,22,1,'2022-01-21 23:33:57'),(23,12,'2020-05-01',28,23,1,'2022-01-21 23:34:43'),(24,12,'2020-05-01',29,24,1,'2022-01-21 23:35:33'),(25,12,'2020-05-01',33,25,1,'2022-01-21 23:37:04'),(26,12,'2020-05-01',37,26,1,'2022-01-21 23:39:13'),(27,12,'2020-05-01',39,27,1,'2022-01-21 23:40:21'),(28,12,'2020-05-01',40,28,1,'2022-01-21 23:40:57'),(29,12,'2020-05-01',43,29,1,'2022-01-21 23:42:11'),(30,12,'2020-05-01',51,30,1,'2022-01-21 23:46:12'),(31,12,'2020-05-01',52,31,1,'2022-01-21 23:46:57'),(32,12,'2022-03-03',44,32,1,'2022-03-04 13:09:17');

--
-- Table structure for table `loanapplication`
--

CREATE TABLE `loanapplication` (
  `loanapplicationid` int NOT NULL AUTO_INCREMENT,
  `loanamount` double(10,2) DEFAULT NULL,
  `applicationdate` date DEFAULT NULL,
  `loanduration` int DEFAULT NULL,
  `commencedate` date DEFAULT NULL,
  `loanbalance` double(10,2) DEFAULT NULL,
  `loandetailsid` int DEFAULT NULL,
  `accountnumberid` int DEFAULT NULL,
  `loantypeid` int DEFAULT NULL,
  `shareid` int DEFAULT NULL,
  `applicationstatus` varchar(20) DEFAULT NULL,
  `loanentrydetails` varchar(50) DEFAULT NULL,
  `userrightsid` int DEFAULT NULL,
  `transactiondate` timestamp NULL DEFAULT NULL,
  PRIMARY KEY (`loanapplicationid`),
  KEY `shareid` (`shareid`),
  KEY `loantypeid` (`loantypeid`),
  KEY `loandetailsid` (`loandetailsid`),
  KEY `accountnumberid` (`accountnumberid`),
  KEY `userrightsid` (`userrightsid`),
  CONSTRAINT `loanapplication_ibfk_1` FOREIGN KEY (`shareid`) REFERENCES `share` (`shareid`) ON UPDATE CASCADE,
  CONSTRAINT `loanapplication_ibfk_2` FOREIGN KEY (`loantypeid`) REFERENCES `loantype` (`loantypeid`) ON UPDATE CASCADE,
  CONSTRAINT `loanapplication_ibfk_3` FOREIGN KEY (`loandetailsid`) REFERENCES `loandetails` (`loandetailsid`) ON UPDATE CASCADE,
  CONSTRAINT `loanapplication_ibfk_4` FOREIGN KEY (`accountnumberid`) REFERENCES `accountnumber` (`accountnumberid`) ON UPDATE CASCADE,
  CONSTRAINT `loanapplication_ibfk_5` FOREIGN KEY (`userrightsid`) REFERENCES `userrights` (`userrightsid`) ON UPDATE CASCADE
) ENGINE=InnoDB AUTO_INCREMENT=34 DEFAULT CHARSET=latin1;

--
-- Dumping data for table `loanapplication`
--

INSERT INTO `loanapplication` VALUES (1,600000.00,'2021-10-06',12,'2021-10-06',600000.00,1,3,NULL,NULL,'APPROVED','DIRECT',1,'2022-01-21 22:43:10'),(2,136553.00,'2021-05-01',12,'2021-05-01',136553.00,1,5,NULL,NULL,'APPROVED','DIRECT',1,'2022-01-21 22:49:06'),(3,503177.00,'2021-05-01',12,'2021-05-01',503177.00,1,6,NULL,NULL,'APPROVED','DIRECT',1,'2022-01-21 22:51:43'),(4,525897.00,'2021-05-01',12,'2021-05-01',525897.00,1,7,NULL,NULL,'APPROVED','DIRECT',1,'2022-01-21 22:52:59'),(5,426000.00,'2021-05-01',12,'2021-05-01',426000.00,1,8,NULL,NULL,'APPROVED','DIRECT',1,'2022-01-21 22:53:50'),(6,381920.00,'2021-05-01',12,'2021-05-01',381920.00,1,9,NULL,NULL,'APPROVED','DIRECT',1,'2022-01-21 22:57:32'),(7,397700.00,'2021-05-01',12,'2020-05-01',397700.00,1,10,NULL,NULL,'APPROVED','DIRECT',1,'2022-01-21 22:59:02'),(8,415418.00,'2020-05-01',12,'2020-05-01',415418.00,1,11,NULL,NULL,'APPROVED','DIRECT',1,'2022-01-21 23:09:21'),(9,17300.00,'2020-05-01',12,'2020-05-01',17300.00,1,12,NULL,NULL,'APPROVED','DIRECT',1,'2022-01-21 23:10:21'),(10,274040.00,'2020-05-01',12,'2020-05-01',274040.00,1,13,NULL,NULL,'APPROVED','DIRECT',1,'2022-01-21 23:11:23'),(11,216478.00,'2020-05-01',12,'2020-05-01',216478.00,1,14,NULL,NULL,'APPROVED','DIRECT',1,'2022-01-21 23:13:15'),(12,230000.00,'2020-05-01',12,'2020-05-01',230000.00,1,15,NULL,NULL,'APPROVED','DIRECT',1,'2022-01-21 23:14:26'),(13,131800.00,'2020-05-01',12,'2020-05-01',131800.00,1,17,NULL,NULL,'APPROVED','DIRECT',1,'2022-01-21 23:16:46'),(14,205000.00,'2020-05-01',12,'2020-05-01',205000.00,1,18,NULL,NULL,'APPROVED','DIRECT',1,'2022-01-21 23:18:28'),(15,191000.00,'2020-05-01',12,'2020-05-01',191000.00,1,19,NULL,NULL,'APPROVED','DIRECT',1,'2022-01-21 23:19:25'),(16,23370.00,'2020-05-01',12,'2020-05-01',23370.00,1,20,NULL,NULL,'APPROVED','DIRECT',1,'2022-01-21 23:22:33'),(17,167320.00,'2020-05-01',12,'2020-05-01',167320.00,1,21,NULL,NULL,'APPROVED','DIRECT',1,'2022-01-21 23:29:37'),(18,31563.00,'2020-05-01',12,'2020-05-01',31563.00,1,22,NULL,NULL,'APPROVED','DIRECT',1,'2022-01-21 23:30:33'),(19,144000.00,'2020-05-01',12,'2020-05-01',144000.00,1,23,NULL,NULL,'APPROVED','DIRECT',1,'2022-01-21 23:31:10'),(20,141980.00,'2020-05-01',12,'2020-05-01',141980.00,1,24,NULL,NULL,'APPROVED','DIRECT',1,'2022-01-21 23:31:58'),(21,110698.00,'2020-05-01',12,'2020-05-01',110698.00,1,25,NULL,NULL,'APPROVED','DIRECT',1,'2022-01-21 23:32:44'),(22,124321.00,'2020-05-01',12,'2020-05-01',124321.00,1,27,NULL,NULL,'APPROVED','DIRECT',1,'2022-01-21 23:33:52'),(23,18037.00,'2020-05-01',12,'2020-05-01',18037.00,1,28,NULL,NULL,'APPROVED','DIRECT',1,'2022-01-21 23:34:37'),(24,94969.00,'2020-05-01',12,'2020-05-01',94969.00,1,29,NULL,NULL,'APPROVED','DIRECT',1,'2022-01-21 23:35:28'),(25,30000.00,'2020-05-01',12,'2020-05-01',30000.00,1,33,NULL,NULL,'APPROVED','DIRECT',1,'2022-01-21 23:36:55'),(26,15000.00,'2020-05-01',12,'2020-05-01',15000.00,1,37,NULL,NULL,'APPROVED','DIRECT',1,'2022-01-21 23:39:05'),(27,58126.00,'2020-05-01',12,'2020-05-01',58126.00,1,39,NULL,NULL,'APPROVED','DIRECT',1,'2022-01-21 23:40:15'),(28,15800.00,'2020-05-01',12,'2020-05-01',15800.00,1,40,NULL,NULL,'APPROVED','DIRECT',1,'2022-01-21 23:40:52'),(29,42000.00,'2020-05-01',12,'2020-05-01',42000.00,1,43,NULL,NULL,'APPROVED','DIRECT',1,'2022-01-21 23:42:04'),(30,22000.00,'2020-05-01',12,'2020-05-01',22000.00,1,51,NULL,NULL,'APPROVED','DIRECT',1,'2022-01-21 23:46:06'),(31,20000.00,'2020-05-01',12,'2020-05-01',20000.00,1,52,NULL,NULL,'APPROVED','DIRECT',1,'2022-01-21 23:46:52'),(32,90000.00,'2022-03-03',12,'2022-03-03',90000.00,1,44,NULL,NULL,'APPROVED','DIRECT',1,'2022-03-04 13:08:59'),(33,60000.00,'2021-06-05',0,'2021-06-05',0.00,6,110,NULL,NULL,'PENDING','DIRECT',1,'2022-03-16 14:07:26');

--
-- Table structure for table `loanapplicationtransaction`
--

CREATE TABLE `loanapplicationtransaction` (
  `loanapplicationtransactionid` int NOT NULL AUTO_INCREMENT,
  `loanapplicationid` int DEFAULT NULL,
  `transactionid` int DEFAULT NULL,
  `status` int DEFAULT NULL,
  `transactiondate` timestamp NOT NULL DEFAULT CURRENT_TIMESTAMP ON UPDATE CURRENT_TIMESTAMP,
  PRIMARY KEY (`loanapplicationtransactionid`),
  KEY `loanapplicationid` (`loanapplicationid`),
  KEY `transactionid` (`transactionid`),
  CONSTRAINT `loanapplicationtransaction_ibfk_1` FOREIGN KEY (`loanapplicationid`) REFERENCES `loanapplication` (`loanapplicationid`) ON UPDATE CASCADE,
  CONSTRAINT `loanapplicationtransaction_ibfk_2` FOREIGN KEY (`transactionid`) REFERENCES `transaction` (`transactionid`) ON UPDATE CASCADE
) ENGINE=InnoDB AUTO_INCREMENT=341 DEFAULT CHARSET=latin1;

--
-- Dumping data for table `loanapplicationtransaction`
--

INSERT INTO `loanapplicationtransaction` VALUES (1,1,2,NULL,'2022-01-21 22:43:48'),(2,1,3,NULL,'2022-01-21 22:43:48'),(3,1,4,NULL,'2022-01-21 22:43:48'),(4,1,5,NULL,'2022-01-21 22:43:48'),(5,2,9,NULL,'2022-01-21 22:49:19'),(6,2,10,NULL,'2022-01-21 22:49:19'),(7,2,11,NULL,'2022-01-21 22:49:19'),(8,2,12,NULL,'2022-01-21 22:49:19'),(9,4,15,NULL,'2022-01-21 22:53:18'),(10,4,16,NULL,'2022-01-21 22:53:18'),(11,4,17,NULL,'2022-01-21 22:53:19'),(12,4,18,NULL,'2022-01-21 22:53:19'),(13,5,19,NULL,'2022-01-21 22:54:06'),(14,5,20,NULL,'2022-01-21 22:54:06'),(15,5,21,NULL,'2022-01-21 22:54:06'),(16,5,22,NULL,'2022-01-21 22:54:06'),(17,3,23,NULL,'2022-01-21 22:55:49'),(18,3,24,NULL,'2022-01-21 22:55:50'),(19,3,25,NULL,'2022-01-21 22:55:50'),(20,3,26,NULL,'2022-01-21 22:55:50'),(21,6,27,NULL,'2022-01-21 22:58:33'),(22,6,28,NULL,'2022-01-21 22:58:33'),(23,6,29,NULL,'2022-01-21 22:58:33'),(24,6,30,NULL,'2022-01-21 22:58:33'),(25,7,31,NULL,'2022-01-21 23:07:42'),(26,7,32,NULL,'2022-01-21 23:07:42'),(27,7,33,NULL,'2022-01-21 23:07:42'),(28,7,34,NULL,'2022-01-21 23:07:42'),(29,8,36,NULL,'2022-01-21 23:09:32'),(30,8,37,NULL,'2022-01-21 23:09:32'),(31,8,38,NULL,'2022-01-21 23:09:32'),(32,8,39,NULL,'2022-01-21 23:09:32'),(33,9,41,NULL,'2022-01-21 23:10:30'),(34,9,42,NULL,'2022-01-21 23:10:30'),(35,9,43,NULL,'2022-01-21 23:10:30'),(36,9,44,NULL,'2022-01-21 23:10:30'),(37,10,46,NULL,'2022-01-21 23:11:37'),(38,10,47,NULL,'2022-01-21 23:11:37'),(39,10,48,NULL,'2022-01-21 23:11:37'),(40,10,49,NULL,'2022-01-21 23:11:37'),(41,11,51,NULL,'2022-01-21 23:13:26'),(42,11,52,NULL,'2022-01-21 23:13:26'),(43,11,53,NULL,'2022-01-21 23:13:26'),(44,11,54,NULL,'2022-01-21 23:13:26'),(45,12,56,NULL,'2022-01-21 23:14:38'),(46,12,57,NULL,'2022-01-21 23:14:38'),(47,12,58,NULL,'2022-01-21 23:14:38'),(48,12,59,NULL,'2022-01-21 23:14:38'),(49,13,62,NULL,'2022-01-21 23:17:32'),(50,13,63,NULL,'2022-01-21 23:17:32'),(51,13,64,NULL,'2022-01-21 23:17:32'),(52,13,65,NULL,'2022-01-21 23:17:32'),(53,14,67,NULL,'2022-01-21 23:18:38'),(54,14,68,NULL,'2022-01-21 23:18:38'),(55,14,69,NULL,'2022-01-21 23:18:38'),(56,14,70,NULL,'2022-01-21 23:18:38'),(57,15,72,NULL,'2022-01-21 23:19:41'),(58,15,73,NULL,'2022-01-21 23:19:41'),(59,15,74,NULL,'2022-01-21 23:19:41'),(60,15,75,NULL,'2022-01-21 23:19:41'),(61,16,77,NULL,'2022-01-21 23:22:44'),(62,16,78,NULL,'2022-01-21 23:22:44'),(63,16,79,NULL,'2022-01-21 23:22:44'),(64,16,80,NULL,'2022-01-21 23:22:44'),(65,17,82,NULL,'2022-01-21 23:29:45'),(66,17,83,NULL,'2022-01-21 23:29:46'),(67,17,84,NULL,'2022-01-21 23:29:46'),(68,17,85,NULL,'2022-01-21 23:29:46'),(69,18,87,NULL,'2022-01-21 23:30:39'),(70,18,88,NULL,'2022-01-21 23:30:39'),(71,18,89,NULL,'2022-01-21 23:30:39'),(72,18,90,NULL,'2022-01-21 23:30:39'),(73,19,92,NULL,'2022-01-21 23:31:17'),(74,19,93,NULL,'2022-01-21 23:31:17'),(75,19,94,NULL,'2022-01-21 23:31:17'),(76,19,95,NULL,'2022-01-21 23:31:17'),(77,20,97,NULL,'2022-01-21 23:32:03'),(78,20,98,NULL,'2022-01-21 23:32:03'),(79,20,99,NULL,'2022-01-21 23:32:03'),(80,20,100,NULL,'2022-01-21 23:32:03'),(81,21,102,NULL,'2022-01-21 23:32:50'),(82,21,103,NULL,'2022-01-21 23:32:50'),(83,21,104,NULL,'2022-01-21 23:32:50'),(84,21,105,NULL,'2022-01-21 23:32:50'),(85,22,108,NULL,'2022-01-21 23:33:57'),(86,22,109,NULL,'2022-01-21 23:33:57'),(87,22,110,NULL,'2022-01-21 23:33:57'),(88,22,111,NULL,'2022-01-21 23:33:57'),(89,23,113,NULL,'2022-01-21 23:34:43'),(90,23,114,NULL,'2022-01-21 23:34:43'),(91,23,115,NULL,'2022-01-21 23:34:43'),(92,23,116,NULL,'2022-01-21 23:34:43'),(93,24,117,NULL,'2022-01-21 23:35:33'),(94,24,118,NULL,'2022-01-21 23:35:33'),(95,24,119,NULL,'2022-01-21 23:35:33'),(96,24,120,NULL,'2022-01-21 23:35:33'),(97,25,123,NULL,'2022-01-21 23:37:04'),(98,25,124,NULL,'2022-01-21 23:37:04'),(99,25,125,NULL,'2022-01-21 23:37:04'),(100,25,126,NULL,'2022-01-21 23:37:04'),(101,26,130,NULL,'2022-01-21 23:39:13'),(102,26,131,NULL,'2022-01-21 23:39:13'),(103,26,132,NULL,'2022-01-21 23:39:13'),(104,26,133,NULL,'2022-01-21 23:39:13'),(105,27,135,NULL,'2022-01-21 23:40:22'),(106,27,136,NULL,'2022-01-21 23:40:22'),(107,27,137,NULL,'2022-01-21 23:40:22'),(108,27,138,NULL,'2022-01-21 23:40:22'),(109,28,140,NULL,'2022-01-21 23:40:57'),(110,28,141,NULL,'2022-01-21 23:40:57'),(111,28,142,NULL,'2022-01-21 23:40:57'),(112,28,143,NULL,'2022-01-21 23:40:57'),(113,29,146,NULL,'2022-01-21 23:42:11'),(114,29,147,NULL,'2022-01-21 23:42:11'),(115,29,148,NULL,'2022-01-21 23:42:11'),(116,29,149,NULL,'2022-01-21 23:42:11'),(117,30,158,NULL,'2022-01-21 23:46:12'),(118,30,159,NULL,'2022-01-21 23:46:12'),(119,30,160,NULL,'2022-01-21 23:46:12'),(120,30,161,NULL,'2022-01-21 23:46:12'),(121,31,163,NULL,'2022-01-21 23:46:58'),(122,31,164,NULL,'2022-01-21 23:46:58'),(123,31,165,NULL,'2022-01-21 23:46:58'),(124,31,166,NULL,'2022-01-21 23:46:58'),(125,1,178,NULL,'2022-01-22 00:11:09'),(126,2,179,NULL,'2022-01-22 00:11:43'),(127,3,180,NULL,'2022-01-22 00:12:00'),(128,3,181,NULL,'2022-01-22 00:12:18'),(129,3,182,NULL,'2022-01-22 00:12:26'),(130,3,183,NULL,'2022-01-22 00:12:35'),(131,3,184,NULL,'2022-01-22 00:12:42'),(132,4,185,NULL,'2022-01-22 00:13:14'),(133,7,186,NULL,'2022-01-22 00:13:51'),(134,7,187,NULL,'2022-01-22 00:13:58'),(135,7,188,NULL,'2022-01-22 00:14:05'),(136,7,189,NULL,'2022-01-22 00:14:12'),(137,10,190,NULL,'2022-01-22 00:14:34'),(138,10,191,NULL,'2022-01-22 00:14:43'),(139,10,192,NULL,'2022-01-22 00:14:53'),(140,10,193,NULL,'2022-01-22 00:14:59'),(141,10,194,NULL,'2022-01-22 00:15:06'),(142,12,195,NULL,'2022-01-22 00:15:35'),(143,12,196,NULL,'2022-01-22 00:15:41'),(144,12,197,NULL,'2022-01-22 00:15:49'),(145,12,198,NULL,'2022-01-22 00:15:57'),(146,12,199,NULL,'2022-01-22 00:16:06'),(147,12,200,NULL,'2022-01-22 00:16:13'),(148,13,201,NULL,'2022-01-22 00:16:31'),(149,13,202,NULL,'2022-01-22 00:16:38'),(150,15,203,NULL,'2022-01-22 00:16:59'),(151,15,204,NULL,'2022-01-22 00:17:08'),(152,19,205,NULL,'2022-01-22 00:17:23'),(153,22,206,NULL,'2022-01-22 00:17:41'),(154,22,207,NULL,'2022-01-22 00:17:47'),(155,22,208,NULL,'2022-01-22 00:17:53'),(156,22,209,NULL,'2022-01-22 00:17:59'),(157,24,210,NULL,'2022-01-22 00:18:17'),(158,24,211,NULL,'2022-01-22 00:18:28'),(159,24,212,NULL,'2022-01-22 00:18:41'),(160,30,213,NULL,'2022-01-22 00:19:07'),(161,1,214,NULL,'2022-01-22 00:41:43'),(162,1,215,NULL,'2022-01-22 00:41:46'),(163,2,216,NULL,'2022-01-22 00:56:19'),(164,4,217,NULL,'2022-01-22 02:08:45'),(165,4,218,NULL,'2022-01-22 02:08:49'),(166,4,219,NULL,'2022-01-22 02:08:53'),(167,4,220,NULL,'2022-01-22 02:08:57'),(168,4,221,NULL,'2022-01-22 02:09:04'),(169,5,222,NULL,'2022-01-22 02:12:03'),(170,5,223,NULL,'2022-01-22 02:12:09'),(171,5,224,NULL,'2022-01-22 02:12:14'),(172,5,225,NULL,'2022-01-22 02:12:19'),(173,5,226,NULL,'2022-01-22 02:12:23'),(174,5,227,NULL,'2022-01-22 02:12:32'),(175,5,228,NULL,'2022-01-22 02:12:37'),(176,5,229,NULL,'2022-01-22 02:12:48'),(177,6,230,NULL,'2022-01-22 05:13:34'),(178,6,231,NULL,'2022-01-22 05:13:39'),(179,6,232,NULL,'2022-01-22 05:13:44'),(180,6,233,NULL,'2022-01-22 05:13:48'),(181,6,234,NULL,'2022-01-22 05:14:03'),(182,6,235,NULL,'2022-01-22 05:14:07'),(183,6,236,NULL,'2022-01-22 05:14:11'),(184,6,237,NULL,'2022-01-22 05:14:16'),(185,11,238,NULL,'2022-01-22 05:26:21'),(186,11,239,NULL,'2022-01-22 05:26:34'),(187,11,240,NULL,'2022-01-22 05:26:37'),(188,11,241,NULL,'2022-01-22 05:26:40'),(189,11,242,NULL,'2022-01-22 05:26:44'),(190,11,243,NULL,'2022-01-22 05:26:46'),(191,11,244,NULL,'2022-01-22 05:26:49'),(192,11,245,NULL,'2022-01-22 05:26:51'),(193,13,246,NULL,'2022-01-22 05:28:26'),(194,13,247,NULL,'2022-01-22 05:28:32'),(195,14,248,NULL,'2022-01-22 05:29:29'),(196,14,249,NULL,'2022-01-22 05:29:33'),(197,14,250,NULL,'2022-01-22 05:29:36'),(198,14,251,NULL,'2022-01-22 05:29:39'),(199,14,252,NULL,'2022-01-22 05:29:42'),(200,14,253,NULL,'2022-01-22 05:29:45'),(201,14,254,NULL,'2022-01-22 05:29:49'),(202,14,255,NULL,'2022-01-22 05:29:51'),(203,15,256,NULL,'2022-01-22 05:32:26'),(204,15,257,NULL,'2022-01-22 05:32:29'),(205,15,258,NULL,'2022-01-22 05:32:34'),(206,15,259,NULL,'2022-01-22 05:32:37'),(207,16,260,NULL,'2022-01-22 05:35:59'),(208,17,261,NULL,'2022-01-22 05:36:32'),(209,17,262,NULL,'2022-01-22 05:36:35'),(210,17,263,NULL,'2022-01-22 05:36:38'),(211,17,264,NULL,'2022-01-22 05:36:41'),(212,17,265,NULL,'2022-01-22 05:36:43'),(213,17,266,NULL,'2022-01-22 05:36:46'),(214,18,267,NULL,'2022-01-22 05:38:36'),(215,18,268,NULL,'2022-01-22 05:38:42'),(216,19,269,NULL,'2022-01-22 05:39:18'),(217,20,270,NULL,'2022-01-22 05:39:53'),(218,20,271,NULL,'2022-01-22 05:39:57'),(219,20,272,NULL,'2022-01-22 05:40:03'),(220,23,273,NULL,'2022-01-22 05:40:52'),(221,23,274,NULL,'2022-01-22 05:40:56'),(222,24,275,NULL,'2022-01-22 05:41:35'),(223,24,276,NULL,'2022-01-22 05:41:39'),(224,24,277,NULL,'2022-01-22 05:41:43'),(225,24,278,NULL,'2022-01-22 05:41:46'),(226,25,279,NULL,'2022-01-22 05:42:47'),(227,25,280,NULL,'2022-01-22 05:42:51'),(228,25,281,NULL,'2022-01-22 05:42:54'),(229,27,282,NULL,'2022-01-22 05:43:41'),(230,27,283,NULL,'2022-01-22 05:43:44'),(231,27,284,NULL,'2022-01-22 05:43:46'),(232,27,285,NULL,'2022-01-22 05:43:49'),(233,27,286,NULL,'2022-01-22 05:43:51'),(234,27,287,NULL,'2022-01-22 05:43:53'),(235,27,288,NULL,'2022-01-22 05:43:56'),(236,27,289,NULL,'2022-01-22 05:43:59'),(237,27,290,NULL,'2022-01-22 05:44:01'),(238,28,291,NULL,'2022-01-22 05:46:10'),(239,28,292,NULL,'2022-01-22 05:46:14'),(240,28,293,NULL,'2022-01-22 05:46:18'),(241,29,294,NULL,'2022-01-22 05:47:17'),(242,29,295,NULL,'2022-01-22 05:47:21'),(243,29,296,NULL,'2022-01-22 05:47:24'),(244,29,297,NULL,'2022-01-22 05:47:27'),(245,30,298,NULL,'2022-01-22 05:48:41'),(246,30,299,NULL,'2022-01-22 05:48:45'),(247,30,300,NULL,'2022-01-22 05:48:48'),(248,30,301,NULL,'2022-01-22 05:48:50'),(249,30,302,NULL,'2022-01-22 05:48:53'),(250,31,303,NULL,'2022-01-22 05:50:03'),(251,31,304,NULL,'2022-01-22 05:50:06'),(252,31,305,NULL,'2022-01-22 05:50:09'),(253,31,306,NULL,'2022-01-22 05:50:11'),(254,31,307,NULL,'2022-01-22 05:50:14'),(255,31,308,NULL,'2022-01-22 05:50:16'),(256,31,309,NULL,'2022-01-22 05:50:19'),(257,31,310,NULL,'2022-01-22 05:50:21'),(258,12,487,NULL,'2022-02-26 14:33:29'),(259,2,555,NULL,'2022-02-27 12:40:47'),(260,3,556,NULL,'2022-02-27 12:46:18'),(261,4,557,NULL,'2022-02-27 12:54:03'),(262,6,558,NULL,'2022-02-27 13:01:39'),(263,8,559,NULL,'2022-02-27 13:17:19'),(264,8,560,NULL,'2022-02-27 13:17:53'),(265,9,561,NULL,'2022-02-27 13:20:52'),(266,9,562,NULL,'2022-02-27 13:23:42'),(267,11,563,NULL,'2022-02-27 13:31:26'),(268,11,564,NULL,'2022-02-27 13:35:45'),(269,13,565,NULL,'2022-02-27 13:40:25'),(270,13,566,NULL,'2022-02-27 13:41:08'),(271,13,567,NULL,'2022-02-27 13:42:09'),(272,15,568,NULL,'2022-02-27 13:46:35'),(273,15,569,NULL,'2022-02-27 13:47:18'),(276,12,626,NULL,'2022-03-02 12:09:12'),(277,10,634,NULL,'2022-03-02 12:14:53'),(278,12,655,NULL,'2022-03-02 12:35:54'),(279,22,676,NULL,'2022-03-02 12:50:31'),(280,2,725,NULL,'2022-03-02 13:40:09'),(281,22,822,NULL,'2022-03-03 09:48:30'),(282,4,841,NULL,'2022-03-03 09:55:39'),(283,12,849,NULL,'2022-03-03 10:03:41'),(284,2,866,NULL,'2022-03-03 13:15:00'),(285,32,878,NULL,'2022-03-04 13:09:18'),(286,32,879,NULL,'2022-03-04 13:09:19'),(287,32,880,NULL,'2022-03-04 13:09:20'),(288,32,881,NULL,'2022-03-04 13:09:21'),(289,4,921,NULL,'2022-03-04 13:52:31'),(290,1,942,NULL,'2022-03-04 13:59:40'),(291,12,961,NULL,'2022-03-04 14:09:10'),(292,NULL,994,NULL,'2022-03-05 07:15:47'),(293,4,1023,NULL,'2022-03-05 15:10:20'),(294,1,1033,NULL,'2022-03-05 15:13:04'),(295,2,1078,NULL,'2022-03-05 15:30:30'),(296,12,1082,NULL,'2022-03-05 15:31:25'),(297,NULL,1085,NULL,'2022-03-07 06:34:03'),(298,1,1093,NULL,'2022-03-07 08:54:25'),(299,8,1105,NULL,'2022-03-07 08:59:30'),(300,12,1146,NULL,'2022-03-07 09:18:16'),(301,12,1154,NULL,'2022-03-07 09:32:31'),(302,22,1175,NULL,'2022-03-07 13:43:17'),(303,2,1262,NULL,'2022-03-07 14:39:21'),(304,8,1318,NULL,'2022-03-08 13:01:50'),(305,1,1345,NULL,'2022-03-08 13:36:25'),(306,2,1353,NULL,'2022-03-08 13:42:01'),(307,2,1354,NULL,'2022-03-08 13:42:27'),(308,12,1366,NULL,'2022-03-08 14:27:38'),(309,NULL,1380,NULL,'2022-03-08 14:31:33'),(310,22,1396,NULL,'2022-03-08 14:37:47'),(311,4,1421,NULL,'2022-03-09 12:02:50'),(312,1,1467,NULL,'2022-03-09 12:21:00'),(313,12,1484,NULL,'2022-03-09 12:35:38'),(314,NULL,1505,NULL,'2022-03-09 12:44:08'),(315,2,1521,NULL,'2022-03-09 12:54:38'),(316,22,1530,NULL,'2022-03-09 12:57:57'),(317,4,1609,NULL,'2022-03-10 12:44:39'),(318,1,1622,NULL,'2022-03-10 12:57:20'),(319,12,1649,NULL,'2022-03-10 13:09:13'),(320,NULL,1661,NULL,'2022-03-10 13:15:38'),(321,2,1685,NULL,'2022-03-10 13:50:27'),(322,4,1731,NULL,'2022-03-11 13:41:06'),(323,1,1746,NULL,'2022-03-11 13:44:35'),(324,12,1769,NULL,'2022-03-11 13:50:57'),(325,NULL,1776,NULL,'2022-03-11 13:52:49'),(326,8,1841,NULL,'2022-03-14 13:13:43'),(327,4,1852,NULL,'2022-03-14 13:17:22'),(328,22,1859,NULL,'2022-03-14 13:21:13'),(329,1,1871,NULL,'2022-03-14 13:24:20'),(330,12,1902,NULL,'2022-03-14 13:42:17'),(331,NULL,1911,NULL,'2022-03-14 13:46:05'),(332,4,1987,NULL,'2022-03-15 13:25:30'),(333,22,1996,NULL,'2022-03-15 13:27:41'),(334,12,2023,NULL,'2022-03-15 14:10:40'),(335,NULL,2033,NULL,'2022-03-15 19:51:36'),(336,8,2070,NULL,'2022-03-16 12:40:36'),(337,4,2083,NULL,'2022-03-16 12:48:42'),(338,22,2094,NULL,'2022-03-16 12:52:42'),(339,12,2125,NULL,'2022-03-16 13:10:45'),(340,NULL,2138,NULL,'2022-03-16 13:17:40');

--
-- Table structure for table `loandetails`
--

CREATE TABLE `loandetails` (
  `loandetailsid` int NOT NULL AUTO_INCREMENT,
  `multiplier` double(10,1) DEFAULT NULL,
  `maxrepaymentperiod` int DEFAULT NULL,
  `maxborrowamount` double(10,2) DEFAULT NULL,
  `numberofguarantors` int DEFAULT NULL,
  `percentageofshares` double(10,2) DEFAULT NULL,
  `loantypeid` int DEFAULT NULL,
  `shareid` int DEFAULT NULL,
  `ratesid` int DEFAULT NULL,
  `status` int DEFAULT NULL,
  `userrightsid` int DEFAULT NULL,
  `transactiondate` timestamp NULL DEFAULT NULL,
  PRIMARY KEY (`loandetailsid`),
  KEY `loantypeid` (`loantypeid`),
  KEY `shareid` (`shareid`),
  KEY `ratesid` (`ratesid`),
  KEY `userrightsid` (`userrightsid`),
  CONSTRAINT `loandetails_ibfk_1` FOREIGN KEY (`loantypeid`) REFERENCES `loantype` (`loantypeid`) ON UPDATE CASCADE,
  CONSTRAINT `loandetails_ibfk_2` FOREIGN KEY (`shareid`) REFERENCES `share` (`shareid`) ON UPDATE CASCADE,
  CONSTRAINT `loandetails_ibfk_3` FOREIGN KEY (`ratesid`) REFERENCES `rates` (`ratesid`) ON UPDATE CASCADE,
  CONSTRAINT `loandetails_ibfk_4` FOREIGN KEY (`userrightsid`) REFERENCES `userrights` (`userrightsid`) ON UPDATE CASCADE
) ENGINE=InnoDB AUTO_INCREMENT=7 DEFAULT CHARSET=latin1;

--
-- Dumping data for table `loandetails`
--

INSERT INTO `loandetails` VALUES (1,1.5,12,100000.00,2,100.00,NULL,NULL,1,1,NULL,NULL),(2,1.5,12,200000.00,3,100.00,NULL,NULL,2,1,NULL,NULL),(3,1.5,12,100000.00,3,100.00,NULL,NULL,3,1,NULL,NULL),(4,1.5,6,50000.00,3,100.00,NULL,NULL,4,1,NULL,NULL),(5,1.5,6,50000.00,3,100.00,NULL,NULL,5,1,NULL,NULL),(6,1.5,6,1000000.00,3,100.00,NULL,NULL,6,1,NULL,NULL);

--
-- Table structure for table `loanguarantor`
--

CREATE TABLE `loanguarantor` (
  `loanguarantorid` int NOT NULL AUTO_INCREMENT,
  `loanapplicationid` int DEFAULT NULL,
  `accountnumberid` int DEFAULT NULL,
  `userrightsid` int DEFAULT NULL,
  `transactiondate` timestamp NULL DEFAULT NULL,
  PRIMARY KEY (`loanguarantorid`),
  KEY `loanapplicationid` (`loanapplicationid`),
  KEY `accountnumberid` (`accountnumberid`),
  KEY `userrightsid` (`userrightsid`),
  CONSTRAINT `loanguarantor_ibfk_1` FOREIGN KEY (`loanapplicationid`) REFERENCES `loanapplication` (`loanapplicationid`) ON UPDATE CASCADE,
  CONSTRAINT `loanguarantor_ibfk_2` FOREIGN KEY (`accountnumberid`) REFERENCES `accountnumber` (`accountnumberid`) ON UPDATE CASCADE,
  CONSTRAINT `loanguarantor_ibfk_3` FOREIGN KEY (`userrightsid`) REFERENCES `userrights` (`userrightsid`) ON UPDATE CASCADE
) ENGINE=InnoDB AUTO_INCREMENT=34 DEFAULT CHARSET=latin1;

--
-- Dumping data for table `loanguarantor`
--

INSERT INTO `loanguarantor` VALUES (1,1,1,1,'2022-01-21 22:43:10'),(2,2,1,1,'2022-01-21 22:49:06'),(3,3,1,1,'2022-01-21 22:51:44'),(4,4,1,1,'2022-01-21 22:52:59'),(5,5,1,1,'2022-01-21 22:53:50'),(6,6,1,1,'2022-01-21 22:57:32'),(7,7,1,1,'2022-01-21 22:59:02'),(8,8,1,1,'2022-01-21 23:09:21'),(9,9,1,1,'2022-01-21 23:10:21'),(10,10,1,1,'2022-01-21 23:11:23'),(11,11,1,1,'2022-01-21 23:13:15'),(12,12,1,1,'2022-01-21 23:14:26'),(13,13,1,1,'2022-01-21 23:16:46'),(14,14,1,1,'2022-01-21 23:18:28'),(15,15,1,1,'2022-01-21 23:19:25'),(16,16,1,1,'2022-01-21 23:22:33'),(17,17,1,1,'2022-01-21 23:29:37'),(18,18,1,1,'2022-01-21 23:30:33'),(19,19,1,1,'2022-01-21 23:31:10'),(20,20,1,1,'2022-01-21 23:31:58'),(21,21,1,1,'2022-01-21 23:32:44'),(22,22,1,1,'2022-01-21 23:33:52'),(23,23,1,1,'2022-01-21 23:34:37'),(24,24,1,1,'2022-01-21 23:35:28'),(25,25,1,1,'2022-01-21 23:36:55'),(26,26,1,1,'2022-01-21 23:39:05'),(27,27,1,1,'2022-01-21 23:40:15'),(28,28,1,1,'2022-01-21 23:40:52'),(29,29,1,1,'2022-01-21 23:42:04'),(30,30,1,1,'2022-01-21 23:46:06'),(31,31,1,1,'2022-01-21 23:46:52'),(32,32,1,1,'2022-03-04 13:08:59'),(33,33,1,1,'2022-03-16 14:07:28');

--
-- Table structure for table `loantype`
--

CREATE TABLE `loantype` (
  `loantypeid` int NOT NULL AUTO_INCREMENT,
  `loanname` varchar(50) DEFAULT NULL,
  PRIMARY KEY (`loantypeid`)
) ENGINE=InnoDB AUTO_INCREMENT=7 DEFAULT CHARSET=latin1;

--
-- Dumping data for table `loantype`
--

INSERT INTO `loantype` VALUES (1,'INDIVIDUAL LOAN'),(2,'EMERGENCY LOAN'),(3,'SCHOOL LOAN'),(4,'QUICK FIX LOAN'),(5,'ADVANCE LOAN'),(6,'STAFF LOAN');

--
-- Table structure for table `manageraccount`
--

CREATE TABLE `manageraccount` (
  `manageraccountid` int NOT NULL AUTO_INCREMENT,
  `amount` double(10,2) DEFAULT NULL,
  `dated` date DEFAULT NULL,
  `userrightsid` int DEFAULT NULL,
  `transactiondate` timestamp NULL DEFAULT NULL,
  PRIMARY KEY (`manageraccountid`),
  KEY `userrightsid` (`userrightsid`)
) ENGINE=MyISAM DEFAULT CHARSET=latin1;

--
-- Dumping data for table `manageraccount`
--


--
-- Table structure for table `messageque`
--

CREATE TABLE `messageque` (
  `messagequeid` int NOT NULL AUTO_INCREMENT,
  `dated` timestamp NOT NULL DEFAULT CURRENT_TIMESTAMP ON UPDATE CURRENT_TIMESTAMP,
  `personid` int DEFAULT NULL,
  `textmessageid` int DEFAULT NULL,
  `sentstatus` int DEFAULT NULL,
  `cancelstatus` int DEFAULT NULL,
  PRIMARY KEY (`messagequeid`),
  KEY `personid` (`personid`),
  KEY `textmessageid` (`textmessageid`),
  CONSTRAINT `messageque_ibfk_1` FOREIGN KEY (`personid`) REFERENCES `person` (`personid`) ON UPDATE CASCADE,
  CONSTRAINT `messageque_ibfk_2` FOREIGN KEY (`textmessageid`) REFERENCES `textmessage` (`textmessageid`) ON UPDATE CASCADE
) ENGINE=InnoDB DEFAULT CHARSET=latin1;

--
-- Dumping data for table `messageque`
--


--
-- Table structure for table `office`
--

CREATE TABLE `office` (
  `officeid` int NOT NULL AUTO_INCREMENT,
  `officename` varchar(200) DEFAULT NULL,
  PRIMARY KEY (`officeid`)
) ENGINE=InnoDB AUTO_INCREMENT=5 DEFAULT CHARSET=utf8mb4 COLLATE=utf8mb4_0900_ai_ci;

--
-- Dumping data for table `office`
--

INSERT INTO `office` VALUES (1,'MAIN OFFICE'),(2,'EMBU'),(3,'KIANJOKOMA'),(4,'RUNNYENJES');

--
-- Table structure for table `payslipitem`
--

CREATE TABLE `payslipitem` (
  `payslipitemid` int NOT NULL AUTO_INCREMENT,
  `itemname` varchar(50) DEFAULT NULL,
  `earndeduct` varchar(20) DEFAULT NULL,
  PRIMARY KEY (`payslipitemid`)
) ENGINE=InnoDB DEFAULT CHARSET=latin1;

--
-- Dumping data for table `payslipitem`
--


--
-- Table structure for table `period`
--

CREATE TABLE `period` (
  `periodid` int NOT NULL AUTO_INCREMENT,
  `startdate` date DEFAULT NULL,
  `enddate` date DEFAULT NULL,
  `status` int DEFAULT NULL,
  PRIMARY KEY (`periodid`)
) ENGINE=InnoDB DEFAULT CHARSET=latin1;

--
-- Dumping data for table `period`
--


--
-- Table structure for table `person`
--

CREATE TABLE `person` (
  `personid` int NOT NULL AUTO_INCREMENT,
  `fname` varchar(45) DEFAULT NULL,
  `sname` varchar(45) DEFAULT NULL,
  `tname` varchar(45) DEFAULT NULL,
  `idno` varchar(45) DEFAULT NULL,
  `phone1` varchar(45) DEFAULT NULL,
  `phone2` varchar(45) DEFAULT NULL,
  `photo` text,
  `emailaddress` varchar(50) DEFAULT NULL,
  `memberno` varchar(10) DEFAULT NULL,
  `gender` varchar(10) DEFAULT NULL,
  `createdon` datetime DEFAULT NULL,
  `residence` varchar(255) DEFAULT NULL,
  PRIMARY KEY (`personid`)
) ENGINE=InnoDB AUTO_INCREMENT=112 DEFAULT CHARSET=latin1;

--
-- Dumping data for table `person`
--

INSERT INTO `person` VALUES (1,'PETER','NYAGA','MUNGAI','10797492','0707074866',NULL,'C:UsershicanDocumentsKemosacco10797492.jpg','x','1','M',NULL,'KIANOKOMA'),(2,'ORESTE','NJERU','KAGORI','2','0721361763',NULL,'C:UsershicanDocumentsKemosacco2.jpg','x','2','M',NULL,'KIANJOKOMA'),(3,'HENRY','NJAGI','RUTERE','3','0710965592',NULL,'C:UsershicanDocumentsKemosacco3.jpg','x','3','M',NULL,'KIANJOKOMA'),(4,'EMILIO','NJERU','GITONGA','4','0721458296',NULL,'C:UsershicanDocumentsKemosacco4.jpg','x','4','M',NULL,'KIANJOKOMA'),(5,'MOSES','MWANIKI','KARIUKI','5','0720875777',NULL,'C:UsershicanDocumentsKemosacco5.jpg','x','5','M',NULL,'KIANJOKOMA'),(6,'JOHANA','MWANIKI','KINYUA','6','0726341511',NULL,'C:UsershicanDocumentsKemosacco6.jpg','x','6','M',NULL,'KIANJOKOMA'),(7,'STANLEY','MVUNGU','NYAGA','7','0724174535',NULL,'C:UsershicanDocumentsKemosacco7.jpg','x','7','M',NULL,'KIANJOKOMA'),(8,'PATRICK','NJUE','MBOGO','8','0725906671',NULL,'C:UsershicanDocumentsKemosacco8.jpg','X','8','M',NULL,'KIANJOKOMA'),(9,'PETER','NJOROGE','MWANIKI','9','0712554631',NULL,'C:UsershicanDocumentsKemosacco9.jpg','X','9','M',NULL,'KIANJOKOMA'),(10,'JOSEPH','MUNYI','KIVUTI','10','0721364481',NULL,'C:UsershicanDocumentsKemosacco10.jpg','X','10','M',NULL,'KIANJOKOMA'),(11,'ELIAS','NJIRU','MUTWIRI','11','0710126880',NULL,'C:UsershicanDocumentsKemosacco11.jpg','X','11','M',NULL,'KIANJOKOMA'),(12,'TIMOTHY','NJUE','NJOKA','10059761','0712733602',NULL,'C:UsershicanDocumentsKemosacco12.jpg','x','12','M',NULL,'KIANJOKOMA'),(13,'JAMES','NYAGA','KARIUKI','13','0701511903',NULL,'C:UsershicanDocumentsKemosacco13.jpg','x','13','M',NULL,'KIANJOKOMA'),(14,'NICHASIUS','KANGARA','NYAGA','14','0721753118',NULL,'C:UsershicanDocumentsKemosacco14.jpg','x','14','M',NULL,'KIANJOKOMA'),(15,'NEPHAT','IRERI','HENRY','15','0712808222',NULL,'C:UsershicanDocumentsKemosacco15.jpg','x','15','M',NULL,'KIANJOKOMA'),(16,'BONIFACE','NYAGA','MURIITHI','16','0726541744',NULL,'C:UsershicanDocumentsKemosacco16.jpg','X','16','M',NULL,'KIANJOKOMA'),(17,'ALOYSIUS ','','MWANGI','17','0724682927',NULL,'C:UsershicanDocumentsKemosacco17.jpg','X','17','M',NULL,'KIANJOKOMA'),(18,'MARTIN','NJAGI','NGURE','18','0711520087',NULL,'C:UsershicanDocumentsKemosacco18.jpg','X','18','M',NULL,'KIANJOKOMA'),(19,'NDWIGA','MURUAMBUSI','MURANGIRI','19','0725883958',NULL,'C:UsershicanDocumentsKemosacco19.jpg','X','19','M',NULL,'KIANJOKOMA'),(20,'JOSEPH','NJERU','MUGAMBI','20','0712696969',NULL,'C:UsershicanDocumentsKemosacco20.jpg','x','20','M',NULL,'KIANJOKOMA'),(21,'ISSAC','KIMOTHO','NJERU','21','0724391634',NULL,'C:UsershicanDocumentsKemosacco21.jpg','x','21','M',NULL,'KIANJOKOMA'),(22,'NICHOLAS','KIMUTHO','KARIUKI','22','0716509627',NULL,'C:UsershicanDocumentsKemosacco22.jpg','x','22','M',NULL,'KIANJOKOMA'),(23,'DANIEL','GEORGE','NJIRU','23','0724076376',NULL,'C:UsershicanDocumentsKemosacco23.jpg','x','23','M',NULL,'KIANJOKOMA'),(24,'EMILIO','NJUKI','KINYUA','24','0724102988',NULL,'C:UsershicanDocumentsKemosacco24.jpg','x','24','M',NULL,'KIANJOKOMA'),(25,'JACOB','GUTETA','NJUE','25','0701689784',NULL,'C:UsershicanDocumentsKemosacco25.jpg','x','25','M',NULL,'KIANJOKOMA'),(26,'JOHN','','GICOVI','26','0790103366',NULL,'C:UsershicanDocumentsKemosacco26.jpg','X','26','M',NULL,'KIANJOKOMA'),(27,'SIMON','','MUCANGI','27','0728658262',NULL,'C:UsershicanDocumentsKemosacco27.jpg','X','27','M',NULL,'KIANJOKOMA'),(28,'VINCENT','NJAGI','NTHIGA','28','0725614966',NULL,'C:UsershicanDocumentsKemosacco28.jpg','X','28','M',NULL,'KIANJOKOMA'),(29,'JAMES','CINDANO','NJUE','29','0710229696',NULL,'C:UsershicanDocumentsKemosacco29.jpg','X','29','M',NULL,'KIANJOKOMA'),(30,'NJERU','','KARANJA','30','0724260745',NULL,'C:UsershicanDocumentsKemosacco30.jpg','x','30','M',NULL,'KIANJOKOMA'),(31,'AGAPIU','N','NDWIGA','31','0723162228',NULL,'C:UsershicanDocumentsKemosacco31.jpg','x','31','M',NULL,'KIANJOKOMA'),(32,'HARRIET','A','MUKIRI','32','0721934187',NULL,'C:UsershicanDocumentsKemosacco32.jpg','x','32','M',NULL,'KIANJOKOMA'),(33,'DAVID','IRERI','RUGENDO','33','0710111840',NULL,'C:UsershicanDocumentsKemosacco33.jpg','X','33','M',NULL,'KIANJOKOMA'),(34,'SAMMY','','MUGO','34','0720411170',NULL,'C:UsershicanDocumentsKemosacco34.jpg','X','34','M',NULL,'KIANJOKOMA'),(35,'PETER','NJERU','MWANIKI','35','0783677108',NULL,'C:UsershicanDocumentsKemosacco35.jpg','X','35','M',NULL,'KIANJOKOMA'),(36,'HARRISON','','MURIITHI','36','0736364691',NULL,'C:UsershicanDocumentsKemosacco38.jpg','X','36','M',NULL,'KIANJOKOMA'),(37,'PATRICK','MBOGO','GICOVI','37','0726383039',NULL,'C:UsershicanDocumentsKemosacco37.jpg','X','37','M',NULL,'KIANJOKOMA'),(39,'JUSTUS','NJAGI','KARIUKI','38','0721646845',NULL,'C:UsershicanDocumentsKemosacco38.jpg','X','38','M',NULL,'KIANJOKOMA'),(40,'JAMES','KATHUNI','MUGAMBI','39','0724998775',NULL,'C:UsershicanDocumentsKemosacco39.jpg','X','39','M',NULL,'KIANJOKOMA'),(41,'BONIFACE','','MWANIKI','40','0723058511',NULL,'C:UsershicanDocumentsKemosacco40.jpg','X','40','M',NULL,'KIANJOKOMA'),(42,'FILAVIA','NYAGA','BAUNI','41','0787566865',NULL,'C:UsershicanDocumentsKemosacco41.jpg','X','41','M',NULL,'KIANJOKOMA'),(43,'JOHN','NJUE','NJOGU','42','0724324495',NULL,'C:UsershicanDocumentsKemosacco42.jpg','X','42','M',NULL,'KIANJOKOMA'),(44,'MERGERY','NYAGA','WAWIRA','43','0713766851',NULL,'C:UsershicanDocumentsKemosacco43.jpg','X','43','M',NULL,'KIANJOKOMA'),(45,'PETER','','KAREMBU','44','0712642262',NULL,'C:UsershicanDocumentsKemosacco44.jpg','X','44','M',NULL,'KIANJOKOMA'),(46,'SILAS','MWANIKI','NJUE','45','0710560629',NULL,'C:UsershicanDocumentsKemosacco45.jpg','X','45','M',NULL,'KIANJOKOMA'),(47,'NELSON','','NYAGA','46','0721491905',NULL,'C:UsershicanDocumentsKemosacco46.jpg','X','46','M',NULL,'KIANJOKOMA'),(48,'PIUS','','NGONDI','47','0721390649',NULL,'C:UsershicanDocumentsKemosacco47.jpg','X','47','M',NULL,'KIANJOKOMA'),(49,'JUSTIN','K','MBOGO','48','0715564821',NULL,'C:UsershicanDocumentsKemosacco48.jpg','X','48','M',NULL,'KIANJOKOMA'),(50,'DAVID','','MUCHANGI','49','0720791578',NULL,'C:UsershicanDocumentsKemosacco49.jpg','X','49','M',NULL,'KIANJOKOMA'),(51,'CAESARY','','MWANIKI','50','0721843084',NULL,'C:UsershicanDocumentsKemosacco50.jpg','X','50','M',NULL,'KIANJOKOMA'),(52,'JOSEPH','','MUKUNDI','51','0712276507',NULL,'C:UsershicanDocumentsKemosacco51.jpg','X','51','M',NULL,'KIANJOKOMA'),(53,'VINCENT','','MUCHANGI','52','0786302202',NULL,'C:UsershicanDocumentsKemosacco52.jpg','X','52','M',NULL,'KIANJOKOMA'),(54,'DAVID','NJERU','MUGO','53','0721317193',NULL,'C:UsershicanDocumentsKemosacco53.jpg','X','53','M',NULL,'KIANJOKOMA'),(55,'PATRICK','','KARIUKI','54','0707055826',NULL,'C:UsershicanDocumentsKemosacco54.jpg','X','54','M',NULL,'KIANJOKOMA'),(56,'GEORGE','','NYAGA','55','0725358250',NULL,'C:UsershicanDocumentsKemosacco55.jpg','X','55','M',NULL,'KIANJOKOMA'),(57,'PATRICK','','MWANIKI','56','0724467397',NULL,'C:UsershicanDocumentsKemosacco56.jpg','X','56','M',NULL,'KIANJOKOMA'),(58,'PHINEAS','','NJIRU','57','0763602594',NULL,'C:UsershicanDocumentsKemosacco57.jpg','X','57','M',NULL,'KIANJOKOMA'),(59,'HARRISON','','WAIHENYA','58','0720955120',NULL,'C:UsershicanDocumentsKemosacco58.jpg','X','58','M',NULL,'KIANJOKOMA'),(60,'LUCAS','','GICOVI','59','0721991774',NULL,'C:UsershicanDocumentsKemosacco59.jpg','X','59','M',NULL,'KIANJOKOMA'),(61,'NAZARIO','N','DAVIS','60','0728167911',NULL,'C:UsershicanDocumentsKemosacco60.jpg','X','60','M',NULL,'KIANJOKOMA'),(62,'BONIFACE','NJIRU','MBOGO','61','0711650079',NULL,'C:UsershicanDocumentsKemosacco61.jpg','x','61','M',NULL,'KIANJOKOMA'),(63,'JOSIAH','GACIITHIRE','NTHIGA','62','0706098892',NULL,'C:UsershicanDocumentsKemosacco62.jpg','x','62','M',NULL,'KIANJOKOMA'),(64,'GILBERT','','MANASSEH','63','0720745158',NULL,'C:UsershicanDocumentsKemosacco63.jpg','x','63','M',NULL,'KIANJOKOMA'),(65,'PATRICK','NJOKA','KARIUKI','64','0716052295',NULL,'C:UsershicanDocumentsKemosacco64.jpg','x','64','M',NULL,'KIANJOKOMA'),(66,'JACKSON','KIPROTICH','YEGON','65','0724488965',NULL,'C:UsershicanDocumentsKemosacco65.jpg','x','65','M',NULL,'KIANJOKOMA'),(67,'SIMON','MUCHANGI','WAWERU','66','0724614737',NULL,'C:UsershicanDocumentsKemosacco66.jpg','x','66','M',NULL,'KIANJOKOMA'),(68,'MOSES','MBOGO','MURIITHI','67','0726332865',NULL,'C:UsershicanDocumentsKemosacco67.jpg','X','67','M',NULL,'KIANJOKOMA'),(69,'ERIC','','NJUGUNA','68','0722659513',NULL,'C:UsershicanDocumentsKemosacco68.jpg','X','68','M',NULL,'KIANJOKOMA'),(70,'SAMUEL','NJIRU','MURAGE','69','0703220409',NULL,'C:UsershicanDocumentsKemosacco69.jpg','X','69','M',NULL,'KIANJOKOMA'),(71,'AUGUSTINE','WILLY','KARIUKI','70','0721938792',NULL,'C:UsershicanDocumentsKemosacco70.jpg','X','70','M',NULL,'KIANJOKOMA'),(72,'IGNATIUS','MWITA','NJIRU','71','0705485895',NULL,'C:UsershicanDocumentsKemosacco71.jpg','X','71','M',NULL,'KIANJOKOMA'),(73,'IRENE','NYAGA','WANJIRU','72','0710172138',NULL,'C:UsershicanDocumentsKemosacco72.jpg','X','72','M',NULL,'KIANJOKOMA'),(74,'MWANIKI','.','NJERU','73','0714705299',NULL,'C:UsershicanDocumentsKemosacco73.jpg','X','73','M',NULL,'KIANJOKOMA'),(75,'EPHANTUS','NJERU','KARIUKI','74','0723996767',NULL,'C:UsershicanDocumentsKemosacco74.jpg','x','74','M',NULL,'KIANJOKOMA'),(76,'DENNIS','NJAGI','MBUGUA','75','0786535705',NULL,'C:UsershicanDocumentsKemosacco75.jpg','x','75','M',NULL,'KIANJOKOMA'),(77,'ROSEMARY','MAINA','NJERI','76','0727030931',NULL,'C:UsershicanDocumentsKemosacco76.jpg','X','76','M',NULL,'KIANJOKOMA'),(78,'NYAGA','','KIAMAGUTA','77','0712053844',NULL,'C:UsershicanDocumentsKemosacco77.jpg','X','77','M',NULL,'KIANJOKOMA'),(79,'KELVIN','','GITONGA','78','0737332623',NULL,'C:UsershicanDocumentsKemosacco78.jpg','X','78','M',NULL,'KIANJOKOMA'),(80,'FRANCISCO','NJOKA','MURIUKI','79','0724550997',NULL,'C:UsershicanDocumentsKemosacco79.jpg','X','79','M',NULL,'KIANJOKOMA'),(81,'SILAS','NJERU','MUGENDI','80','0720749669',NULL,'C:UsershicanDocumentsKemosacco80.jpg','X','80','M',NULL,'KIANJOKOMA'),(82,'ESTON','NYAGA','GITONGA','81','0701156481',NULL,'C:UsershicanDocumentsKemosacco81.jpg','X','81','M',NULL,'KIANJOKOMA'),(83,'KENNETH','','MURIITHI','82','0722106932',NULL,'C:UsershicanDocumentsKemosacco82.jpg','X','82','M',NULL,'KIANJOKOMA'),(84,'PETER','','MURIITHI','83','0720080441',NULL,'C:UsershicanDocumentsKemosacco83.jpg','X','83','M',NULL,'KIANJOKOMA'),(85,'TIMOTHY','','KARIUKI','84','0712596396',NULL,'C:UsershicanDocumentsKemosacco84.jpg','X','84','M',NULL,'KIANJOKOMA'),(86,'JOSEPH','MUNYI','KAIGA','85','0721666272',NULL,'C:UsershicanDocumentsKemosacco85.jpg','X','85','M',NULL,'KIANJOKOMA'),(87,'X1','X1','X1','86','0728167911',NULL,'C:UsershicanDocumentsKemosacco86.jpg','X','86','M',NULL,'KIANJOKOMA'),(88,'WAMBUGU','','.','87','0727218701',NULL,'C:UsershicanDocumentsKemosacco87.jpg','X','87','M',NULL,'KIANJOKOMA'),(89,'ESAU','','.','88','0721240411',NULL,'C:UsershicanDocumentsKemosacco88.jpg','X','88','M',NULL,'KIANJOKOMA'),(90,'SILAS','','KARIUKI','89','0771515776',NULL,'C:UsershicanDocumentsKemosacco89.jpg','X','89','M',NULL,'KIANJOKOMA'),(91,'X2','X2','X2','90','0728167911',NULL,'C:UsershicanDocumentsKemosacco90.jpg','X','90','M',NULL,'KIANJOKOMA'),(92,'SILVANO','','RUGENDO','91','0729046941',NULL,'C:UsershicanDocumentsKemosacco91.jpg','X','91','M',NULL,'KIANJOKOMA'),(93,'JAMES','','MWANIKI','92','0714074745',NULL,'C:UsershicanDocumentsKemosacco92.jpg','X','92','M',NULL,'KIANJOKOMA'),(94,'BOSCO','','IRERI','93','0724504255',NULL,'C:UsershicanDocumentsKemosacco93.jpg','X','93','M',NULL,'NJARIA'),(95,'LAMECK','','NYAGA','94','0711880074',NULL,'C:UsershicanDocumentsKemosacco94.jpg','X','94','M',NULL,'KIANJOKOMA'),(96,'X','X','X','95','0728167911',NULL,'C:UsershicanDocumentsKemosacco95.jpg','X','95','M',NULL,'KIANJOKOMA'),(97,'ERIC','','MURIITHI','96','0750535526',NULL,'C:UsershicanDocumentsKemosacco96.jpg','x','96','M',NULL,'KIANJOKOMA'),(98,'KAMARU','','.','97','0745487480',NULL,'C:UsershicanDocumentsKemosacco97.jpg','x','97','M',NULL,'KIANJOKOMA'),(99,'KITHINJI','','KAT 224B','98','052644572',NULL,'C:UsershicanDocumentsKemosacco98.jpg','x','98','M',NULL,'KIANJOKOMA'),(101,'SACCO','SACCO','VEHICLE','KCK567V','0707074866',NULL,'C:UsershicanDocumentsKemosaccokck567v.jpg','x','KCK567V','M',NULL,'KIANJOKOMA'),(102,'SACCO','SACCO','VEHICLE','KDA734J','0707074866',NULL,'C:UsershicanDocumentsKemosaccokda734j.jpg','x','KDA734J','M',NULL,'KIANJOKOMA'),(103,'MANAGER','MANAGER','MANAGER','0','0712733602',NULL,'C:UsershicanDocumentsKemosacco\0.jpg','x','0','M',NULL,'KIANJOKOMA'),(104,'X3','X3','X3','99','0728167911',NULL,'C:UsershicanDocumentsKemosacco99.jpg','X','99','M',NULL,'X'),(105,'BEDAN','MUTURI','MUNENE','100','0721283531',NULL,'C:UsershicanDocumentsKemosacco100.jpg','x','100','M',NULL,'KIANJOKOMA'),(106,'JAMES','.','KIONGO','101','0710431916',NULL,'C:UsershicanDocumentsKemosacco101.jpg','x','101','M',NULL,'KIANJOKOMA'),(107,'MOTORCYLCE','HOSPO','GROUP','102','0731768990',NULL,'C:UsershicanDocumentsKemosacco102.jpg','x','102','M',NULL,'EMBU'),(108,'NAHASON','NYAGA','NJUE','103','0712053844',NULL,'C:UsershicanDocumentsKemosacco103.jpg','x','103','M',NULL,'KIANJOKOMA'),(109,'CORADO','NDWIGA','NYAGA','104','0727740293',NULL,'C:UsershicanDocumentsKemosacco104.jpg','x','104','M',NULL,'KIANJOKOMA'),(110,'JOHN','.','MUCHANGI','105','0716072631',NULL,'C:UsershicanDocumentsKemosacco105.jpg','x','105','M',NULL,'KIANJOKOMA'),(111,'JOHN','MBOGO','KARIUKI','106','0729349714',NULL,'C:UsershicanDocumentsKemosacco106.jpg','x','106','M',NULL,'KIANJOKOMA');

--
-- Table structure for table `personvehicle`
--

CREATE TABLE `personvehicle` (
  `personvehicleid` int NOT NULL AUTO_INCREMENT,
  `personid` int DEFAULT NULL,
  `vehicleid` int DEFAULT NULL,
  `status` int DEFAULT NULL,
  PRIMARY KEY (`personvehicleid`),
  KEY `personid` (`personid`),
  KEY `vehicleid` (`vehicleid`),
  CONSTRAINT `personvehicle_ibfk_1` FOREIGN KEY (`personid`) REFERENCES `person` (`personid`) ON UPDATE CASCADE,
  CONSTRAINT `personvehicle_ibfk_2` FOREIGN KEY (`vehicleid`) REFERENCES `vehicle` (`vehicleid`) ON UPDATE CASCADE
) ENGINE=InnoDB AUTO_INCREMENT=68 DEFAULT CHARSET=latin1;

--
-- Dumping data for table `personvehicle`
--

INSERT INTO `personvehicle` VALUES (1,1,12,1),(2,3,29,1),(3,3,44,1),(4,4,16,1),(5,5,33,1),(6,6,31,1),(7,6,32,1),(8,7,22,1),(9,7,42,1),(10,9,40,1),(11,10,23,1),(12,11,18,1),(13,12,28,1),(14,12,46,1),(15,13,17,1),(16,15,38,1),(17,15,39,1),(18,17,11,1),(19,18,7,1),(20,18,2,1),(21,19,1,1),(22,19,41,1),(23,20,19,1),(24,21,9,0),(25,21,36,1),(26,24,35,1),(27,25,10,1),(28,27,25,1),(29,30,5,1),(30,33,21,1),(31,34,15,1),(32,36,34,1),(33,37,14,0),(34,40,4,1),(35,42,8,1),(36,45,55,1),(37,51,26,1),(38,53,20,1),(39,63,3,0),(40,64,48,1),(41,64,45,1),(42,65,56,1),(43,66,37,1),(44,67,13,1),(45,69,43,1),(46,70,6,1),(47,72,27,1),(48,73,54,1),(49,74,24,1),(50,75,30,1),(51,76,57,1),(52,9,60,1),(53,19,61,1),(54,55,58,1),(55,16,59,1),(56,3,62,1),(57,105,63,1),(58,106,47,1),(59,80,50,1),(60,107,51,1),(61,82,49,1),(62,108,52,1),(63,109,65,1),(64,37,3,1),(65,110,9,1),(66,68,66,1),(67,46,67,1);

--
-- Table structure for table `rates`
--

CREATE TABLE `rates` (
  `ratesid` int NOT NULL AUTO_INCREMENT,
  `ratevalue` double(10,2) DEFAULT NULL,
  `loantypeid` int DEFAULT NULL,
  `status` int DEFAULT NULL,
  PRIMARY KEY (`ratesid`),
  KEY `loantypeid` (`loantypeid`),
  CONSTRAINT `rates_ibfk_1` FOREIGN KEY (`loantypeid`) REFERENCES `loantype` (`loantypeid`) ON UPDATE CASCADE
) ENGINE=InnoDB AUTO_INCREMENT=7 DEFAULT CHARSET=latin1;

--
-- Dumping data for table `rates`
--

INSERT INTO `rates` VALUES (1,0.12,1,1),(2,0.12,2,1),(3,0.12,3,1),(4,0.60,4,1),(5,0.12,5,1),(6,0.12,6,1);

--
-- Table structure for table `repayment`
--

CREATE TABLE `repayment` (
  `repaymentid` int NOT NULL AUTO_INCREMENT,
  `paidamount` double(10,2) DEFAULT NULL,
  `paymentdate` date DEFAULT NULL,
  `loanid` int DEFAULT NULL,
  PRIMARY KEY (`repaymentid`),
  KEY `loanid` (`loanid`),
  CONSTRAINT `repayment_ibfk_1` FOREIGN KEY (`loanid`) REFERENCES `loan` (`loanid`) ON UPDATE CASCADE
) ENGINE=InnoDB DEFAULT CHARSET=latin1;

--
-- Dumping data for table `repayment`
--


--
-- Table structure for table `repaymentschedule`
--

CREATE TABLE `repaymentschedule` (
  `repaymentscheduleid` int NOT NULL AUTO_INCREMENT,
  `loanbalance` double(10,2) DEFAULT NULL,
  `interestamount` double(10,2) DEFAULT NULL,
  `principalamount` double(10,2) DEFAULT NULL,
  `emi` double(10,2) DEFAULT NULL,
  `fineamount` double(10,2) DEFAULT NULL,
  `startmonthdate` date DEFAULT NULL,
  `endmonthdate` date DEFAULT NULL,
  `accountnumberid` int DEFAULT NULL,
  `transactiontypeid` int DEFAULT NULL,
  `loanapplicationid` int DEFAULT NULL,
  `loanid` int DEFAULT NULL,
  `repaymentid` int DEFAULT NULL,
  `userrightsid` int DEFAULT NULL,
  `transactiondate` timestamp NULL DEFAULT NULL,
  PRIMARY KEY (`repaymentscheduleid`),
  KEY `accountnumberid` (`accountnumberid`),
  KEY `transactiontypeid` (`transactiontypeid`),
  KEY `repaymentid` (`repaymentid`),
  KEY `loanid` (`loanid`),
  KEY `userrightsid` (`userrightsid`),
  KEY `loanapplicationid` (`loanapplicationid`),
  CONSTRAINT `repaymentschedule_ibfk_1` FOREIGN KEY (`accountnumberid`) REFERENCES `accountnumber` (`accountnumberid`) ON UPDATE CASCADE,
  CONSTRAINT `repaymentschedule_ibfk_2` FOREIGN KEY (`transactiontypeid`) REFERENCES `transactiontype` (`transactiontypeid`) ON UPDATE CASCADE,
  CONSTRAINT `repaymentschedule_ibfk_3` FOREIGN KEY (`repaymentid`) REFERENCES `repayment` (`repaymentid`) ON UPDATE CASCADE,
  CONSTRAINT `repaymentschedule_ibfk_4` FOREIGN KEY (`loanid`) REFERENCES `loan` (`loanid`) ON UPDATE CASCADE,
  CONSTRAINT `repaymentschedule_ibfk_5` FOREIGN KEY (`userrightsid`) REFERENCES `userrights` (`userrightsid`) ON UPDATE CASCADE,
  CONSTRAINT `repaymentschedule_ibfk_6` FOREIGN KEY (`loanapplicationid`) REFERENCES `loanapplication` (`loanapplicationid`) ON UPDATE CASCADE
) ENGINE=InnoDB DEFAULT CHARSET=latin1;

--
-- Dumping data for table `repaymentschedule`
--


--
-- Temporary view structure for view `row0`
--

/*!50001 DROP VIEW IF EXISTS `row0`*/;
/*!50001 CREATE VIEW `row0` AS SELECT 
 1 AS `loanapplicationid`,
 1 AS `transactiontypename`,
 1 AS `accountnumberid`,
 1 AS `accountnumber`,
 1 AS `ratevalue`,
 1 AS `monthlyrate`,
 1 AS `applicationdate`,
 1 AS `loanduration`,
 1 AS `commencedate`,
 1 AS `loanname`,
 1 AS `loan`,
 1 AS `paid`,
 1 AS `dated`,
 1 AS `emi`,
 1 AS `rownum`*/;

--
-- Temporary view structure for view `row01`
--

/*!50001 DROP VIEW IF EXISTS `row01`*/;
/*!50001 CREATE VIEW `row01` AS SELECT 
 1 AS `loanapplicationid`,
 1 AS `transactiontypename`,
 1 AS `accountnumberid`,
 1 AS `accountnumber`,
 1 AS `loanduration`,
 1 AS `loanbalbd`,
 1 AS `paid`,
 1 AS `generatedinterest`,
 1 AS `paidinterest`,
 1 AS `interestbalance`,
 1 AS `loanbalance`,
 1 AS `defaultstatus`,
 1 AS `emi`,
 1 AS `rownum`,
 1 AS `dated`*/;

--
-- Temporary view structure for view `row02`
--

/*!50001 DROP VIEW IF EXISTS `row02`*/;
/*!50001 CREATE VIEW `row02` AS SELECT 
 1 AS `loanapplicationid`,
 1 AS `transactiontypename`,
 1 AS `accountnumberid`,
 1 AS `accountnumber`,
 1 AS `loanduration`,
 1 AS `loanbalance1`,
 1 AS `paid`,
 1 AS `generatedinterest`,
 1 AS `paidinterest`,
 1 AS `interestbalance`,
 1 AS `loanbalance`,
 1 AS `defaultstatus`,
 1 AS `emi`,
 1 AS `rownum`,
 1 AS `dated`*/;

--
-- Temporary view structure for view `row03`
--

/*!50001 DROP VIEW IF EXISTS `row03`*/;
/*!50001 CREATE VIEW `row03` AS SELECT 
 1 AS `loanapplicationid`,
 1 AS `transactiontypename`,
 1 AS `accountnumberid`,
 1 AS `accountnumber`,
 1 AS `loanduration`,
 1 AS `loanbalance2`,
 1 AS `paid`,
 1 AS `generatedinterest`,
 1 AS `paidinterest`,
 1 AS `interestbalance`,
 1 AS `loanbalance`,
 1 AS `defaultstatus`,
 1 AS `emi`,
 1 AS `rownum`,
 1 AS `dated`*/;

--
-- Temporary view structure for view `row04`
--

/*!50001 DROP VIEW IF EXISTS `row04`*/;
/*!50001 CREATE VIEW `row04` AS SELECT 
 1 AS `loanapplicationid`,
 1 AS `transactiontypename`,
 1 AS `accountnumberid`,
 1 AS `accountnumber`,
 1 AS `loanduration`,
 1 AS `loanbalance3`,
 1 AS `paid`,
 1 AS `generatedinterest`,
 1 AS `paidinterest`,
 1 AS `interestbalance`,
 1 AS `loanbalance`,
 1 AS `defaultstatus`,
 1 AS `emi`,
 1 AS `rownum`,
 1 AS `dated`*/;

--
-- Temporary view structure for view `row05`
--

/*!50001 DROP VIEW IF EXISTS `row05`*/;
/*!50001 CREATE VIEW `row05` AS SELECT 
 1 AS `loanapplicationid`,
 1 AS `transactiontypename`,
 1 AS `accountnumberid`,
 1 AS `accountnumber`,
 1 AS `loanduration`,
 1 AS `loanbalance4`,
 1 AS `paid`,
 1 AS `generatedinterest`,
 1 AS `paidinterest`,
 1 AS `interestbalance`,
 1 AS `loanbalance`,
 1 AS `defaultstatus`,
 1 AS `emi`,
 1 AS `rownum`,
 1 AS `dated`*/;

--
-- Temporary view structure for view `row06`
--

/*!50001 DROP VIEW IF EXISTS `row06`*/;
/*!50001 CREATE VIEW `row06` AS SELECT 
 1 AS `loanapplicationid`,
 1 AS `transactiontypename`,
 1 AS `accountnumberid`,
 1 AS `accountnumber`,
 1 AS `loanduration`,
 1 AS `loanbalance5`,
 1 AS `paid`,
 1 AS `generatedinterest`,
 1 AS `paidinterest`,
 1 AS `interestbalance`,
 1 AS `loanbalance`,
 1 AS `defaultstatus`,
 1 AS `emi`,
 1 AS `rownum`,
 1 AS `dated`*/;

--
-- Temporary view structure for view `row07`
--

/*!50001 DROP VIEW IF EXISTS `row07`*/;
/*!50001 CREATE VIEW `row07` AS SELECT 
 1 AS `loanapplicationid`,
 1 AS `transactiontypename`,
 1 AS `accountnumberid`,
 1 AS `accountnumber`,
 1 AS `loanduration`,
 1 AS `loanbalance6`,
 1 AS `paid`,
 1 AS `generatedinterest`,
 1 AS `paidinterest`,
 1 AS `interestbalance`,
 1 AS `loanbalance`,
 1 AS `defaultstatus`,
 1 AS `emi`,
 1 AS `rownum`,
 1 AS `dated`*/;

--
-- Temporary view structure for view `row08`
--

/*!50001 DROP VIEW IF EXISTS `row08`*/;
/*!50001 CREATE VIEW `row08` AS SELECT 
 1 AS `loanapplicationid`,
 1 AS `transactiontypename`,
 1 AS `accountnumberid`,
 1 AS `accountnumber`,
 1 AS `loanduration`,
 1 AS `loanbalance7`,
 1 AS `paid`,
 1 AS `generatedinterest`,
 1 AS `paidinterest`,
 1 AS `interestbalance`,
 1 AS `loanbalance`,
 1 AS `defaultstatus`,
 1 AS `emi`,
 1 AS `rownum`,
 1 AS `dated`*/;

--
-- Temporary view structure for view `row09`
--

/*!50001 DROP VIEW IF EXISTS `row09`*/;
/*!50001 CREATE VIEW `row09` AS SELECT 
 1 AS `loanapplicationid`,
 1 AS `transactiontypename`,
 1 AS `accountnumberid`,
 1 AS `accountnumber`,
 1 AS `loanduration`,
 1 AS `loanbalance8`,
 1 AS `paid`,
 1 AS `generatedinterest`,
 1 AS `paidinterest`,
 1 AS `interestbalance`,
 1 AS `loanbalance`,
 1 AS `defaultstatus`,
 1 AS `emi`,
 1 AS `rownum`,
 1 AS `dated`*/;

--
-- Temporary view structure for view `row10`
--

/*!50001 DROP VIEW IF EXISTS `row10`*/;
/*!50001 CREATE VIEW `row10` AS SELECT 
 1 AS `loanapplicationid`,
 1 AS `transactiontypename`,
 1 AS `accountnumberid`,
 1 AS `accountnumber`,
 1 AS `loanduration`,
 1 AS `loanbalance9`,
 1 AS `paid`,
 1 AS `generatedinterest`,
 1 AS `paidinterest`,
 1 AS `interestbalance`,
 1 AS `loanbalance`,
 1 AS `defaultstatus`,
 1 AS `emi`,
 1 AS `rownum`,
 1 AS `dated`*/;

--
-- Temporary view structure for view `row11`
--

/*!50001 DROP VIEW IF EXISTS `row11`*/;
/*!50001 CREATE VIEW `row11` AS SELECT 
 1 AS `loanapplicationid`,
 1 AS `transactiontypename`,
 1 AS `accountnumberid`,
 1 AS `accountnumber`,
 1 AS `loanduration`,
 1 AS `loanbalance10`,
 1 AS `paid`,
 1 AS `generatedinterest`,
 1 AS `paidinterest`,
 1 AS `interestbalance`,
 1 AS `loanbalance`,
 1 AS `defaultstatus`,
 1 AS `emi`,
 1 AS `rownum`,
 1 AS `dated`*/;

--
-- Temporary view structure for view `row12`
--

/*!50001 DROP VIEW IF EXISTS `row12`*/;
/*!50001 CREATE VIEW `row12` AS SELECT 
 1 AS `loanapplicationid`,
 1 AS `transactiontypename`,
 1 AS `accountnumberid`,
 1 AS `accountnumber`,
 1 AS `loanduration`,
 1 AS `loanbalance11`,
 1 AS `paid`,
 1 AS `generatedinterest`,
 1 AS `paidinterest`,
 1 AS `interestbalance`,
 1 AS `loanbalance`,
 1 AS `defaultstatus`,
 1 AS `emi`,
 1 AS `rownum`,
 1 AS `dated`*/;

--
-- Temporary view structure for view `row13`
--

/*!50001 DROP VIEW IF EXISTS `row13`*/;
/*!50001 CREATE VIEW `row13` AS SELECT 
 1 AS `loanapplicationid`,
 1 AS `transactiontypename`,
 1 AS `accountnumberid`,
 1 AS `accountnumber`,
 1 AS `loanduration`,
 1 AS `loanbalance12`,
 1 AS `paid`,
 1 AS `generatedinterest`,
 1 AS `paidinterest`,
 1 AS `interestbalance`,
 1 AS `loanbalance`,
 1 AS `defaultstatus`,
 1 AS `emi`,
 1 AS `rownum`,
 1 AS `dated`*/;

--
-- Temporary view structure for view `row14`
--

/*!50001 DROP VIEW IF EXISTS `row14`*/;
/*!50001 CREATE VIEW `row14` AS SELECT 
 1 AS `loanapplicationid`,
 1 AS `transactiontypename`,
 1 AS `accountnumberid`,
 1 AS `accountnumber`,
 1 AS `loanduration`,
 1 AS `loanbalance13`,
 1 AS `paid`,
 1 AS `generatedinterest`,
 1 AS `paidinterest`,
 1 AS `interestbalance`,
 1 AS `loanbalance`,
 1 AS `defaultstatus`,
 1 AS `emi`,
 1 AS `rownum`,
 1 AS `dated`*/;

--
-- Temporary view structure for view `row15`
--

/*!50001 DROP VIEW IF EXISTS `row15`*/;
/*!50001 CREATE VIEW `row15` AS SELECT 
 1 AS `loanapplicationid`,
 1 AS `transactiontypename`,
 1 AS `accountnumberid`,
 1 AS `accountnumber`,
 1 AS `loanduration`,
 1 AS `loanbalance14`,
 1 AS `paid`,
 1 AS `generatedinterest`,
 1 AS `paidinterest`,
 1 AS `interestbalance`,
 1 AS `loanbalance`,
 1 AS `defaultstatus`,
 1 AS `emi`,
 1 AS `rownum`,
 1 AS `dated`*/;

--
-- Temporary view structure for view `row16`
--

/*!50001 DROP VIEW IF EXISTS `row16`*/;
/*!50001 CREATE VIEW `row16` AS SELECT 
 1 AS `loanapplicationid`,
 1 AS `transactiontypename`,
 1 AS `accountnumberid`,
 1 AS `accountnumber`,
 1 AS `loanduration`,
 1 AS `loanbalance15`,
 1 AS `paid`,
 1 AS `generatedinterest`,
 1 AS `paidinterest`,
 1 AS `interestbalance`,
 1 AS `loanbalance`,
 1 AS `defaultstatus`,
 1 AS `emi`,
 1 AS `rownum`,
 1 AS `dated`*/;

--
-- Temporary view structure for view `row17`
--

/*!50001 DROP VIEW IF EXISTS `row17`*/;
/*!50001 CREATE VIEW `row17` AS SELECT 
 1 AS `loanapplicationid`,
 1 AS `transactiontypename`,
 1 AS `accountnumberid`,
 1 AS `accountnumber`,
 1 AS `loanduration`,
 1 AS `loanbalance16`,
 1 AS `paid`,
 1 AS `generatedinterest`,
 1 AS `paidinterest`,
 1 AS `interestbalance`,
 1 AS `loanbalance`,
 1 AS `defaultstatus`,
 1 AS `emi`,
 1 AS `rownum`,
 1 AS `dated`*/;

--
-- Temporary view structure for view `row18`
--

/*!50001 DROP VIEW IF EXISTS `row18`*/;
/*!50001 CREATE VIEW `row18` AS SELECT 
 1 AS `loanapplicationid`,
 1 AS `transactiontypename`,
 1 AS `accountnumberid`,
 1 AS `accountnumber`,
 1 AS `loanduration`,
 1 AS `loanbalance17`,
 1 AS `paid`,
 1 AS `generatedinterest`,
 1 AS `paidinterest`,
 1 AS `interestbalance`,
 1 AS `loanbalance`,
 1 AS `defaultstatus`,
 1 AS `emi`,
 1 AS `rownum`,
 1 AS `dated`*/;

--
-- Temporary view structure for view `row19`
--

/*!50001 DROP VIEW IF EXISTS `row19`*/;
/*!50001 CREATE VIEW `row19` AS SELECT 
 1 AS `loanapplicationid`,
 1 AS `transactiontypename`,
 1 AS `accountnumberid`,
 1 AS `accountnumber`,
 1 AS `loanduration`,
 1 AS `loanbalance18`,
 1 AS `paid`,
 1 AS `generatedinterest`,
 1 AS `paidinterest`,
 1 AS `interestbalance`,
 1 AS `loanbalance`,
 1 AS `defaultstatus`,
 1 AS `emi`,
 1 AS `rownum`,
 1 AS `dated`*/;

--
-- Temporary view structure for view `row20`
--

/*!50001 DROP VIEW IF EXISTS `row20`*/;
/*!50001 CREATE VIEW `row20` AS SELECT 
 1 AS `loanapplicationid`,
 1 AS `transactiontypename`,
 1 AS `accountnumberid`,
 1 AS `accountnumber`,
 1 AS `loanduration`,
 1 AS `loanbalance19`,
 1 AS `paid`,
 1 AS `generatedinterest`,
 1 AS `paidinterest`,
 1 AS `interestbalance`,
 1 AS `loanbalance`,
 1 AS `defaultstatus`,
 1 AS `emi`,
 1 AS `rownum`,
 1 AS `dated`*/;

--
-- Temporary view structure for view `row21`
--

/*!50001 DROP VIEW IF EXISTS `row21`*/;
/*!50001 CREATE VIEW `row21` AS SELECT 
 1 AS `loanapplicationid`,
 1 AS `transactiontypename`,
 1 AS `accountnumberid`,
 1 AS `accountnumber`,
 1 AS `loanduration`,
 1 AS `loanbalance20`,
 1 AS `paid`,
 1 AS `generatedinterest`,
 1 AS `paidinterest`,
 1 AS `interestbalance`,
 1 AS `loanbalance`,
 1 AS `defaultstatus`,
 1 AS `emi`,
 1 AS `rownum`,
 1 AS `dated`*/;

--
-- Temporary view structure for view `row22`
--

/*!50001 DROP VIEW IF EXISTS `row22`*/;
/*!50001 CREATE VIEW `row22` AS SELECT 
 1 AS `loanapplicationid`,
 1 AS `transactiontypename`,
 1 AS `accountnumberid`,
 1 AS `accountnumber`,
 1 AS `loanduration`,
 1 AS `loanbalance21`,
 1 AS `paid`,
 1 AS `generatedinterest`,
 1 AS `paidinterest`,
 1 AS `interestbalance`,
 1 AS `loanbalance`,
 1 AS `defaultstatus`,
 1 AS `emi`,
 1 AS `rownum`,
 1 AS `dated`*/;

--
-- Temporary view structure for view `row23`
--

/*!50001 DROP VIEW IF EXISTS `row23`*/;
/*!50001 CREATE VIEW `row23` AS SELECT 
 1 AS `loanapplicationid`,
 1 AS `transactiontypename`,
 1 AS `accountnumberid`,
 1 AS `accountnumber`,
 1 AS `loanduration`,
 1 AS `loanbalance22`,
 1 AS `paid`,
 1 AS `generatedinterest`,
 1 AS `paidinterest`,
 1 AS `interestbalance`,
 1 AS `loanbalance`,
 1 AS `defaultstatus`,
 1 AS `emi`,
 1 AS `rownum`,
 1 AS `dated`*/;

--
-- Temporary view structure for view `row24`
--

/*!50001 DROP VIEW IF EXISTS `row24`*/;
/*!50001 CREATE VIEW `row24` AS SELECT 
 1 AS `loanapplicationid`,
 1 AS `transactiontypename`,
 1 AS `accountnumberid`,
 1 AS `accountnumber`,
 1 AS `loanduration`,
 1 AS `loanbalance23`,
 1 AS `paid`,
 1 AS `generatedinterest`,
 1 AS `paidinterest`,
 1 AS `interestbalance`,
 1 AS `loanbalance`,
 1 AS `defaultstatus`,
 1 AS `emi`,
 1 AS `rownum`,
 1 AS `dated`*/;

--
-- Table structure for table `scheduletransaction`
--

CREATE TABLE `scheduletransaction` (
  `scheduletransactionid` int NOT NULL AUTO_INCREMENT,
  `repaymentscheduleid` int DEFAULT NULL,
  `transactionid` int DEFAULT NULL,
  `dated` date DEFAULT NULL,
  `userrightsid` int DEFAULT NULL,
  `transactiondate` timestamp NULL DEFAULT NULL,
  PRIMARY KEY (`scheduletransactionid`),
  KEY `repaymentscheduleid` (`repaymentscheduleid`),
  KEY `transactionid` (`transactionid`),
  KEY `userrightsid` (`userrightsid`)
) ENGINE=MyISAM DEFAULT CHARSET=latin1;

--
-- Dumping data for table `scheduletransaction`
--


--
-- Table structure for table `share`
--

CREATE TABLE `share` (
  `shareid` int NOT NULL AUTO_INCREMENT,
  `shareqty` int DEFAULT NULL,
  `sharevalue` double(10,2) DEFAULT NULL,
  `sharesellvalue` double(10,2) DEFAULT NULL,
  `dated` date DEFAULT NULL,
  `sharevalueid` int DEFAULT NULL,
  `transactionid` int DEFAULT NULL,
  `accountnumberid` int DEFAULT NULL,
  `transactiontypeid` int DEFAULT NULL,
  `userrightsid` int DEFAULT NULL,
  `transactiondate` timestamp NULL DEFAULT NULL,
  PRIMARY KEY (`shareid`),
  KEY `transactiontypeid` (`transactiontypeid`),
  KEY `accountnumberid` (`accountnumberid`),
  KEY `sharevalueid` (`sharevalueid`),
  KEY `transactionid` (`transactionid`),
  KEY `userrightsid` (`userrightsid`),
  CONSTRAINT `share_ibfk_2` FOREIGN KEY (`transactiontypeid`) REFERENCES `transactiontype` (`transactiontypeid`) ON UPDATE CASCADE,
  CONSTRAINT `share_ibfk_3` FOREIGN KEY (`accountnumberid`) REFERENCES `accountnumber` (`accountnumberid`) ON UPDATE CASCADE,
  CONSTRAINT `share_ibfk_4` FOREIGN KEY (`sharevalueid`) REFERENCES `sharevalue` (`sharevalueid`) ON UPDATE CASCADE,
  CONSTRAINT `share_ibfk_5` FOREIGN KEY (`transactionid`) REFERENCES `transaction` (`transactionid`) ON UPDATE CASCADE,
  CONSTRAINT `share_ibfk_6` FOREIGN KEY (`userrightsid`) REFERENCES `userrights` (`userrightsid`) ON UPDATE CASCADE
) ENGINE=InnoDB AUTO_INCREMENT=54 DEFAULT CHARSET=latin1;

--
-- Dumping data for table `share`
--

INSERT INTO `share` VALUES (1,5290,100.00,NULL,'2022-01-22',1,1,NULL,NULL,1,'2022-01-21 22:40:02'),(2,7592,100.00,NULL,'2022-01-22',1,6,NULL,NULL,1,'2022-01-21 22:46:47'),(3,8429,100.00,NULL,'2022-01-22',1,7,NULL,NULL,1,'2022-01-21 22:47:16'),(4,7558,100.00,NULL,'2022-01-22',1,8,NULL,NULL,1,'2022-01-21 22:47:47'),(5,7906,100.00,NULL,'2022-01-22',1,13,NULL,NULL,1,'2022-01-21 22:49:41'),(6,3411,100.00,NULL,'2022-01-22',1,14,NULL,NULL,1,'2022-01-21 22:52:03'),(7,4520,100.00,NULL,'2022-01-22',1,35,NULL,NULL,1,'2022-01-21 23:08:29'),(8,938,100.00,NULL,'2022-01-22',1,40,NULL,NULL,1,'2022-01-21 23:09:51'),(9,3646,100.00,NULL,'2022-01-22',1,45,NULL,NULL,1,'2022-01-21 23:10:54'),(10,3527,100.00,NULL,'2022-01-22',1,50,NULL,NULL,1,'2022-01-21 23:11:58'),(11,415,100.00,NULL,'2022-01-22',1,55,NULL,NULL,1,'2022-01-21 23:13:50'),(12,3576,100.00,NULL,'2022-01-22',1,60,NULL,NULL,1,'2022-01-21 23:15:31'),(13,2891,100.00,NULL,'2022-01-22',1,61,NULL,NULL,1,'2022-01-21 23:16:09'),(14,1481,100.00,NULL,'2022-01-22',1,66,NULL,NULL,1,'2022-01-21 23:17:55'),(15,2582,100.00,NULL,'2022-01-22',1,71,NULL,NULL,1,'2022-01-21 23:18:56'),(16,965,100.00,NULL,'2022-01-22',1,76,NULL,NULL,1,'2022-01-21 23:20:36'),(17,1968,100.00,NULL,'2022-01-22',1,81,NULL,NULL,1,'2022-01-21 23:23:25'),(18,1018,100.00,NULL,'2022-01-22',1,86,NULL,NULL,1,'2022-01-21 23:30:10'),(19,50,100.00,NULL,'2022-01-22',1,91,NULL,NULL,1,'2022-01-21 23:30:51'),(20,1589,100.00,NULL,'2022-01-22',1,96,NULL,NULL,1,'2022-01-21 23:31:33'),(21,418,100.00,NULL,'2022-01-22',1,101,NULL,NULL,1,'2022-01-21 23:32:20'),(22,1598,100.00,NULL,'2022-01-22',1,106,NULL,NULL,1,'2022-01-21 23:33:05'),(23,1242,100.00,NULL,'2022-01-22',1,107,NULL,NULL,1,'2022-01-21 23:33:28'),(24,1581,100.00,NULL,'2022-01-22',1,112,NULL,NULL,1,'2022-01-21 23:34:14'),(25,1456,100.00,NULL,'2022-01-22',1,121,NULL,NULL,1,'2022-01-21 23:35:59'),(26,963,100.00,NULL,'2022-01-22',1,122,NULL,NULL,1,'2022-01-21 23:36:34'),(27,1282,100.00,NULL,'2022-01-22',1,127,NULL,NULL,1,'2022-01-21 23:37:49'),(28,915,100.00,NULL,'2022-01-22',1,128,NULL,NULL,1,'2022-01-21 23:38:20'),(29,1137,100.00,NULL,'2022-01-22',1,129,NULL,NULL,1,'2022-01-21 23:38:42'),(30,320,100.00,NULL,'2022-01-22',1,134,NULL,NULL,1,'2022-01-21 23:39:30'),(31,50,100.00,NULL,'2022-01-22',1,139,NULL,NULL,1,'2022-01-21 23:40:33'),(32,53,100.00,NULL,'2022-01-22',1,144,NULL,NULL,1,'2022-01-21 23:41:14'),(33,570,100.00,NULL,'2022-01-22',1,145,NULL,NULL,1,'2022-01-21 23:41:36'),(34,521,100.00,NULL,'2022-01-22',1,150,NULL,NULL,1,'2022-01-21 23:42:26'),(35,1000,100.00,NULL,'2022-01-22',1,151,NULL,NULL,1,'2022-01-21 23:43:02'),(36,114,100.00,NULL,'2022-01-22',1,152,NULL,NULL,1,'2022-01-21 23:43:20'),(37,442,100.00,NULL,'2022-01-22',1,153,NULL,NULL,1,'2022-01-21 23:43:40'),(38,439,100.00,NULL,'2022-01-22',1,154,NULL,NULL,1,'2022-01-21 23:44:09'),(39,220,100.00,NULL,'2022-01-22',1,155,NULL,NULL,1,'2022-01-21 23:44:26'),(40,57,100.00,NULL,'2022-01-22',1,156,NULL,NULL,1,'2022-01-21 23:44:43'),(41,211,100.00,NULL,'2022-01-22',1,157,NULL,NULL,1,'2022-01-21 23:45:00'),(42,631,100.00,NULL,'2022-01-22',1,162,NULL,NULL,1,'2022-01-21 23:46:26'),(43,297,100.00,NULL,'2022-01-22',1,167,NULL,NULL,1,'2022-01-21 23:50:07'),(44,218,100.00,NULL,'2022-01-22',1,168,NULL,NULL,1,'2022-01-21 23:50:28'),(45,207,100.00,NULL,'2022-01-22',1,169,NULL,NULL,1,'2022-01-21 23:50:47'),(46,172,100.00,NULL,'2022-01-22',1,170,NULL,NULL,1,'2022-01-21 23:51:06'),(47,166,100.00,NULL,'2022-01-22',1,171,NULL,NULL,1,'2022-01-21 23:51:23'),(48,70,100.00,NULL,'2022-01-22',1,172,NULL,NULL,1,'2022-01-21 23:51:53'),(49,109,100.00,NULL,'2022-01-22',1,173,NULL,NULL,1,'2022-01-21 23:52:19'),(50,83,100.00,NULL,'2022-01-22',1,174,NULL,NULL,1,'2022-01-21 23:52:46'),(51,77,100.00,NULL,'2022-01-22',1,175,NULL,NULL,1,'2022-01-21 23:53:08'),(52,277,100.00,NULL,'2022-01-22',1,176,NULL,NULL,1,'2022-01-21 23:53:31'),(53,281,100.00,NULL,'2022-01-22',1,177,NULL,NULL,1,'2022-01-21 23:53:50');

--
-- Table structure for table `sharedividend`
--

CREATE TABLE `sharedividend` (
  `sharedividendid` int NOT NULL AUTO_INCREMENT,
  `shareid` int DEFAULT NULL,
  `dividendid` int DEFAULT NULL,
  `status` int DEFAULT NULL,
  PRIMARY KEY (`sharedividendid`),
  KEY `shareid` (`shareid`),
  KEY `dividendid` (`dividendid`),
  CONSTRAINT `sharedividend_ibfk_1` FOREIGN KEY (`shareid`) REFERENCES `share` (`shareid`) ON UPDATE CASCADE,
  CONSTRAINT `sharedividend_ibfk_2` FOREIGN KEY (`dividendid`) REFERENCES `dividend` (`dividendid`) ON UPDATE CASCADE
) ENGINE=InnoDB DEFAULT CHARSET=latin1;

--
-- Dumping data for table `sharedividend`
--


--
-- Table structure for table `sharetype`
--

CREATE TABLE `sharetype` (
  `sharetypeid` int NOT NULL AUTO_INCREMENT,
  `sharetypename` varchar(50) DEFAULT NULL,
  PRIMARY KEY (`sharetypeid`)
) ENGINE=InnoDB AUTO_INCREMENT=2 DEFAULT CHARSET=latin1;

--
-- Dumping data for table `sharetype`
--


--
-- Table structure for table `sharevalue`
--

CREATE TABLE `sharevalue` (
  `sharevalueid` int NOT NULL AUTO_INCREMENT,
  `sharevalue` double(10,2) DEFAULT NULL,
  `sharesellvalue` double(10,2) DEFAULT NULL,
  `dated` date DEFAULT NULL,
  `sharetypeid` int DEFAULT NULL,
  `status` int DEFAULT NULL,
  PRIMARY KEY (`sharevalueid`),
  KEY `sharetypeid` (`sharetypeid`),
  CONSTRAINT `sharevalue_ibfk_1` FOREIGN KEY (`sharetypeid`) REFERENCES `sharetype` (`sharetypeid`) ON UPDATE CASCADE
) ENGINE=InnoDB AUTO_INCREMENT=2 DEFAULT CHARSET=latin1;

--
-- Dumping data for table `sharevalue`
--

INSERT INTO `sharevalue` VALUES (1,100.00,NULL,'2019-04-10',1,1);

--
-- Table structure for table `sss`
--

CREATE TABLE `sss` (
  `s` varchar(100) DEFAULT NULL,
  `sa` int DEFAULT NULL,
  `sb` int DEFAULT NULL,
  `sc` int DEFAULT NULL
) ENGINE=MyISAM DEFAULT CHARSET=latin1;

--
-- Dumping data for table `sss`
--


--
-- Table structure for table `textmessage`
--

CREATE TABLE `textmessage` (
  `textmessageid` int NOT NULL AUTO_INCREMENT,
  `textmessage` text,
  PRIMARY KEY (`textmessageid`)
) ENGINE=InnoDB AUTO_INCREMENT=18 DEFAULT CHARSET=latin1;

--
-- Dumping data for table `textmessage`
--

INSERT INTO `textmessage` VALUES (1,'wednesday meeting at 5.00pm at Canan hotel'),(2,'canan meeting at 5.00pm'),(3,'This to remind you about todays meeting wednesday (27/01/2021) at 5:00PM at Canan Hotel, those absent with apology will pay Ksh200 and without apology Ksh500. Please be pantual.Thank you'),(4,'kindly collect your sticker at our office.sticker fee is Shs 100.Thank you'),(5,'there will be a meeting tommorow at cannan hotel at 5.00 pm.'),(6,'this is to inform all  members that we had a meeting with N.T.S.A  on 4/2/2021 and these were the rules to be observed 1. speed limit should be 100km/hr.2.NO vehicle modification.  N.T.S.A meeting will be held soon.'),(7,'kindly purpose to attend the meeting on time today at caanan hotel by 5 pm.we are expecting a visitor to discuss  few issues.thank you'),(8,'there will be a meeting on 24th march 2021 which will be held at canaan hotel at 4.00pm.each member is requested to come witn Shs 100.Any member who will be late will be fined Ksh 100.Kindly purpose to attend.Thank you.'),(9,'there will be a meeting on 24th march 2021 which will be held at canaan hotel at 4.00pm.Each member is requested to come with ksh 100.Any member who will be late will be fined ksh 100.kindy purpose to attend.Thank you'),(10,'hereby want to notify you that from 1st of may 2021 loan forms will be available in the office.lending/loan policy was approved by cooperative officers so we are starting to give out loans.loans will be issued only to qualified member who is not dormant(active ).so we encourage every member to continue saving so as to qualify for a loan.credit commitee sitting will be only twice a month i.e on 15th and 30th every month.thank you'),(11,'we are reminding you that loan forms are still available in our office at a fee of  Ksh 200.loans are given out only to active members so we encourage members to continue saving so as to qualify for a loan.Thank you'),(12,'Testing data'),(13,'There is a membership application form which must be filled by every member.you are required to fill next of kin,copy of ID,one colored passport.Forms are  available in the office.We still encourage you to continue saving.Thank you'),(14,'kindly passby the office as you sign the agreement letter as how you will be paying the loan.each is required to start paying the loan on 4th june without fail.the payment should be made weekly amount of ksh 2,835.Total of ksh 11,333 per month.Thank you.'),(15,'kindly passby the office as you sign the agreement letter as how you will be paying the loan.each is required to start paying the loan on 4th june without fail.the payment should be made weekly amount of ksh 2,835.Total of ksh 11,333 per month.Thank you.'),(16,'just a reminder that you are supposed to start paying your loan on 4th june 2021 .monthly amount of ksh 9,470 and weekly amount of ksh 2,370.passby the office as you sign the agreement form.'),(17,'kindly remember to honour your loan fee as we stated.it was to be payed by 4th june.weekly amount of 2,840.monthly ksh 11,333.thank you');

--
-- Table structure for table `transaction`
--

CREATE TABLE `transaction` (
  `transactionid` int NOT NULL AUTO_INCREMENT,
  `accountnumberid` int DEFAULT NULL,
  `transactioncostid` int DEFAULT NULL,
  `transactionamount` double(10,2) DEFAULT NULL,
  `transactioncharges` double(10,2) DEFAULT NULL,
  `dated` date DEFAULT NULL,
  `transactionstatus` int DEFAULT NULL,
  `datestatus` int DEFAULT NULL,
  `transactionnumber` int DEFAULT NULL,
  `userrightsid` int DEFAULT NULL,
  `officeid` int DEFAULT NULL,
  `transactiondate` timestamp NULL DEFAULT NULL,
  PRIMARY KEY (`transactionid`),
  KEY `accountnumberid` (`accountnumberid`),
  KEY `transactioncostid` (`transactioncostid`),
  KEY `userrightsid` (`userrightsid`),
  KEY `officeid` (`officeid`),
  CONSTRAINT `transaction_ibfk_1` FOREIGN KEY (`accountnumberid`) REFERENCES `accountnumber` (`accountnumberid`) ON UPDATE CASCADE,
  CONSTRAINT `transaction_ibfk_2` FOREIGN KEY (`transactioncostid`) REFERENCES `transactioncost` (`transactioncostid`) ON UPDATE CASCADE,
  CONSTRAINT `transaction_ibfk_3` FOREIGN KEY (`userrightsid`) REFERENCES `userrights` (`userrightsid`) ON UPDATE CASCADE,
  CONSTRAINT `transaction_ibfk_4` FOREIGN KEY (`officeid`) REFERENCES `office` (`officeid`) ON UPDATE CASCADE
) ENGINE=InnoDB AUTO_INCREMENT=2177 DEFAULT CHARSET=latin1;

--
-- Dumping data for table `transaction`
--

INSERT INTO `transaction` VALUES (1,1,25,529005.00,0.00,'2022-01-22',1,1,1,1,1,'2022-01-21 22:40:02'),(2,3,36,600000.00,0.00,'2021-10-06',1,NULL,2,1,1,'2022-01-21 22:43:48'),(3,3,39,0.00,0.00,'2021-10-06',1,NULL,2,1,1,'2022-01-21 22:43:48'),(4,3,38,1500.00,0.00,'2022-01-22',1,NULL,2,1,1,'2022-01-21 22:43:48'),(5,3,37,0.00,0.00,'2022-01-22',1,NULL,2,1,1,'2022-01-21 22:43:48'),(6,2,25,759177.00,0.00,'2022-01-22',1,1,3,1,1,'2022-01-21 22:46:47'),(7,3,25,842943.00,0.00,'2022-01-22',1,1,4,1,1,'2022-01-21 22:47:16'),(8,4,25,755775.00,0.00,'2022-01-22',1,1,5,1,1,'2022-01-21 22:47:47'),(9,5,36,136553.00,0.00,'2021-12-22',1,NULL,6,1,1,'2022-01-21 22:49:18'),(10,5,39,0.00,0.00,'2021-12-22',1,NULL,6,1,1,'2022-01-21 22:49:19'),(11,5,38,1500.00,0.00,'2022-01-22',1,NULL,6,1,1,'2022-01-21 22:49:19'),(12,5,37,0.00,0.00,'2022-01-22',1,NULL,6,1,1,'2022-01-21 22:49:19'),(13,5,25,790633.00,0.00,'2022-01-22',1,1,7,1,1,'2022-01-21 22:49:41'),(14,6,25,341100.00,0.00,'2022-01-22',1,1,8,1,1,'2022-01-21 22:52:03'),(15,7,36,525897.00,0.00,'2021-08-21',1,NULL,9,1,1,'2022-01-21 22:53:18'),(16,7,39,0.00,0.00,'2021-08-21',1,NULL,9,1,1,'2022-01-21 22:53:18'),(17,7,38,1500.00,0.00,'2022-01-22',1,NULL,9,1,1,'2022-01-21 22:53:19'),(18,7,37,0.00,0.00,'2022-01-22',1,NULL,9,1,1,'2022-01-21 22:53:19'),(19,8,36,426000.00,0.00,'2021-05-01',1,NULL,10,1,1,'2022-01-21 22:54:06'),(20,8,39,0.00,0.00,'2021-05-01',1,NULL,10,1,1,'2022-01-21 22:54:06'),(21,8,38,1500.00,0.00,'2022-01-22',1,NULL,10,1,1,'2022-01-21 22:54:06'),(22,8,37,0.00,0.00,'2022-01-22',1,NULL,10,1,1,'2022-01-21 22:54:06'),(23,6,36,503177.00,0.00,'2021-09-01',1,NULL,11,1,1,'2022-01-21 22:55:49'),(24,6,39,0.00,0.00,'2021-09-01',1,NULL,11,1,1,'2022-01-21 22:55:50'),(25,6,38,1500.00,0.00,'2022-01-22',1,NULL,11,1,1,'2022-01-21 22:55:50'),(26,6,37,0.00,0.00,'2022-01-22',1,NULL,11,1,1,'2022-01-21 22:55:50'),(27,9,36,74750.00,0.00,'2022-02-01',1,NULL,12,1,1,'2022-01-21 22:58:33'),(28,9,39,0.00,0.00,'2022-02-01',1,NULL,12,1,1,'2022-01-21 22:58:33'),(29,9,38,1500.00,0.00,'2022-01-22',1,NULL,12,1,1,'2022-01-21 22:58:33'),(30,9,37,0.00,0.00,'2022-01-22',1,NULL,12,1,1,'2022-01-21 22:58:33'),(31,10,36,397700.00,0.00,'2021-10-13',1,NULL,13,1,1,'2022-01-21 23:07:42'),(32,10,39,0.00,0.00,'2021-10-13',1,NULL,13,1,1,'2022-01-21 23:07:42'),(33,10,38,1500.00,0.00,'2022-01-22',1,NULL,13,1,1,'2022-01-21 23:07:42'),(34,10,37,0.00,0.00,'2022-01-22',1,NULL,13,1,1,'2022-01-21 23:07:42'),(35,10,25,451980.00,0.00,'2022-01-22',1,1,14,1,1,'2022-01-21 23:08:29'),(36,11,36,415418.00,0.00,'2022-01-12',1,NULL,15,1,1,'2022-01-21 23:09:32'),(37,11,39,0.00,0.00,'2022-01-12',1,NULL,15,1,1,'2022-01-21 23:09:32'),(38,11,38,1500.00,0.00,'2022-01-22',1,NULL,15,1,1,'2022-01-21 23:09:32'),(39,11,37,0.00,0.00,'2022-01-22',1,NULL,15,1,1,'2022-01-21 23:09:32'),(40,11,25,93780.00,0.00,'2022-01-22',1,1,16,1,1,'2022-01-21 23:09:51'),(41,12,36,17300.00,0.00,'2022-01-01',1,NULL,17,1,1,'2022-01-21 23:10:30'),(42,12,39,0.00,0.00,'2022-01-01',1,NULL,17,1,1,'2022-01-21 23:10:30'),(43,12,38,1000.00,0.00,'2022-01-22',1,NULL,17,1,1,'2022-01-21 23:10:30'),(44,12,37,0.00,0.00,'2022-01-22',1,NULL,17,1,1,'2022-01-21 23:10:30'),(45,12,25,364570.00,0.00,'2022-01-22',1,1,18,1,1,'2022-01-21 23:10:54'),(46,13,36,274040.00,0.00,'2021-09-02',1,NULL,19,1,1,'2022-01-21 23:11:37'),(47,13,39,0.00,0.00,'2021-09-02',1,NULL,19,1,1,'2022-01-21 23:11:37'),(48,13,38,1500.00,0.00,'2022-01-22',1,NULL,19,1,1,'2022-01-21 23:11:37'),(49,13,37,0.00,0.00,'2022-01-22',1,NULL,19,1,1,'2022-01-21 23:11:37'),(50,13,25,352677.00,0.00,'2022-01-22',1,1,20,1,1,'2022-01-21 23:11:58'),(51,14,36,216478.00,0.00,'2021-05-01',1,NULL,21,1,1,'2022-01-21 23:13:26'),(52,14,39,0.00,0.00,'2021-05-01',1,NULL,21,1,1,'2022-01-21 23:13:26'),(53,14,38,1500.00,0.00,'2022-01-22',1,NULL,21,1,1,'2022-01-21 23:13:26'),(54,14,37,0.00,0.00,'2022-01-22',1,NULL,21,1,1,'2022-01-21 23:13:26'),(55,14,25,41484.00,0.00,'2022-01-22',1,1,22,1,1,'2022-01-21 23:13:50'),(56,15,36,230000.00,0.00,'2021-08-18',1,NULL,23,1,1,'2022-01-21 23:14:38'),(57,15,39,0.00,0.00,'2021-08-18',1,NULL,23,1,1,'2022-01-21 23:14:38'),(58,15,38,1500.00,0.00,'2022-01-22',1,NULL,23,1,1,'2022-01-21 23:14:38'),(59,15,37,0.00,0.00,'2022-01-22',1,NULL,23,1,1,'2022-01-21 23:14:38'),(60,15,25,357649.00,0.00,'2022-01-22',1,1,24,1,1,'2022-01-21 23:15:31'),(61,16,25,289141.00,0.00,'2022-01-22',1,1,25,1,1,'2022-01-21 23:16:09'),(62,17,36,131800.00,0.00,'2021-09-05',1,NULL,26,1,1,'2022-01-21 23:17:32'),(63,17,39,0.00,0.00,'2021-09-05',1,NULL,26,1,1,'2022-01-21 23:17:32'),(64,17,38,1500.00,0.00,'2022-01-22',1,NULL,26,1,1,'2022-01-21 23:17:32'),(65,17,37,0.00,0.00,'2022-01-22',1,NULL,26,1,1,'2022-01-21 23:17:32'),(66,17,25,148070.00,0.00,'2022-01-22',1,1,27,1,1,'2022-01-21 23:17:55'),(67,18,36,205000.00,0.00,'2021-05-01',1,NULL,28,1,1,'2022-01-21 23:18:38'),(68,18,39,0.00,0.00,'2021-05-01',1,NULL,28,1,1,'2022-01-21 23:18:38'),(69,18,38,1500.00,0.00,'2022-01-22',1,NULL,28,1,1,'2022-01-21 23:18:38'),(70,18,37,0.00,0.00,'2022-01-22',1,NULL,28,1,1,'2022-01-21 23:18:38'),(71,18,25,258200.00,0.00,'2022-01-22',1,1,29,1,1,'2022-01-21 23:18:56'),(72,19,36,191000.00,0.00,'2021-07-30',1,NULL,30,1,1,'2022-01-21 23:19:41'),(73,19,39,0.00,0.00,'2021-07-30',1,NULL,30,1,1,'2022-01-21 23:19:41'),(74,19,38,1500.00,0.00,'2022-01-22',1,NULL,30,1,1,'2022-01-21 23:19:41'),(75,19,37,0.00,0.00,'2022-01-22',1,NULL,30,1,1,'2022-01-21 23:19:41'),(76,19,25,96450.00,0.00,'2022-01-22',1,1,31,1,1,'2022-01-21 23:20:36'),(77,20,36,23370.00,0.00,'2021-12-08',1,NULL,32,1,1,'2022-01-21 23:22:44'),(78,20,39,0.00,0.00,'2021-12-08',1,NULL,32,1,1,'2022-01-21 23:22:44'),(79,20,38,1000.00,0.00,'2022-01-22',1,NULL,32,1,1,'2022-01-21 23:22:44'),(80,20,37,0.00,0.00,'2022-01-22',1,NULL,32,1,1,'2022-01-21 23:22:44'),(81,20,25,196762.00,0.00,'2022-01-22',1,1,33,1,1,'2022-01-21 23:23:25'),(82,21,36,167320.00,0.00,'2021-07-10',1,NULL,34,1,1,'2022-01-21 23:29:45'),(83,21,39,0.00,0.00,'2021-07-10',1,NULL,34,1,1,'2022-01-21 23:29:45'),(84,21,38,1500.00,0.00,'2022-01-22',1,NULL,34,1,1,'2022-01-21 23:29:46'),(85,21,37,0.00,0.00,'2022-01-22',1,NULL,34,1,1,'2022-01-21 23:29:46'),(86,21,25,101768.00,0.00,'2022-01-22',1,1,35,1,1,'2022-01-21 23:30:10'),(87,22,36,31563.00,0.00,'2021-11-24',1,NULL,36,1,1,'2022-01-21 23:30:39'),(88,22,39,0.00,0.00,'2021-11-24',1,NULL,36,1,1,'2022-01-21 23:30:39'),(89,22,38,1000.00,0.00,'2022-01-22',1,NULL,36,1,1,'2022-01-21 23:30:39'),(90,22,37,0.00,0.00,'2022-01-22',1,NULL,36,1,1,'2022-01-21 23:30:39'),(91,22,25,5000.00,0.00,'2022-01-22',1,1,37,1,1,'2022-01-21 23:30:51'),(92,23,36,144000.00,0.00,'2021-11-29',1,NULL,38,1,1,'2022-01-21 23:31:16'),(93,23,39,0.00,0.00,'2021-11-29',1,NULL,38,1,1,'2022-01-21 23:31:17'),(94,23,38,1500.00,0.00,'2022-01-22',1,NULL,38,1,1,'2022-01-21 23:31:17'),(95,23,37,0.00,0.00,'2022-01-22',1,NULL,38,1,1,'2022-01-21 23:31:17'),(96,23,25,158882.00,0.00,'2022-01-22',1,1,39,1,1,'2022-01-21 23:31:33'),(97,24,36,141980.00,0.00,'2021-10-23',1,NULL,40,1,1,'2022-01-21 23:32:03'),(98,24,39,0.00,0.00,'2021-10-23',1,NULL,40,1,1,'2022-01-21 23:32:03'),(99,24,38,1500.00,0.00,'2022-01-22',1,NULL,40,1,1,'2022-01-21 23:32:03'),(100,24,37,0.00,0.00,'2022-01-22',1,NULL,40,1,1,'2022-01-21 23:32:03'),(101,24,25,41789.00,0.00,'2022-01-22',1,1,41,1,1,'2022-01-21 23:32:20'),(102,25,36,110698.00,0.00,'2022-01-01',1,NULL,42,1,1,'2022-01-21 23:32:50'),(103,25,39,0.00,0.00,'2022-01-01',1,NULL,42,1,1,'2022-01-21 23:32:50'),(104,25,38,1500.00,0.00,'2022-01-22',1,NULL,42,1,1,'2022-01-21 23:32:50'),(105,25,37,0.00,0.00,'2022-01-22',1,NULL,42,1,1,'2022-01-21 23:32:50'),(106,25,25,159800.00,0.00,'2022-01-22',1,1,43,1,1,'2022-01-21 23:33:05'),(107,26,25,124202.00,0.00,'2022-01-22',1,1,44,1,1,'2022-01-21 23:33:28'),(108,27,36,124321.00,0.00,'2021-10-05',1,NULL,45,1,1,'2022-01-21 23:33:57'),(109,27,39,0.00,0.00,'2021-10-05',1,NULL,45,1,1,'2022-01-21 23:33:57'),(110,27,38,1500.00,0.00,'2022-01-22',1,NULL,45,1,1,'2022-01-21 23:33:57'),(111,27,37,0.00,0.00,'2022-01-22',1,NULL,45,1,1,'2022-01-21 23:33:57'),(112,27,25,158070.00,0.00,'2022-01-22',1,1,46,1,1,'2022-01-21 23:34:14'),(113,28,36,18037.00,0.00,'2021-11-24',1,NULL,47,1,1,'2022-01-21 23:34:43'),(114,28,39,0.00,0.00,'2021-11-24',1,NULL,47,1,1,'2022-01-21 23:34:43'),(115,28,38,1000.00,0.00,'2022-01-22',1,NULL,47,1,1,'2022-01-21 23:34:43'),(116,28,37,0.00,0.00,'2022-01-22',1,NULL,47,1,1,'2022-01-21 23:34:43'),(117,29,36,94969.00,0.00,'2021-06-16',1,NULL,48,1,1,'2022-01-21 23:35:33'),(118,29,39,0.00,0.00,'2021-06-16',1,NULL,48,1,1,'2022-01-21 23:35:33'),(119,29,38,1000.00,0.00,'2022-01-22',1,NULL,48,1,1,'2022-01-21 23:35:33'),(120,29,37,0.00,0.00,'2022-01-22',1,NULL,48,1,1,'2022-01-21 23:35:33'),(121,30,25,145611.00,0.00,'2022-01-22',1,1,49,1,1,'2022-01-21 23:35:59'),(122,32,25,96300.00,0.00,'2022-01-22',1,1,50,1,1,'2022-01-21 23:36:34'),(123,33,36,30000.00,0.00,'2021-10-05',1,NULL,51,1,1,'2022-01-21 23:37:04'),(124,33,39,0.00,0.00,'2021-10-05',1,NULL,51,1,1,'2022-01-21 23:37:04'),(125,33,38,1000.00,0.00,'2022-01-22',1,NULL,51,1,1,'2022-01-21 23:37:04'),(126,33,37,0.00,0.00,'2022-01-22',1,NULL,51,1,1,'2022-01-21 23:37:04'),(127,33,25,128154.00,0.00,'2022-01-22',1,1,52,1,1,'2022-01-21 23:37:48'),(128,35,25,91482.00,0.00,'2022-01-22',1,1,53,1,1,'2022-01-21 23:38:19'),(129,36,25,113700.00,0.00,'2022-01-22',1,1,54,1,1,'2022-01-21 23:38:42'),(130,37,36,15000.00,0.00,'2022-01-20',1,NULL,55,1,1,'2022-01-21 23:39:13'),(131,37,39,0.00,0.00,'2022-01-20',1,NULL,55,1,1,'2022-01-21 23:39:13'),(132,37,38,1000.00,0.00,'2022-01-22',1,NULL,55,1,1,'2022-01-21 23:39:13'),(133,37,37,0.00,0.00,'2022-01-22',1,NULL,55,1,1,'2022-01-21 23:39:13'),(134,37,25,31980.00,0.00,'2022-01-22',1,1,56,1,1,'2022-01-21 23:39:30'),(135,39,36,58126.00,0.00,'2021-05-01',1,NULL,57,1,1,'2022-01-21 23:40:22'),(136,39,39,0.00,0.00,'2021-05-01',1,NULL,57,1,1,'2022-01-21 23:40:22'),(137,39,38,1000.00,0.00,'2022-01-22',1,NULL,57,1,1,'2022-01-21 23:40:22'),(138,39,37,0.00,0.00,'2022-01-22',1,NULL,57,1,1,'2022-01-21 23:40:22'),(139,39,25,5000.00,0.00,'2022-01-22',1,1,58,1,1,'2022-01-21 23:40:33'),(140,40,36,15800.00,0.00,'2021-10-01',1,NULL,59,1,1,'2022-01-21 23:40:57'),(141,40,39,0.00,0.00,'2021-10-01',1,NULL,59,1,1,'2022-01-21 23:40:57'),(142,40,38,1000.00,0.00,'2022-01-22',1,NULL,59,1,1,'2022-01-21 23:40:57'),(143,40,37,0.00,0.00,'2022-01-22',1,NULL,59,1,1,'2022-01-21 23:40:57'),(144,40,25,5288.00,0.00,'2022-01-22',1,1,60,1,1,'2022-01-21 23:41:14'),(145,41,25,57037.00,0.00,'2022-01-22',1,1,61,1,1,'2022-01-21 23:41:36'),(146,43,36,42000.00,0.00,'2021-09-14',1,NULL,62,1,1,'2022-01-21 23:42:11'),(147,43,39,0.00,0.00,'2021-09-14',1,NULL,62,1,1,'2022-01-21 23:42:11'),(148,43,38,1000.00,0.00,'2022-01-22',1,NULL,62,1,1,'2022-01-21 23:42:11'),(149,43,37,0.00,0.00,'2022-01-22',1,NULL,62,1,1,'2022-01-21 23:42:11'),(150,43,25,52130.00,0.00,'2022-01-22',1,1,63,1,1,'2022-01-21 23:42:26'),(151,44,25,100048.00,0.00,'2022-01-22',1,1,64,1,1,'2022-01-21 23:43:02'),(152,45,25,11390.00,0.00,'2022-01-22',1,1,65,1,1,'2022-01-21 23:43:20'),(153,46,25,44173.00,0.00,'2022-01-22',1,1,66,1,1,'2022-01-21 23:43:40'),(154,47,25,43918.00,0.00,'2022-01-22',1,1,67,1,1,'2022-01-21 23:44:09'),(155,48,25,22011.00,0.00,'2022-01-22',1,1,68,1,1,'2022-01-21 23:44:26'),(156,49,25,5663.00,0.00,'2022-01-22',1,1,69,1,1,'2022-01-21 23:44:43'),(157,50,25,21105.00,0.00,'2022-01-22',1,1,70,1,1,'2022-01-21 23:45:00'),(158,51,36,22000.00,0.00,'2021-07-23',1,NULL,71,1,1,'2022-01-21 23:46:12'),(159,51,39,0.00,0.00,'2021-07-23',1,NULL,71,1,1,'2022-01-21 23:46:12'),(160,51,38,1000.00,0.00,'2022-01-22',1,NULL,71,1,1,'2022-01-21 23:46:12'),(161,51,37,0.00,0.00,'2022-01-22',1,NULL,71,1,1,'2022-01-21 23:46:12'),(162,51,25,63060.00,0.00,'2022-01-22',1,1,72,1,1,'2022-01-21 23:46:26'),(163,52,36,20000.00,0.00,'2021-05-01',1,NULL,73,1,1,'2022-01-21 23:46:58'),(164,52,39,0.00,0.00,'2021-05-01',1,NULL,73,1,1,'2022-01-21 23:46:58'),(165,52,38,1000.00,0.00,'2022-01-22',1,NULL,73,1,1,'2022-01-21 23:46:58'),(166,52,37,0.00,0.00,'2022-01-22',1,NULL,73,1,1,'2022-01-21 23:46:58'),(167,52,25,29700.00,0.00,'2022-01-22',1,1,74,1,1,'2022-01-21 23:50:07'),(168,54,25,21791.00,0.00,'2022-01-22',1,1,75,1,1,'2022-01-21 23:50:28'),(169,55,25,20680.00,0.00,'2022-01-22',1,1,76,1,1,'2022-01-21 23:50:47'),(170,56,25,17237.00,0.00,'2022-01-22',1,1,77,1,1,'2022-01-21 23:51:06'),(171,57,25,16620.00,0.00,'2022-01-22',1,1,78,1,1,'2022-01-21 23:51:23'),(172,58,25,6953.00,0.00,'2022-01-22',1,1,79,1,1,'2022-01-21 23:51:53'),(173,59,25,10883.00,0.00,'2022-01-22',1,1,80,1,1,'2022-01-21 23:52:19'),(174,60,25,8301.00,0.00,'2022-01-22',1,1,81,1,1,'2022-01-21 23:52:46'),(175,61,25,7651.00,0.00,'2022-01-22',1,1,82,1,1,'2022-01-21 23:53:08'),(176,69,25,27700.00,0.00,'2022-01-22',1,1,83,1,1,'2022-01-21 23:53:31'),(177,75,25,28140.00,0.00,'2022-01-22',1,1,84,1,1,'2022-01-21 23:53:50'),(178,3,39,50720.00,0.00,'2021-12-22',1,NULL,85,1,1,'2022-01-22 00:11:09'),(179,5,39,20000.00,0.00,'2021-12-22',1,NULL,86,1,1,'2022-01-22 00:11:43'),(180,6,39,12500.00,0.00,'2021-09-01',1,NULL,87,1,1,'2022-01-22 00:11:59'),(181,6,39,9000.00,0.00,'2021-10-01',1,NULL,88,1,1,'2022-01-22 00:12:18'),(182,6,39,5840.00,0.00,'2021-11-01',1,NULL,89,1,1,'2022-01-22 00:12:26'),(183,6,39,7720.00,0.00,'2021-12-01',1,NULL,90,1,1,'2022-01-22 00:12:35'),(184,6,39,7500.00,0.00,'2022-01-30',1,NULL,91,1,1,'2022-01-22 00:12:42'),(185,7,39,300.00,0.00,'2021-08-01',1,NULL,92,1,1,'2022-01-22 00:13:14'),(186,10,39,7500.00,0.00,'2021-11-01',1,NULL,93,1,1,'2022-01-22 00:13:51'),(187,10,39,5600.00,0.00,'2021-12-01',1,NULL,94,1,1,'2022-01-22 00:13:58'),(188,10,39,9400.00,0.00,'2021-12-01',1,NULL,95,1,1,'2022-01-22 00:14:05'),(189,10,39,6100.00,0.00,'2022-01-01',1,NULL,96,1,1,'2022-01-22 00:14:12'),(190,13,39,9500.00,0.00,'2021-09-01',1,NULL,97,1,1,'2022-01-22 00:14:34'),(191,13,39,13500.00,0.00,'2021-10-01',1,NULL,98,1,1,'2022-01-22 00:14:43'),(192,13,39,10000.00,0.00,'2021-11-01',1,NULL,99,1,1,'2022-01-22 00:14:53'),(193,13,39,10500.00,0.00,'2021-12-01',1,NULL,100,1,1,'2022-01-22 00:14:59'),(194,13,39,132174.00,0.00,'2022-02-23',1,NULL,101,1,1,'2022-01-22 00:15:06'),(195,15,39,7000.00,0.00,'2021-08-01',1,NULL,102,1,1,'2022-01-22 00:15:35'),(196,15,39,27000.00,0.00,'2021-09-01',1,NULL,103,1,1,'2022-01-22 00:15:41'),(197,15,39,28500.00,0.00,'2021-10-01',1,NULL,104,1,1,'2022-01-22 00:15:49'),(198,15,39,24000.00,0.00,'2021-11-01',1,NULL,105,1,1,'2022-01-22 00:15:57'),(199,15,39,28500.00,0.00,'2021-12-01',1,NULL,106,1,1,'2022-01-22 00:16:06'),(200,15,39,31000.00,0.00,'2022-01-01',1,NULL,107,1,1,'2022-01-22 00:16:13'),(201,17,39,2400.00,0.00,'2021-12-01',1,NULL,108,1,1,'2022-01-22 00:16:31'),(202,17,39,3400.00,0.00,'2022-01-30',1,NULL,109,1,1,'2022-01-22 00:16:38'),(203,19,39,720.00,0.00,'2021-11-01',1,NULL,110,1,1,'2022-01-22 00:16:59'),(204,19,39,3500.00,0.00,'2022-01-01',1,NULL,111,1,1,'2022-01-22 00:17:08'),(205,23,39,3600.00,0.00,'2022-01-01',1,NULL,112,1,1,'2022-01-22 00:17:23'),(206,27,39,4800.00,0.00,'2021-10-01',1,NULL,113,1,1,'2022-01-22 00:17:41'),(207,27,39,5100.00,0.00,'2021-11-01',1,NULL,114,1,1,'2022-01-22 00:17:47'),(208,27,39,6300.00,0.00,'2021-12-01',1,NULL,115,1,1,'2022-01-22 00:17:53'),(209,27,39,3000.00,0.00,'2022-01-01',1,NULL,116,1,1,'2022-01-22 00:17:59'),(210,29,39,3000.00,0.00,'2021-09-01',1,NULL,117,1,1,'2022-01-22 00:18:17'),(211,29,39,9500.00,0.00,'2021-12-01',1,NULL,118,1,1,'2022-01-22 00:18:28'),(212,29,39,4500.00,0.00,'2022-01-01',1,NULL,119,1,1,'2022-01-22 00:18:41'),(213,51,39,1000.00,0.00,'2021-09-01',1,NULL,120,1,1,'2022-01-22 00:19:07'),(214,3,39,0.00,0.00,'2021-11-01',1,NULL,121,1,1,'2022-01-22 00:41:43'),(215,3,39,0.00,0.00,'2022-01-01',1,NULL,122,1,1,'2022-01-22 00:41:46'),(216,5,39,0.00,0.00,'2022-01-01',1,NULL,123,1,1,'2022-01-22 00:56:19'),(217,7,39,0.00,0.00,'2022-01-01',1,NULL,124,1,1,'2022-01-22 02:08:45'),(218,7,39,0.00,0.00,'2021-12-01',1,NULL,125,1,1,'2022-01-22 02:08:49'),(219,7,39,0.00,0.00,'2021-11-01',1,NULL,126,1,1,'2022-01-22 02:08:53'),(220,7,39,0.00,0.00,'2021-10-01',1,NULL,127,1,1,'2022-01-22 02:08:56'),(221,7,39,0.00,0.00,'2021-09-01',1,NULL,128,1,1,'2022-01-22 02:09:04'),(222,8,39,0.00,0.00,'2021-06-01',1,NULL,129,1,1,'2022-01-22 02:12:03'),(223,8,39,0.00,0.00,'2022-01-01',1,NULL,130,1,1,'2022-01-22 02:12:09'),(224,8,39,0.00,0.00,'2021-07-01',1,NULL,131,1,1,'2022-01-22 02:12:13'),(225,8,39,0.00,0.00,'2021-08-01',1,NULL,132,1,1,'2022-01-22 02:12:19'),(226,8,39,0.00,0.00,'2021-09-01',1,NULL,133,1,1,'2022-01-22 02:12:23'),(227,8,39,0.00,0.00,'2021-10-01',1,NULL,134,1,1,'2022-01-22 02:12:32'),(228,8,39,0.00,0.00,'2021-11-01',1,NULL,135,1,1,'2022-01-22 02:12:37'),(229,8,39,0.00,0.00,'2021-12-01',1,NULL,136,1,1,'2022-01-22 02:12:48'),(230,9,39,0.00,0.00,'2022-02-01',1,NULL,137,1,1,'2022-01-22 05:13:34'),(231,9,39,0.00,0.00,'2022-02-01',1,NULL,138,1,1,'2022-01-22 05:13:39'),(232,9,39,0.00,0.00,'2022-02-01',1,NULL,139,1,1,'2022-01-22 05:13:44'),(233,9,39,0.00,0.00,'2022-02-01',1,NULL,140,1,1,'2022-01-22 05:13:48'),(234,9,39,0.00,0.00,'2022-02-01',1,NULL,141,1,1,'2022-01-22 05:14:03'),(235,9,39,0.00,0.00,'2022-02-01',1,NULL,142,1,1,'2022-01-22 05:14:07'),(236,9,39,0.00,0.00,'2022-02-01',1,NULL,143,1,1,'2022-01-22 05:14:11'),(237,9,39,0.00,0.00,'2022-02-01',1,NULL,144,1,1,'2022-01-22 05:14:16'),(238,14,39,0.00,0.00,'2021-06-01',1,NULL,145,1,1,'2022-01-22 05:26:21'),(239,14,39,0.00,0.00,'2021-07-01',1,NULL,146,1,1,'2022-01-22 05:26:34'),(240,14,39,0.00,0.00,'2021-08-01',1,NULL,147,1,1,'2022-01-22 05:26:37'),(241,14,39,0.00,0.00,'2021-09-01',1,NULL,148,1,1,'2022-01-22 05:26:40'),(242,14,39,0.00,0.00,'2021-10-01',1,NULL,149,1,1,'2022-01-22 05:26:44'),(243,14,39,0.00,0.00,'2021-11-01',1,NULL,150,1,1,'2022-01-22 05:26:46'),(244,14,39,0.00,0.00,'2021-12-01',1,NULL,151,1,1,'2022-01-22 05:26:49'),(245,14,39,0.00,0.00,'2022-01-01',1,NULL,152,1,1,'2022-01-22 05:26:51'),(246,17,39,0.00,0.00,'2021-10-01',1,NULL,153,1,1,'2022-01-22 05:28:26'),(247,17,39,0.00,0.00,'2021-11-01',1,NULL,154,1,1,'2022-01-22 05:28:32'),(248,18,39,0.00,0.00,'2021-06-01',1,NULL,155,1,1,'2022-01-22 05:29:29'),(249,18,39,0.00,0.00,'2021-07-01',1,NULL,156,1,1,'2022-01-22 05:29:33'),(250,18,39,0.00,0.00,'2021-08-01',1,NULL,157,1,1,'2022-01-22 05:29:36'),(251,18,39,0.00,0.00,'2021-09-01',1,NULL,158,1,1,'2022-01-22 05:29:39'),(252,18,39,0.00,0.00,'2021-10-01',1,NULL,159,1,1,'2022-01-22 05:29:42'),(253,18,39,0.00,0.00,'2021-11-01',1,NULL,160,1,1,'2022-01-22 05:29:45'),(254,18,39,0.00,0.00,'2021-12-01',1,NULL,161,1,1,'2022-01-22 05:29:49'),(255,18,39,0.00,0.00,'2022-01-22',1,NULL,162,1,1,'2022-01-22 05:29:51'),(256,19,39,0.00,0.00,'2021-08-01',1,NULL,163,1,1,'2022-01-22 05:32:26'),(257,19,39,0.00,0.00,'2021-09-01',1,NULL,164,1,1,'2022-01-22 05:32:29'),(258,19,39,0.00,0.00,'2021-10-01',1,NULL,165,1,1,'2022-01-22 05:32:34'),(259,19,39,0.00,0.00,'2021-12-01',1,NULL,166,1,1,'2022-01-22 05:32:37'),(260,20,39,0.00,0.00,'2022-01-01',1,NULL,167,1,1,'2022-01-22 05:35:58'),(261,21,39,0.00,0.00,'2021-08-01',1,NULL,168,1,1,'2022-01-22 05:36:32'),(262,21,39,0.00,0.00,'2021-09-01',1,NULL,169,1,1,'2022-01-22 05:36:35'),(263,21,39,0.00,0.00,'2021-10-01',1,NULL,170,1,1,'2022-01-22 05:36:38'),(264,21,39,0.00,0.00,'2021-11-01',1,NULL,171,1,1,'2022-01-22 05:36:41'),(265,21,39,0.00,0.00,'2021-12-01',1,NULL,172,1,1,'2022-01-22 05:36:43'),(266,21,39,0.00,0.00,'2022-01-01',1,NULL,173,1,1,'2022-01-22 05:36:46'),(267,22,39,0.00,0.00,'2022-01-01',1,NULL,174,1,1,'2022-01-22 05:38:36'),(268,22,39,0.00,0.00,'2021-12-01',1,NULL,175,1,1,'2022-01-22 05:38:42'),(269,23,39,0.00,0.00,'2021-12-01',1,NULL,176,1,1,'2022-01-22 05:39:18'),(270,24,39,0.00,0.00,'2021-11-01',1,NULL,177,1,1,'2022-01-22 05:39:53'),(271,24,39,0.00,0.00,'2021-12-01',1,NULL,178,1,1,'2022-01-22 05:39:57'),(272,24,39,0.00,0.00,'2022-01-01',1,NULL,179,1,1,'2022-01-22 05:40:03'),(273,28,39,0.00,0.00,'2021-12-01',1,NULL,180,1,1,'2022-01-22 05:40:52'),(274,28,39,0.00,0.00,'2022-01-01',1,NULL,181,1,1,'2022-01-22 05:40:56'),(275,29,39,0.00,0.00,'2021-07-01',1,NULL,182,1,1,'2022-01-22 05:41:35'),(276,29,39,0.00,0.00,'2021-08-01',1,NULL,183,1,1,'2022-01-22 05:41:39'),(277,29,39,0.00,0.00,'2021-10-01',1,NULL,184,1,1,'2022-01-22 05:41:43'),(278,29,39,0.00,0.00,'2021-11-01',1,NULL,185,1,1,'2022-01-22 05:41:46'),(279,33,39,0.00,0.00,'2021-11-01',1,NULL,186,1,1,'2022-01-22 05:42:47'),(280,33,39,0.00,0.00,'2021-12-01',1,NULL,187,1,1,'2022-01-22 05:42:51'),(281,33,39,0.00,0.00,'2022-01-01',1,NULL,188,1,1,'2022-01-22 05:42:54'),(282,39,39,0.00,0.00,'2021-06-01',1,NULL,189,1,1,'2022-01-22 05:43:41'),(283,39,39,0.00,0.00,'2021-07-01',1,NULL,190,1,1,'2022-01-22 05:43:44'),(284,39,39,0.00,0.00,'2021-08-01',1,NULL,191,1,1,'2022-01-22 05:43:46'),(285,39,39,0.00,0.00,'2021-09-01',1,NULL,192,1,1,'2022-01-22 05:43:49'),(286,39,39,0.00,0.00,'2021-10-01',1,NULL,193,1,1,'2022-01-22 05:43:51'),(287,39,39,0.00,0.00,'2021-11-01',1,NULL,194,1,1,'2022-01-22 05:43:53'),(288,39,39,0.00,0.00,'2021-12-01',1,NULL,195,1,1,'2022-01-22 05:43:56'),(289,39,39,0.00,0.00,'2022-01-01',1,NULL,196,1,1,'2022-01-22 05:43:59'),(290,39,39,0.00,0.00,'2022-01-01',1,NULL,197,1,1,'2022-01-22 05:44:01'),(291,40,39,0.00,0.00,'2021-11-01',1,NULL,198,1,1,'2022-01-22 05:46:10'),(292,40,39,0.00,0.00,'2021-12-01',1,NULL,199,1,1,'2022-01-22 05:46:14'),(293,40,39,0.00,0.00,'2022-01-01',1,NULL,200,1,1,'2022-01-22 05:46:18'),(294,43,39,0.00,0.00,'2021-10-01',1,NULL,201,1,1,'2022-01-22 05:47:17'),(295,43,39,0.00,0.00,'2021-11-01',1,NULL,202,1,1,'2022-01-22 05:47:21'),(296,43,39,0.00,0.00,'2021-12-01',1,NULL,203,1,1,'2022-01-22 05:47:24'),(297,43,39,0.00,0.00,'2022-01-01',1,NULL,204,1,1,'2022-01-22 05:47:27'),(298,51,39,0.00,0.00,'2021-08-01',1,NULL,205,1,1,'2022-01-22 05:48:41'),(299,51,39,0.00,0.00,'2021-10-01',1,NULL,206,1,1,'2022-01-22 05:48:45'),(300,51,39,0.00,0.00,'2021-11-01',1,NULL,207,1,1,'2022-01-22 05:48:48'),(301,51,39,0.00,0.00,'2021-12-01',1,NULL,208,1,1,'2022-01-22 05:48:50'),(302,51,39,0.00,0.00,'2022-01-01',1,NULL,209,1,1,'2022-01-22 05:48:53'),(303,52,39,0.00,0.00,'2021-06-01',1,NULL,210,1,1,'2022-01-22 05:50:03'),(304,52,39,0.00,0.00,'2021-07-01',1,NULL,211,1,1,'2022-01-22 05:50:06'),(305,52,39,0.00,0.00,'2021-08-01',1,NULL,212,1,1,'2022-01-22 05:50:09'),(306,52,39,0.00,0.00,'2021-09-01',1,NULL,213,1,1,'2022-01-22 05:50:11'),(307,52,39,0.00,0.00,'2021-10-01',1,NULL,214,1,1,'2022-01-22 05:50:14'),(308,52,39,0.00,0.00,'2021-11-01',1,NULL,215,1,1,'2022-01-22 05:50:16'),(309,52,39,0.00,0.00,'2021-12-01',1,NULL,216,1,1,'2022-01-22 05:50:18'),(310,52,39,0.00,0.00,'2022-01-01',1,NULL,217,1,1,'2022-01-22 05:50:21'),(311,19,49,0.00,0.00,'2022-01-22',1,1,218,1,1,'2022-01-22 05:53:51'),(312,103,24,0.00,0.00,'2022-01-22',1,1,219,1,1,'2022-01-22 10:22:15'),(314,19,33,4800.00,0.00,'2022-02-25',1,1,220,1,1,'2022-02-25 12:33:24'),(315,18,33,3800.00,0.00,'2022-02-25',1,1,221,1,1,'2022-02-25 12:33:57'),(316,63,33,4600.00,0.00,'2022-02-25',1,1,222,1,1,'2022-02-25 12:34:48'),(317,40,33,2600.00,0.00,'2022-02-25',1,1,223,1,1,'2022-02-25 12:35:18'),(318,30,33,6200.00,0.00,'2022-02-25',1,1,224,1,1,'2022-02-25 12:35:45'),(319,18,33,4600.00,0.00,'2022-02-25',1,1,225,1,1,'2022-02-25 12:36:40'),(320,42,33,2200.00,0.00,'2022-02-25',1,1,226,1,1,'2022-02-25 12:37:06'),(321,21,33,4000.00,0.00,'2022-02-25',1,1,227,1,1,'2022-02-25 12:37:38'),(322,17,33,5800.00,0.00,'2022-02-25',1,1,228,1,1,'2022-02-25 12:38:16'),(323,1,33,4800.00,0.00,'2022-02-25',1,1,229,1,1,'2022-02-25 12:38:47'),(324,4,33,5400.00,0.00,'2022-02-25',1,1,230,1,1,'2022-02-25 12:39:20'),(325,13,33,5600.00,0.00,'2022-02-25',1,1,231,1,1,'2022-02-25 12:39:40'),(326,11,33,5800.00,0.00,'2022-02-25',1,1,232,1,1,'2022-02-25 12:40:27'),(327,53,33,5200.00,0.00,'2022-02-25',1,1,233,1,1,'2022-02-25 12:41:58'),(328,33,33,5800.00,0.00,'2022-02-25',1,1,234,1,1,'2022-02-25 12:42:37'),(329,7,33,5800.00,0.00,'2022-02-25',1,1,235,1,1,'2022-02-25 12:43:04'),(330,10,33,6200.00,0.00,'2022-02-25',1,1,236,1,1,'2022-02-25 12:43:46'),(331,74,33,2400.00,0.00,'2022-02-25',1,1,237,1,1,'2022-02-25 12:44:10'),(332,27,33,4600.00,0.00,'2022-02-25',1,1,238,1,1,'2022-02-25 12:44:51'),(333,51,33,5000.00,0.00,'2022-02-25',1,1,239,1,1,'2022-02-25 12:45:20'),(334,12,33,5000.00,0.00,'2022-02-25',1,1,240,1,1,'2022-02-25 12:45:49'),(335,3,33,5400.00,0.00,'2022-02-25',1,1,241,1,1,'2022-02-25 12:46:10'),(336,75,33,5400.00,0.00,'2022-02-25',1,1,242,1,1,'2022-02-25 12:46:38'),(337,6,33,5400.00,0.00,'2022-02-25',1,1,243,1,1,'2022-02-25 12:47:01'),(338,6,33,5200.00,0.00,'2022-02-25',1,1,244,1,1,'2022-02-25 12:48:43'),(339,5,33,5000.00,0.00,'2022-02-25',1,1,245,1,1,'2022-02-25 12:49:14'),(340,36,33,5600.00,0.00,'2022-02-25',1,1,246,1,1,'2022-02-25 12:49:38'),(341,24,33,3800.00,0.00,'2022-02-25',1,1,247,1,1,'2022-02-25 12:50:25'),(342,21,33,5600.00,0.00,'2022-02-25',1,1,248,1,1,'2022-02-25 12:50:51'),(343,66,33,4200.00,0.00,'2022-02-25',1,1,249,1,1,'2022-02-25 12:51:22'),(344,15,33,6000.00,0.00,'2022-02-25',1,1,250,1,1,'2022-02-25 12:52:01'),(345,9,33,5600.00,0.00,'2022-02-25',1,1,251,1,1,'2022-02-25 12:53:30'),(346,19,33,4200.00,0.00,'2022-02-25',1,1,252,1,1,'2022-02-25 12:55:37'),(347,69,33,5400.00,0.00,'2022-02-25',1,1,253,1,1,'2022-02-25 12:56:55'),(348,3,33,5000.00,0.00,'2022-02-25',1,1,254,1,1,'2022-02-25 12:57:21'),(349,12,33,5600.00,0.00,'2022-02-25',1,1,255,1,1,'2022-02-25 12:58:08'),(350,55,33,1600.00,0.00,'2022-02-25',1,1,256,1,1,'2022-02-25 13:26:03'),(351,16,33,3400.00,0.00,'2022-02-25',1,1,257,1,1,'2022-02-25 13:26:48'),(352,3,33,5800.00,0.00,'2022-02-25',1,1,258,1,1,'2022-02-25 13:27:08'),(353,19,33,3400.00,0.00,'2022-02-25',1,1,259,1,1,'2022-02-25 13:36:20'),(354,18,33,2400.00,0.00,'2022-02-25',1,1,260,1,1,'2022-02-25 13:36:42'),(355,63,33,3600.00,0.00,'2022-02-25',1,1,261,1,1,'2022-02-25 13:37:04'),(356,30,33,4800.00,0.00,'2022-02-25',1,1,262,1,1,'2022-02-25 13:37:26'),(357,18,33,3000.00,0.00,'2022-02-25',1,1,263,1,1,'2022-02-25 13:37:48'),(358,1,33,3400.00,0.00,'2022-02-25',1,1,264,1,1,'2022-02-25 13:38:35'),(359,4,33,4400.00,0.00,'2022-02-25',1,1,265,1,1,'2022-02-25 13:39:09'),(360,13,33,3800.00,0.00,'2022-02-25',1,1,266,1,1,'2022-02-25 13:39:31'),(361,11,33,4800.00,0.00,'2022-02-25',1,1,267,1,1,'2022-02-25 13:40:20'),(362,53,33,4000.00,0.00,'2022-02-25',1,1,268,1,1,'2022-02-25 13:40:45'),(363,33,33,4800.00,0.00,'2022-02-25',1,1,269,1,1,'2022-02-25 13:41:04'),(364,7,33,4600.00,0.00,'2022-02-25',1,1,270,1,1,'2022-02-25 13:41:24'),(365,10,33,4800.00,0.00,'2022-02-25',1,1,271,1,1,'2022-02-25 13:41:50'),(366,74,33,3600.00,0.00,'2022-02-25',1,1,272,1,1,'2022-02-25 13:42:12'),(367,27,33,3600.00,0.00,'2022-02-25',1,1,273,1,1,'2022-02-25 13:42:33'),(368,51,33,3400.00,0.00,'2022-02-25',1,1,274,1,1,'2022-02-25 13:42:53'),(369,12,33,4200.00,0.00,'2022-02-25',1,1,275,1,1,'2022-02-25 13:43:14'),(370,3,33,2800.00,0.00,'2022-02-25',1,1,276,1,1,'2022-02-25 13:43:35'),(371,6,33,3200.00,0.00,'2022-02-25',1,1,277,1,1,'2022-02-25 13:44:00'),(372,6,33,3200.00,0.00,'2022-02-25',1,1,278,1,1,'2022-02-25 13:44:37'),(373,5,33,3800.00,0.00,'2022-02-25',1,1,279,1,1,'2022-02-25 13:44:58'),(374,36,33,4000.00,0.00,'2022-02-25',1,1,280,1,1,'2022-02-25 13:45:18'),(375,24,33,3200.00,0.00,'2022-02-25',1,1,281,1,1,'2022-02-25 13:45:40'),(376,21,33,4000.00,0.00,'2022-02-25',1,1,282,1,1,'2022-02-25 13:46:01'),(377,15,33,4800.00,0.00,'2022-02-25',1,1,283,1,1,'2022-02-25 13:46:23'),(378,9,33,3600.00,0.00,'2022-02-25',1,1,284,1,1,'2022-02-25 13:46:42'),(379,16,33,3000.00,0.00,'2022-02-25',1,1,285,1,1,'2022-02-25 13:47:05'),(380,19,33,3800.00,0.00,'2022-02-25',1,1,286,1,1,'2022-02-25 13:47:27'),(381,69,33,4000.00,0.00,'2022-02-25',1,1,287,1,1,'2022-02-25 13:47:48'),(382,3,33,3400.00,0.00,'2022-02-25',1,1,288,1,1,'2022-02-25 13:48:14'),(383,12,33,4000.00,0.00,'2022-02-25',1,1,289,1,1,'2022-02-25 13:48:36'),(384,3,33,3800.00,0.00,'2022-02-25',1,1,290,1,1,'2022-02-25 13:49:02'),(385,19,33,4400.00,0.00,'2022-02-25',1,1,291,1,1,'2022-02-25 13:49:25'),(386,19,43,650.00,0.00,'2022-02-25',1,1,292,1,1,'2022-02-25 13:53:04'),(387,18,43,600.00,0.00,'2022-02-25',1,1,293,1,1,'2022-02-25 13:53:26'),(388,63,43,900.00,0.00,'2022-02-25',1,1,294,1,1,'2022-02-25 13:53:51'),(389,30,43,1200.00,0.00,'2022-02-25',1,1,295,1,1,'2022-02-25 13:55:09'),(390,18,43,750.00,0.00,'2022-02-25',1,1,296,1,1,'2022-02-25 13:55:55'),(391,21,43,250.00,0.00,'2022-02-25',1,1,297,1,1,'2022-02-25 13:57:17'),(392,17,43,800.00,0.00,'2022-02-25',1,1,298,1,1,'2022-02-25 13:57:37'),(393,1,43,850.00,0.00,'2022-02-25',1,1,299,1,1,'2022-02-25 13:58:01'),(394,67,43,1050.00,0.00,'2022-02-25',1,1,300,1,1,'2022-02-25 13:59:09'),(395,4,43,1100.00,0.00,'2022-02-25',1,1,301,1,1,'2022-02-25 14:00:00'),(396,13,43,1000.00,0.00,'2022-02-25',1,1,302,1,1,'2022-02-25 14:00:19'),(397,13,43,0.00,0.00,'2022-02-25',1,1,303,1,1,'2022-02-25 14:01:01'),(398,11,43,1050.00,0.00,'2022-02-25',1,1,304,1,1,'2022-02-25 14:02:10'),(399,55,43,250.00,0.00,'2022-02-25',1,1,305,1,1,'2022-02-25 14:02:30'),(400,53,43,1000.00,0.00,'2022-02-25',1,1,306,1,1,'2022-02-25 14:03:30'),(401,33,43,1200.00,0.00,'2022-02-25',1,1,307,1,1,'2022-02-25 14:03:51'),(402,7,43,1150.00,0.00,'2022-02-25',1,1,308,1,1,'2022-02-25 14:04:14'),(403,10,43,1200.00,0.00,'2022-02-25',1,1,309,1,1,'2022-02-25 14:04:36'),(404,74,43,1100.00,0.00,'2022-02-25',1,1,310,1,1,'2022-02-25 14:04:54'),(405,27,43,900.00,0.00,'2022-02-25',1,1,311,1,1,'2022-02-25 14:05:25'),(406,51,43,850.00,0.00,'2022-02-25',1,1,312,1,1,'2022-02-25 14:05:56'),(407,12,43,1050.00,0.00,'2022-02-25',1,1,313,1,1,'2022-02-25 14:06:25'),(408,3,43,700.00,0.00,'2022-02-25',1,1,314,1,1,'2022-02-25 14:07:03'),(409,6,43,800.00,0.00,'2022-02-25',1,1,315,1,1,'2022-02-25 14:07:28'),(410,5,43,950.00,0.00,'2022-02-25',1,1,316,1,1,'2022-02-25 14:08:49'),(411,36,43,1000.00,0.00,'2022-02-25',1,1,317,1,1,'2022-02-25 14:09:10'),(412,24,43,800.00,0.00,'2022-02-25',1,1,318,1,1,'2022-02-25 14:09:27'),(413,15,43,1200.00,0.00,'2022-02-25',1,1,319,1,1,'2022-02-25 14:11:11'),(414,9,43,900.00,0.00,'2022-02-25',1,1,320,1,1,'2022-02-25 14:11:32'),(415,19,43,950.00,0.00,'2022-02-25',1,1,321,1,1,'2022-02-25 14:12:25'),(416,6,43,800.00,0.00,'2022-02-25',1,1,322,1,1,'2022-02-25 14:13:25'),(417,21,43,1000.00,0.00,'2022-02-25',1,1,323,1,1,'2022-02-25 14:17:39'),(418,69,43,1000.00,0.00,'2022-02-25',1,1,324,1,1,'2022-02-25 14:18:55'),(419,3,43,850.00,0.00,'2022-02-25',1,1,325,1,1,'2022-02-25 14:19:17'),(420,12,43,1000.00,0.00,'2022-02-25',1,1,326,1,1,'2022-02-25 14:19:45'),(421,3,43,950.00,0.00,'2022-02-25',1,1,327,1,1,'2022-02-25 14:20:07'),(422,19,43,1100.00,0.00,'2022-02-25',1,1,328,1,1,'2022-02-25 14:20:35'),(423,104,24,1000.00,0.00,'2022-02-25',1,1,329,1,1,'2022-02-25 14:40:41'),(424,18,42,1550.00,0.00,'2022-02-25',1,1,330,1,1,'2022-02-25 14:48:00'),(425,19,42,4500.00,0.00,'2022-02-25',1,1,331,1,1,'2022-02-25 14:49:37'),(426,19,49,4000.00,0.00,'2022-02-25',1,1,332,1,1,'2022-02-25 14:50:33'),(427,21,42,3300.00,0.00,'2022-02-26',1,1,333,1,1,'2022-02-26 06:43:40'),(428,17,42,4700.00,0.00,'2022-02-26',1,1,334,1,1,'2022-02-26 06:55:11'),(429,13,42,3400.00,0.00,'2022-02-26',1,1,335,1,1,'2022-02-26 06:56:17'),(430,11,42,8000.00,0.00,'2022-02-26',1,1,336,1,1,'2022-02-26 06:57:03'),(431,10,42,1200.00,0.00,'2022-02-26',1,1,337,1,1,'2022-02-26 06:57:18'),(432,74,42,4100.00,0.00,'2022-02-26',1,1,338,1,1,'2022-02-26 06:57:34'),(433,27,42,3600.00,0.00,'2022-02-26',1,1,339,1,1,'2022-02-26 06:57:52'),(434,72,42,5000.00,0.00,'2022-02-26',1,1,340,1,1,'2022-02-26 06:58:09'),(435,3,42,4400.00,0.00,'2022-02-26',1,1,341,1,1,'2022-02-26 06:58:24'),(436,9,42,2400.00,0.00,'2022-02-26',1,1,342,1,1,'2022-02-26 06:58:41'),(437,6,42,6400.00,0.00,'2022-02-26',1,1,343,1,1,'2022-02-26 06:58:56'),(438,53,42,1500.00,0.00,'2022-02-26',1,1,344,1,1,'2022-02-26 06:59:11'),(439,69,42,2850.00,0.00,'2022-02-26',1,1,345,1,1,'2022-02-26 06:59:29'),(440,19,42,900.00,0.00,'2022-02-26',1,1,346,1,1,'2022-02-26 06:59:44'),(441,19,42,1600.00,0.00,'2022-02-26',1,1,347,1,1,'2022-02-26 07:00:05'),(442,36,42,4800.00,0.00,'2022-02-26',1,1,348,1,1,'2022-02-26 07:00:19'),(443,6,42,5090.00,0.00,'2022-02-26',1,1,349,1,1,'2022-02-26 07:04:56'),(444,104,42,4200.00,0.00,'2022-02-26',1,1,350,1,1,'2022-02-26 07:05:11'),(445,30,42,300.00,0.00,'2022-02-26',1,1,351,1,1,'2022-02-26 07:05:25'),(446,55,42,4500.00,0.00,'2022-02-26',1,1,352,1,1,'2022-02-26 07:09:08'),(447,5,49,8500.00,0.00,'2022-02-26',1,1,353,1,1,'2022-02-26 07:11:45'),(448,21,49,6800.00,0.00,'2022-02-26',1,1,354,1,1,'2022-02-26 07:18:56'),(449,18,49,1800.00,0.00,'2022-02-26',1,1,355,1,1,'2022-02-26 07:19:18'),(450,12,49,700.00,0.00,'2022-02-26',1,1,356,1,1,'2022-02-26 07:19:33'),(451,1,49,9000.00,0.00,'2022-02-26',1,1,357,1,1,'2022-02-26 07:19:55'),(452,3,49,400.00,0.00,'2022-02-26',1,1,358,1,1,'2022-02-26 07:21:38'),(453,7,49,600.00,0.00,'2022-02-26',1,1,359,1,1,'2022-02-26 07:21:55'),(454,33,49,2500.00,0.00,'2022-02-26',1,1,360,1,1,'2022-02-26 07:23:42'),(455,75,49,5800.00,0.00,'2022-02-26',1,1,361,1,1,'2022-02-26 07:23:59'),(456,15,49,2100.00,0.00,'2022-02-26',1,1,362,1,1,'2022-02-26 07:24:17'),(457,12,49,4800.00,0.00,'2022-02-26',1,1,363,1,1,'2022-02-26 07:28:46'),(458,3,49,4800.00,0.00,'2022-02-26',1,1,364,1,1,'2022-02-26 07:30:15'),(459,51,49,1800.00,0.00,'2022-02-26',1,1,365,1,1,'2022-02-26 07:30:40'),(460,105,24,1000.00,0.00,'2022-02-26',1,1,366,1,1,'2022-02-26 08:03:45'),(461,105,42,950.00,0.00,'2022-02-26',1,1,367,1,1,'2022-02-26 08:44:56'),(462,45,25,0.00,0.00,'2022-02-26',1,1,368,1,1,'2022-02-26 12:23:56'),(463,9,25,100672.00,0.00,'2022-02-26',1,1,369,1,1,'2022-02-26 12:30:20'),(464,29,25,111863.00,0.00,'2022-02-26',1,1,370,1,1,'2022-02-26 12:53:53'),(465,6,25,0.00,0.00,'2022-02-26',1,1,371,1,1,'2022-02-26 12:54:48'),(466,8,25,458320.00,0.00,'2022-02-26',1,1,372,1,1,'2022-02-26 12:59:48'),(467,7,25,98143.00,0.00,'2022-02-26',1,1,373,1,1,'2022-02-26 13:03:08'),(468,28,25,5000.00,0.00,'2022-02-26',1,1,374,1,1,'2022-02-26 13:03:48'),(469,31,25,50522.00,0.00,'2022-02-26',1,1,375,1,1,'2022-02-26 13:10:54'),(470,42,25,73998.00,0.00,'2022-02-26',1,1,376,1,1,'2022-02-26 13:13:27'),(471,53,25,26640.00,0.00,'2022-02-26',1,1,377,1,1,'2022-02-26 13:23:59'),(472,64,25,9680.00,0.00,'2022-02-26',1,1,378,1,1,'2022-02-26 13:25:26'),(473,66,25,6440.00,0.00,'2022-02-26',1,1,379,1,1,'2022-02-26 13:25:49'),(474,74,25,2600.00,0.00,'2022-02-26',1,1,380,1,1,'2022-02-26 13:26:39'),(475,72,25,2620.00,0.00,'2022-02-26',1,1,381,1,1,'2022-02-26 13:35:18'),(476,80,28,67700.00,0.00,'2022-02-26',1,1,382,1,1,'2022-02-26 13:59:07'),(477,106,24,1000.00,0.00,'2022-02-26',1,1,383,1,1,'2022-02-26 14:00:39'),(478,106,28,79300.00,0.00,'2022-02-26',1,1,384,1,1,'2022-02-26 14:01:15'),(479,82,28,68620.00,0.00,'2022-02-26',1,1,385,1,1,'2022-02-26 14:03:24'),(480,107,24,1000.00,0.00,'2022-02-26',1,1,386,1,1,'2022-02-26 14:07:57'),(481,107,28,50800.00,0.00,'2022-02-26',1,1,387,1,1,'2022-02-26 14:08:35'),(482,108,24,1000.00,0.00,'2022-02-26',1,1,388,1,1,'2022-02-26 14:10:01'),(483,104,28,64220.00,0.00,'2022-02-26',1,1,389,1,1,'2022-02-26 14:12:00'),(484,67,28,73200.00,0.00,'2022-02-26',1,1,390,1,1,'2022-02-26 14:14:47'),(485,105,28,65120.00,0.00,'2022-02-26',1,1,391,1,1,'2022-02-26 14:15:18'),(486,109,24,1000.00,0.00,'2022-02-26',1,1,392,1,1,'2022-02-26 14:18:30'),(487,15,39,24000.00,0.00,'2022-02-23',1,NULL,393,1,1,'2022-02-26 14:33:29'),(488,9,35,100000.00,0.00,'2022-02-26',1,1,394,1,1,'2022-02-26 19:19:08'),(489,46,35,100000.00,0.00,'2022-02-26',1,1,395,1,1,'2022-02-26 19:19:38'),(490,17,35,100000.00,0.00,'2022-02-26',1,1,396,1,1,'2022-02-26 19:19:51'),(491,16,35,100000.00,0.00,'2022-02-26',1,1,397,1,1,'2022-02-26 19:20:32'),(492,41,35,100000.00,0.00,'2022-02-26',1,1,398,1,1,'2022-02-26 19:20:51'),(493,23,35,100000.00,0.00,'2022-02-26',1,1,399,1,1,'2022-02-26 19:21:06'),(494,47,35,100000.00,0.00,'2022-02-26',1,1,400,1,1,'2022-02-26 19:21:18'),(495,54,35,100000.00,0.00,'2022-02-26',1,1,401,1,1,'2022-02-26 19:21:31'),(496,4,35,100000.00,0.00,'2022-02-26',1,1,402,1,1,'2022-02-26 19:21:44'),(497,24,35,100000.00,0.00,'2022-02-26',1,1,403,1,1,'2022-02-26 19:21:58'),(498,56,35,100000.00,0.00,'2022-02-26',1,1,404,1,1,'2022-02-26 19:28:35'),(499,32,35,100000.00,0.00,'2022-02-26',1,1,405,1,1,'2022-02-26 19:28:44'),(500,3,35,100000.00,0.00,'2022-02-26',1,1,406,1,1,'2022-02-26 19:28:52'),(501,13,35,100000.00,0.00,'2022-02-26',1,1,407,1,1,'2022-02-26 19:29:11'),(502,40,35,100000.00,0.00,'2022-02-26',1,1,408,1,1,'2022-02-26 19:29:22'),(503,29,35,100000.00,0.00,'2022-02-26',1,1,409,1,1,'2022-02-26 19:29:40'),(504,26,35,100000.00,0.00,'2022-02-26',1,1,410,1,1,'2022-02-26 19:29:48'),(505,6,35,100000.00,0.00,'2022-02-26',1,1,411,1,1,'2022-02-26 19:29:55'),(506,10,35,100000.00,0.00,'2022-02-26',1,1,412,1,1,'2022-02-26 19:30:06'),(507,49,35,100000.00,0.00,'2022-02-26',1,1,413,1,1,'2022-02-26 19:31:25'),(508,39,35,100000.00,0.00,'2022-02-26',1,1,414,1,1,'2022-02-26 19:31:46'),(509,60,35,100000.00,0.00,'2022-02-26',1,1,415,1,1,'2022-02-26 19:31:56'),(510,5,35,100000.00,0.00,'2022-02-26',1,1,416,1,1,'2022-02-26 19:32:03'),(511,61,35,100000.00,0.00,'2022-02-26',1,1,417,1,1,'2022-02-26 19:32:12'),(512,47,35,100000.00,0.00,'2022-02-26',1,1,418,1,1,'2022-02-26 19:32:25'),(513,8,35,100000.00,0.00,'2022-02-26',1,1,419,1,1,'2022-02-26 19:32:34'),(514,45,35,100000.00,0.00,'2022-02-26',1,1,420,1,1,'2022-02-26 19:32:46'),(515,1,35,100000.00,0.00,'2022-02-26',1,1,421,1,1,'2022-02-26 19:32:58'),(516,48,35,100000.00,0.00,'2022-02-26',1,1,422,1,1,'2022-02-26 19:33:06'),(517,7,35,100000.00,0.00,'2022-02-26',1,1,423,1,1,'2022-02-26 19:33:13'),(518,28,35,100000.00,0.00,'2022-02-26',1,1,424,1,1,'2022-02-26 19:33:22'),(519,33,35,100000.00,0.00,'2022-02-26',1,1,425,1,1,'2022-02-26 19:33:32'),(520,44,35,100000.00,0.00,'2022-02-26',1,1,426,1,1,'2022-02-26 19:33:47'),(521,2,35,100000.00,0.00,'2022-02-26',1,1,427,1,1,'2022-02-26 19:34:00'),(522,43,35,100000.00,0.00,'2022-02-26',1,1,428,1,1,'2022-02-26 19:34:08'),(523,22,35,100000.00,0.00,'2022-02-26',1,1,429,1,1,'2022-02-26 19:34:15'),(524,20,35,100000.00,0.00,'2022-02-26',1,1,430,1,1,'2022-02-26 19:34:36'),(525,15,35,100000.00,0.00,'2022-02-26',1,1,431,1,1,'2022-02-26 19:34:44'),(526,59,35,100000.00,0.00,'2022-02-26',1,1,432,1,1,'2022-02-26 19:34:54'),(527,31,35,100000.00,0.00,'2022-02-26',1,1,433,1,1,'2022-02-26 19:35:09'),(528,35,35,100000.00,0.00,'2022-02-26',1,1,434,1,1,'2022-02-26 19:35:21'),(529,12,35,100000.00,0.00,'2022-02-26',1,1,435,1,1,'2022-02-26 19:35:28'),(530,55,35,100000.00,0.00,'2022-02-26',1,1,436,1,1,'2022-02-26 19:35:35'),(531,42,35,100000.00,0.00,'2022-02-26',1,1,437,1,1,'2022-02-26 19:35:46'),(532,11,35,100000.00,0.00,'2022-02-26',1,1,438,1,1,'2022-02-26 19:36:20'),(533,19,35,100000.00,0.00,'2022-02-26',1,1,439,1,1,'2022-02-26 19:36:27'),(534,18,35,100000.00,0.00,'2022-02-26',1,1,440,1,1,'2022-02-26 19:36:35'),(535,58,35,100000.00,0.00,'2022-02-26',1,1,441,1,1,'2022-02-26 19:36:45'),(536,30,35,100000.00,0.00,'2022-02-26',1,1,442,1,1,'2022-02-26 19:36:54'),(537,14,35,100000.00,0.00,'2022-02-26',1,1,443,1,1,'2022-02-26 19:37:04'),(538,21,35,100000.00,0.00,'2022-02-26',1,1,444,1,1,'2022-02-26 19:37:12'),(539,25,35,100000.00,0.00,'2022-02-26',1,1,445,1,1,'2022-02-26 19:37:20'),(540,27,35,100000.00,0.00,'2022-02-26',1,1,446,1,1,'2022-02-26 19:37:52'),(541,52,35,100000.00,0.00,'2022-02-26',1,1,447,1,1,'2022-02-26 19:38:02'),(542,37,35,100000.00,0.00,'2022-02-26',1,1,448,1,1,'2022-02-26 19:38:09'),(543,57,35,100000.00,0.00,'2022-02-26',1,1,449,1,1,'2022-02-26 19:38:18'),(544,36,35,100000.00,0.00,'2022-02-26',1,1,450,1,1,'2022-02-26 19:38:26'),(545,51,35,100000.00,0.00,'2022-02-26',1,1,451,1,1,'2022-02-26 19:38:36'),(546,53,35,100000.00,0.00,'2022-02-26',1,1,452,1,1,'2022-02-26 19:38:47'),(547,75,35,100000.00,0.00,'2022-02-26',1,1,453,1,1,'2022-02-26 19:38:57'),(548,69,35,100000.00,0.00,'2022-02-26',1,1,454,1,1,'2022-02-26 19:39:06'),(549,64,35,100000.00,0.00,'2022-02-26',1,1,455,1,1,'2022-02-26 19:39:18'),(550,66,35,100000.00,0.00,'2022-02-26',1,1,456,1,1,'2022-02-26 19:39:32'),(551,74,35,100000.00,0.00,'2022-02-26',1,1,457,1,1,'2022-02-26 19:39:48'),(552,72,35,100000.00,0.00,'2022-02-26',1,1,458,1,1,'2022-02-26 19:39:59'),(553,50,35,100000.00,0.00,'2022-02-27',1,1,459,1,1,'2022-02-27 09:20:30'),(554,77,28,27000.00,0.00,'2022-02-27',1,1,460,1,1,'2022-02-27 10:57:42'),(555,5,39,28600.00,0.00,'2022-02-23',1,NULL,461,1,1,'2022-02-27 12:40:47'),(556,6,39,300000.00,0.00,'2022-02-23',1,NULL,462,1,1,'2022-02-27 12:46:18'),(557,7,39,429897.00,0.00,'2022-02-23',1,NULL,463,1,1,'2022-02-27 12:54:03'),(558,9,39,0.00,0.00,'2022-02-23',1,NULL,464,1,1,'2022-02-27 13:01:39'),(559,11,39,11000.00,0.00,'2022-01-30',1,NULL,465,1,1,'2022-02-27 13:17:19'),(560,11,39,308000.00,0.00,'2022-02-23',1,NULL,466,1,1,'2022-02-27 13:17:53'),(561,12,39,17300.00,0.00,'2022-02-23',1,NULL,467,1,1,'2022-02-27 13:20:51'),(562,12,39,346.00,0.00,'2022-02-23',1,NULL,468,1,1,'2022-02-27 13:23:42'),(563,14,39,216478.00,0.00,'2022-02-23',1,NULL,469,1,1,'2022-02-27 13:31:26'),(564,14,39,21647.80,0.00,'2022-02-23',1,NULL,470,1,1,'2022-02-27 13:35:45'),(565,17,39,2100.00,0.00,'2022-02-23',1,NULL,471,1,1,'2022-02-27 13:40:25'),(566,17,39,125800.00,0.00,'2022-02-23',1,NULL,472,1,1,'2022-02-27 13:41:08'),(567,17,39,6008.00,0.00,'2022-02-23',1,NULL,473,1,1,'2022-02-27 13:42:09'),(568,19,39,191000.00,0.00,'2022-02-23',1,NULL,474,1,1,'2022-02-27 13:46:35'),(569,19,39,11060.00,0.00,'2022-02-23',1,NULL,475,1,1,'2022-02-27 13:47:18'),(570,74,33,200.00,0.00,'2022-03-02',1,1,476,2,2,'2022-03-02 10:11:38'),(571,74,28,500.00,0.00,'2022-03-02',1,1,476,2,2,'2022-03-02 10:11:55'),(572,74,49,300.00,0.00,'2022-03-02',1,1,476,2,2,'2022-03-02 10:12:08'),(573,74,43,50.00,0.00,'2022-03-02',1,1,476,2,2,'2022-03-02 10:12:22'),(574,30,25,300.00,0.00,'2022-03-02',1,1,477,2,2,'2022-03-02 10:14:16'),(575,30,33,200.00,0.00,'2022-03-02',1,1,477,2,2,'2022-03-02 10:32:29'),(576,30,49,50.00,0.00,'2022-03-02',1,1,477,2,2,'2022-03-02 10:33:57'),(577,30,49,250.00,0.00,'2022-03-02',1,1,477,2,2,'2022-03-02 10:34:17'),(578,30,43,50.00,0.00,'2022-03-02',1,1,477,2,2,'2022-03-02 10:34:27'),(579,36,25,300.00,0.00,'2022-03-02',1,1,478,2,2,'2022-03-02 10:35:03'),(580,36,33,300.00,0.00,'2022-03-02',1,1,478,2,2,'2022-03-02 10:35:33'),(581,36,49,300.00,0.00,'2022-03-02',1,1,478,2,2,'2022-03-02 10:35:57'),(582,11,25,0.00,0.00,'2022-03-02',1,1,479,2,2,'2022-03-02 10:39:21'),(583,11,33,0.00,0.00,'2022-03-02',1,1,479,2,2,'2022-03-02 10:39:41'),(584,11,NULL,0.00,NULL,'2022-03-02',1,1,479,2,2,'2022-03-02 10:40:22'),(585,11,25,300.00,0.00,'2022-03-02',1,1,479,2,2,'2022-03-02 10:56:53'),(586,11,33,250.00,0.00,'2022-03-02',1,1,479,2,2,'2022-03-02 10:57:04'),(587,4,25,300.00,0.00,'2022-03-02',1,1,480,2,2,'2022-03-02 10:59:22'),(588,4,33,200.00,0.00,'2022-03-02',1,1,480,2,2,'2022-03-02 10:59:39'),(589,4,43,50.00,0.00,'2022-03-02',1,1,480,2,2,'2022-03-02 11:00:37'),(590,109,28,300.00,0.00,'2022-03-02',1,1,481,2,2,'2022-03-02 11:02:00'),(591,109,33,200.00,0.00,'2022-03-02',1,1,481,2,2,'2022-03-02 11:02:10'),(592,109,49,300.00,0.00,'2022-03-02',1,1,481,2,2,'2022-03-02 11:02:22'),(593,109,43,50.00,0.00,'2022-03-02',1,1,481,2,2,'2022-03-02 11:02:31'),(594,51,25,300.00,0.00,'2022-03-02',1,1,482,2,2,'2022-03-02 11:03:19'),(595,51,33,200.00,0.00,'2022-03-02',1,1,482,2,2,'2022-03-02 11:03:29'),(596,51,43,50.00,0.00,'2022-03-02',1,1,482,2,2,'2022-03-02 11:03:39'),(597,51,49,400.00,0.00,'2022-03-02',1,1,482,2,2,'2022-03-02 11:04:12'),(598,36,25,300.00,0.00,'2022-03-02',1,1,483,2,2,'2022-03-02 11:04:47'),(599,36,33,200.00,0.00,'2022-03-02',1,1,483,2,2,'2022-03-02 11:05:07'),(600,36,43,50.00,0.00,'2022-03-02',1,1,483,2,2,'2022-03-02 11:05:16'),(601,36,49,300.00,0.00,'2022-03-02',1,1,483,2,2,'2022-03-02 11:05:26'),(602,36,33,50.00,0.00,'2022-03-02',1,1,483,2,2,'2022-03-02 11:06:18'),(603,33,25,300.00,0.00,'2022-03-02',1,1,484,2,2,'2022-03-02 11:07:46'),(604,33,33,200.00,0.00,'2022-03-02',1,1,484,2,2,'2022-03-02 11:07:59'),(605,33,43,50.00,0.00,'2022-03-02',1,1,484,2,2,'2022-03-02 11:08:19'),(606,33,49,300.00,0.00,'2022-03-02',1,1,484,2,2,'2022-03-02 11:08:34'),(607,33,33,50.00,0.00,'2022-03-02',1,1,484,2,2,'2022-03-02 11:10:04'),(608,17,25,300.00,0.00,'2022-03-02',1,1,485,2,2,'2022-03-02 11:10:34'),(609,17,33,200.00,0.00,'2022-03-02',1,1,485,2,2,'2022-03-02 11:10:45'),(610,17,43,50.00,0.00,'2022-03-02',1,1,485,2,2,'2022-03-02 11:11:04'),(611,17,49,300.00,0.00,'2022-03-02',1,1,485,2,2,'2022-03-02 11:11:17'),(612,10,25,300.00,0.00,'2022-03-02',1,1,486,2,2,'2022-03-02 11:11:57'),(613,10,33,200.00,0.00,'2022-03-02',1,1,486,2,2,'2022-03-02 11:12:06'),(614,10,43,50.00,0.00,'2022-03-02',1,1,486,2,2,'2022-03-02 11:12:15'),(615,10,49,300.00,0.00,'2022-03-02',1,1,486,2,2,'2022-03-02 11:12:24'),(616,3,25,200.00,0.00,'2022-03-02',1,1,487,2,2,'2022-03-02 11:13:23'),(617,3,43,50.00,0.00,'2022-03-02',1,1,487,2,2,'2022-03-02 11:13:40'),(618,3,49,400.00,0.00,'2022-03-02',1,1,487,2,2,'2022-03-02 11:13:53'),(619,104,28,300.00,0.00,'2022-03-02',1,1,491,2,2,'2022-03-02 11:15:32'),(620,104,33,200.00,0.00,'2022-03-02',1,1,491,2,2,'2022-03-02 11:15:42'),(621,104,49,400.00,0.00,'2022-03-02',1,1,491,2,2,'2022-03-02 11:16:24'),(622,104,43,50.00,0.00,'2022-03-02',1,1,491,2,2,'2022-03-02 11:16:44'),(623,15,33,200.00,0.00,'2022-03-02',1,1,488,3,3,'2022-03-02 12:08:14'),(624,15,43,50.00,0.00,'2022-03-02',1,1,488,3,3,'2022-03-02 12:08:28'),(625,15,25,300.00,0.00,'2022-03-02',1,1,488,3,3,'2022-03-02 12:08:58'),(626,15,39,1000.00,0.00,'2022-03-02',1,1,488,3,3,'2022-03-02 12:09:12'),(627,15,49,300.00,0.00,'2022-03-02',1,1,488,3,3,'2022-03-02 12:09:21'),(628,6,25,300.00,0.00,'2022-03-02',1,1,489,3,3,'2022-03-02 12:11:32'),(629,6,33,200.00,0.00,'2022-03-02',1,1,489,3,3,'2022-03-02 12:11:41'),(630,6,43,50.00,0.00,'2022-03-02',1,1,489,3,3,'2022-03-02 12:11:51'),(631,6,49,300.00,0.00,'2022-03-02',1,1,489,3,3,'2022-03-02 12:11:59'),(632,13,25,300.00,0.00,'2022-03-02',1,1,490,3,3,'2022-03-02 12:14:26'),(633,13,33,200.00,0.00,'2022-03-02',1,1,490,3,3,'2022-03-02 12:14:41'),(634,13,39,300.00,0.00,'2022-03-02',1,1,490,3,3,'2022-03-02 12:14:53'),(635,13,43,50.00,0.00,'2022-03-02',1,1,490,3,3,'2022-03-02 12:15:03'),(636,1,25,300.00,0.00,'2022-03-02',1,1,490,3,3,'2022-03-02 12:15:43'),(637,75,25,500.00,0.00,'2022-03-02',1,1,492,2,2,'2022-03-02 12:26:05'),(638,75,33,200.00,0.00,'2022-03-02',1,1,492,2,2,'2022-03-02 12:26:17'),(639,75,43,50.00,0.00,'2022-03-02',1,1,492,2,2,'2022-03-02 12:26:26'),(640,75,49,500.00,0.00,'2022-03-02',1,1,492,2,2,'2022-03-02 12:26:35'),(641,21,25,300.00,0.00,'2022-03-02',1,1,493,2,2,'2022-03-02 12:27:13'),(642,21,33,200.00,0.00,'2022-03-02',1,1,493,2,2,'2022-03-02 12:27:31'),(643,21,43,50.00,0.00,'2022-03-02',1,1,493,2,2,'2022-03-02 12:27:45'),(644,21,49,300.00,0.00,'2022-03-02',1,1,493,2,2,'2022-03-02 12:27:58'),(645,3,33,200.00,0.00,'2022-03-02',1,1,494,2,2,'2022-03-02 12:28:51'),(646,3,43,50.00,0.00,'2022-03-02',1,1,494,2,2,'2022-03-02 12:29:00'),(647,3,25,500.00,0.00,'2022-03-02',1,1,494,2,2,'2022-03-02 12:29:15'),(648,3,49,400.00,0.00,'2022-03-02',1,1,494,2,2,'2022-03-02 12:29:26'),(649,12,25,300.00,0.00,'2022-03-02',1,1,495,2,2,'2022-03-02 12:29:57'),(650,12,49,400.00,0.00,'2022-03-02',1,1,495,2,2,'2022-03-02 12:30:12'),(651,12,33,200.00,0.00,'2022-03-02',1,1,495,2,2,'2022-03-02 12:30:46'),(652,12,43,50.00,0.00,'2022-03-02',1,1,495,2,2,'2022-03-02 12:33:37'),(653,15,25,300.00,0.00,'2022-03-02',1,1,496,2,2,'2022-03-02 12:35:25'),(654,15,49,300.00,0.00,'2022-03-02',1,1,496,2,2,'2022-03-02 12:35:42'),(655,15,39,1000.00,0.00,'2022-03-02',1,1,496,2,2,'2022-03-02 12:35:54'),(656,15,33,200.00,0.00,'2022-03-02',1,1,496,2,2,'2022-03-02 12:36:13'),(657,15,43,50.00,0.00,'2022-03-02',1,1,496,2,2,'2022-03-02 12:36:24'),(658,13,33,200.00,0.00,'2022-03-02',1,1,497,2,2,'2022-03-02 12:37:35'),(659,13,25,500.00,0.00,'2022-03-02',1,1,497,2,2,'2022-03-02 12:37:46'),(660,13,43,50.00,0.00,'2022-03-02',1,1,497,2,2,'2022-03-02 12:37:55'),(661,13,49,300.00,0.00,'2022-03-02',1,1,497,2,2,'2022-03-02 12:38:12'),(662,1,25,500.00,0.00,'2022-03-02',1,1,498,2,2,'2022-03-02 12:38:46'),(663,1,49,500.00,0.00,'2022-03-02',1,1,498,2,2,'2022-03-02 12:38:55'),(664,1,33,200.00,0.00,'2022-03-02',1,1,498,2,2,'2022-03-02 12:39:12'),(665,1,43,50.00,0.00,'2022-03-02',1,1,498,2,2,'2022-03-02 12:39:22'),(666,74,25,500.00,0.00,'2022-03-02',1,1,499,2,2,'2022-03-02 12:40:57'),(667,74,33,200.00,0.00,'2022-03-02',1,1,499,2,2,'2022-03-02 12:41:26'),(668,74,49,300.00,0.00,'2022-03-02',1,1,499,2,2,'2022-03-02 12:41:58'),(669,74,43,50.00,0.00,'2022-03-02',1,1,499,2,2,'2022-03-02 12:42:53'),(670,6,33,200.00,0.00,'2022-03-02',1,1,500,2,2,'2022-03-02 12:47:38'),(671,6,43,50.00,0.00,'2022-03-02',1,1,500,2,2,'2022-03-02 12:47:49'),(672,6,49,500.00,0.00,'2022-03-02',1,1,500,2,2,'2022-03-02 12:48:47'),(673,27,25,400.00,0.00,'2022-03-02',1,1,501,2,2,'2022-03-02 12:49:55'),(674,27,33,200.00,0.00,'2022-03-02',1,1,501,2,2,'2022-03-02 12:50:05'),(675,27,43,50.00,0.00,'2022-03-02',1,1,501,2,2,'2022-03-02 12:50:14'),(676,27,39,300.00,0.00,'2022-03-02',1,1,501,2,2,'2022-03-02 12:50:31'),(677,27,49,300.00,0.00,'2022-03-02',1,1,501,2,2,'2022-03-02 12:50:40'),(678,9,25,300.00,0.00,'2022-03-02',1,1,502,2,2,'2022-03-02 12:51:09'),(679,9,43,50.00,0.00,'2022-03-02',1,1,502,2,2,'2022-03-02 12:51:22'),(680,9,49,300.00,0.00,'2022-03-02',1,1,502,2,2,'2022-03-02 12:51:48'),(681,9,33,200.00,0.00,'2022-03-02',1,1,502,2,2,'2022-03-02 12:51:59'),(682,69,33,200.00,0.00,'2022-03-02',1,1,503,2,2,'2022-03-02 12:53:03'),(683,69,43,50.00,0.00,'2022-03-02',1,1,503,2,2,'2022-03-02 12:53:11'),(684,69,25,300.00,0.00,'2022-03-02',1,1,503,2,2,'2022-03-02 12:53:35'),(685,55,33,200.00,0.00,'2022-03-02',1,1,504,2,2,'2022-03-02 12:54:16'),(686,55,43,50.00,0.00,'2022-03-02',1,1,504,2,2,'2022-03-02 12:54:24'),(687,55,25,300.00,0.00,'2022-03-02',1,1,504,2,2,'2022-03-02 12:54:52'),(688,67,28,300.00,0.00,'2022-03-02',1,1,505,2,2,'2022-03-02 12:55:43'),(689,67,33,200.00,0.00,'2022-03-02',1,1,505,2,2,'2022-03-02 12:55:52'),(690,67,43,50.00,0.00,'2022-03-02',1,1,505,2,2,'2022-03-02 12:56:06'),(691,18,33,200.00,0.00,'2022-03-02',1,1,506,2,2,'2022-03-02 12:56:58'),(692,18,43,50.00,0.00,'2022-03-02',1,1,506,2,2,'2022-03-02 12:57:07'),(693,18,49,300.00,0.00,'2022-03-02',1,1,506,2,2,'2022-03-02 12:57:20'),(694,18,25,300.00,0.00,'2022-03-02',1,1,506,2,2,'2022-03-02 12:57:33'),(695,12,25,300.00,0.00,'2022-03-02',1,1,507,2,2,'2022-03-02 12:58:01'),(696,12,33,200.00,0.00,'2022-03-02',1,1,507,2,2,'2022-03-02 12:58:12'),(697,12,43,50.00,0.00,'2022-03-02',1,1,507,2,2,'2022-03-02 12:58:20'),(698,12,49,300.00,0.00,'2022-03-02',1,1,507,2,2,'2022-03-02 12:58:37'),(699,18,25,300.00,0.00,'2022-03-02',1,1,508,2,2,'2022-03-02 12:59:29'),(700,18,33,200.00,0.00,'2022-03-02',1,1,508,2,2,'2022-03-02 12:59:41'),(701,18,43,50.00,0.00,'2022-03-02',1,1,508,2,2,'2022-03-02 12:59:52'),(702,18,49,300.00,0.00,'2022-03-02',1,1,508,2,2,'2022-03-02 13:00:16'),(703,53,33,200.00,0.00,'2022-03-02',1,1,509,2,2,'2022-03-02 13:01:04'),(704,53,43,50.00,0.00,'2022-03-02',1,1,509,2,2,'2022-03-02 13:01:13'),(705,53,49,300.00,0.00,'2022-03-02',1,1,509,2,2,'2022-03-02 13:01:23'),(706,72,33,200.00,0.00,'2022-03-02',1,1,510,2,2,'2022-03-02 13:02:04'),(707,72,43,50.00,0.00,'2022-03-02',1,1,510,2,2,'2022-03-02 13:02:36'),(708,72,25,300.00,0.00,'2022-03-02',1,1,510,2,2,'2022-03-02 13:02:53'),(709,30,25,300.00,0.00,'2022-03-02',1,1,511,2,2,'2022-03-02 13:03:29'),(710,30,33,200.00,0.00,'2022-03-02',1,1,511,2,2,'2022-03-02 13:03:47'),(711,30,43,50.00,0.00,'2022-03-02',1,1,511,2,2,'2022-03-02 13:04:08'),(712,30,49,300.00,0.00,'2022-03-02',1,1,511,2,2,'2022-03-02 13:04:19'),(713,6,33,200.00,0.00,'2022-03-02',1,1,512,2,2,'2022-03-02 13:04:55'),(714,6,25,300.00,0.00,'2022-03-02',1,1,512,2,2,'2022-03-02 13:05:05'),(715,6,43,50.00,0.00,'2022-03-02',1,1,512,2,2,'2022-03-02 13:05:26'),(716,6,49,400.00,0.00,'2022-03-02',1,1,512,2,2,'2022-03-02 13:05:42'),(717,19,33,200.00,0.00,'2022-03-02',1,1,513,2,2,'2022-03-02 13:06:40'),(718,19,43,50.00,0.00,'2022-03-02',1,1,513,2,2,'2022-03-02 13:06:50'),(719,19,25,800.00,0.00,'2022-03-02',1,1,513,2,2,'2022-03-02 13:07:16'),(720,19,49,300.00,0.00,'2022-03-02',1,1,513,2,2,'2022-03-02 13:07:31'),(721,5,25,1000.00,0.00,'2022-03-02',1,1,514,2,2,'2022-03-02 13:38:44'),(722,5,33,200.00,0.00,'2022-03-02',1,1,514,2,2,'2022-03-02 13:38:56'),(723,5,43,50.00,0.00,'2022-03-02',1,1,514,2,2,'2022-03-02 13:39:05'),(724,5,49,500.00,0.00,'2022-03-02',1,1,514,2,2,'2022-03-02 13:39:20'),(725,5,39,2000.00,0.00,'2022-03-02',1,1,514,2,2,'2022-03-02 13:40:09'),(726,102,30,200.00,0.00,'2022-03-03',1,NULL,515,2,2,'2022-03-03 05:27:31'),(727,102,30,200.00,0.00,'2022-03-03',1,NULL,516,2,2,'2022-03-03 05:27:44'),(728,105,28,300.00,0.00,'2022-03-03',1,1,517,3,3,'2022-03-03 08:26:33'),(729,105,33,200.00,0.00,'2022-03-03',1,1,517,3,3,'2022-03-03 08:26:47'),(730,105,43,50.00,0.00,'2022-03-03',1,1,517,3,3,'2022-03-03 08:27:00'),(731,4,33,200.00,0.00,'2022-03-03',1,1,518,2,2,'2022-03-03 09:08:32'),(732,4,43,50.00,0.00,'2022-03-03',1,1,518,2,2,'2022-03-03 09:08:40'),(733,4,25,300.00,0.00,'2022-03-03',1,1,518,2,2,'2022-03-03 09:08:51'),(734,4,33,50.00,0.00,'2022-03-03',1,1,518,2,2,'2022-03-03 09:09:04'),(735,109,28,300.00,0.00,'2022-03-03',1,1,519,2,2,'2022-03-03 09:09:50'),(736,109,33,200.00,0.00,'2022-03-03',1,1,519,2,2,'2022-03-03 09:10:00'),(737,109,43,50.00,0.00,'2022-03-03',1,1,519,2,2,'2022-03-03 09:10:11'),(738,109,49,300.00,0.00,'2022-03-03',1,1,519,2,2,'2022-03-03 09:10:45'),(739,51,33,200.00,0.00,'2022-03-03',1,1,520,2,2,'2022-03-03 09:11:53'),(740,51,25,300.00,0.00,'2022-03-03',1,1,520,2,2,'2022-03-03 09:12:02'),(741,51,43,50.00,0.00,'2022-03-03',1,1,520,2,2,'2022-03-03 09:12:11'),(742,51,49,400.00,0.00,'2022-03-03',1,1,520,2,2,'2022-03-03 09:12:38'),(743,33,25,300.00,0.00,'2022-03-03',1,1,521,2,2,'2022-03-03 09:13:16'),(744,33,33,200.00,0.00,'2022-03-03',1,1,521,2,2,'2022-03-03 09:13:25'),(745,33,43,50.00,0.00,'2022-03-03',1,1,521,2,2,'2022-03-03 09:13:33'),(746,33,49,300.00,0.00,'2022-03-03',1,1,521,2,2,'2022-03-03 09:14:04'),(747,17,33,200.00,0.00,'2022-03-03',1,1,522,2,2,'2022-03-03 09:16:34'),(748,17,25,300.00,0.00,'2022-03-03',1,1,522,2,2,'2022-03-03 09:16:45'),(749,17,49,300.00,0.00,'2022-03-03',1,1,522,2,2,'2022-03-03 09:17:05'),(750,17,43,50.00,0.00,'2022-03-03',1,1,522,2,2,'2022-03-03 09:17:16'),(751,10,25,300.00,0.00,'2022-03-03',1,1,523,2,2,'2022-03-03 09:17:48'),(752,10,33,200.00,0.00,'2022-03-03',1,1,523,2,2,'2022-03-03 09:17:58'),(753,10,43,50.00,0.00,'2022-03-03',1,1,523,2,2,'2022-03-03 09:18:06'),(754,10,49,300.00,0.00,'2022-03-03',1,1,523,2,2,'2022-03-03 09:18:17'),(755,36,25,300.00,0.00,'2022-03-03',1,1,524,2,2,'2022-03-03 09:19:00'),(756,36,33,200.00,0.00,'2022-03-03',1,1,524,2,2,'2022-03-03 09:19:08'),(757,36,43,50.00,0.00,'2022-03-03',1,1,524,2,2,'2022-03-03 09:19:18'),(758,36,49,300.00,0.00,'2022-03-03',1,1,524,2,2,'2022-03-03 09:19:33'),(759,75,25,500.00,0.00,'2022-03-03',1,1,525,2,2,'2022-03-03 09:20:08'),(760,75,33,200.00,0.00,'2022-03-03',1,1,525,2,2,'2022-03-03 09:20:16'),(761,75,43,50.00,0.00,'2022-03-03',1,1,525,2,2,'2022-03-03 09:20:24'),(762,75,49,400.00,0.00,'2022-03-03',1,1,525,2,2,'2022-03-03 09:20:36'),(763,19,25,300.00,0.00,'2022-03-03',1,1,526,2,2,'2022-03-03 09:21:38'),(764,19,33,200.00,0.00,'2022-03-03',1,1,526,2,2,'2022-03-03 09:21:47'),(765,19,43,50.00,0.00,'2022-03-03',1,1,526,2,2,'2022-03-03 09:21:55'),(766,19,49,300.00,0.00,'2022-03-03',1,1,526,2,2,'2022-03-03 09:22:16'),(767,21,25,300.00,0.00,'2022-03-03',1,1,527,2,2,'2022-03-03 09:23:07'),(768,21,33,200.00,0.00,'2022-03-03',1,1,527,2,2,'2022-03-03 09:23:15'),(769,21,43,50.00,0.00,'2022-03-03',1,1,527,2,2,'2022-03-03 09:23:24'),(770,21,49,300.00,0.00,'2022-03-03',1,1,527,2,2,'2022-03-03 09:23:33'),(771,11,25,300.00,0.00,'2022-03-03',1,1,528,2,2,'2022-03-03 09:26:22'),(772,11,33,200.00,0.00,'2022-03-03',1,1,528,2,2,'2022-03-03 09:26:35'),(773,108,28,300.00,0.00,'2022-03-03',1,1,529,2,2,'2022-03-03 09:27:26'),(774,108,33,200.00,0.00,'2022-03-03',1,1,529,2,2,'2022-03-03 09:27:43'),(775,108,49,300.00,0.00,'2022-03-03',1,1,529,2,2,'2022-03-03 09:28:05'),(776,108,28,200.00,0.00,'2022-03-03',1,1,529,2,2,'2022-03-03 09:28:16'),(777,104,28,400.00,0.00,'2022-03-03',1,1,530,2,2,'2022-03-03 09:29:00'),(778,104,33,200.00,0.00,'2022-03-03',1,1,530,2,2,'2022-03-03 09:29:11'),(779,104,49,300.00,0.00,'2022-03-03',1,1,530,2,2,'2022-03-03 09:29:19'),(780,104,43,50.00,0.00,'2022-03-03',1,1,530,2,2,'2022-03-03 09:29:27'),(781,3,25,500.00,0.00,'2022-03-03',1,1,531,2,2,'2022-03-03 09:30:10'),(782,3,49,400.00,0.00,'2022-03-03',1,1,531,2,2,'2022-03-03 09:30:18'),(783,3,43,50.00,0.00,'2022-03-03',1,1,531,2,2,'2022-03-03 09:30:27'),(784,3,33,200.00,0.00,'2022-03-03',1,1,531,2,2,'2022-03-03 09:30:39'),(785,1,25,500.00,0.00,'2022-03-03',1,1,532,2,2,'2022-03-03 09:31:20'),(786,1,33,200.00,0.00,'2022-03-03',1,1,532,2,2,'2022-03-03 09:31:28'),(787,1,49,500.00,0.00,'2022-03-03',1,1,532,2,2,'2022-03-03 09:31:40'),(788,1,43,50.00,0.00,'2022-03-03',1,1,532,2,2,'2022-03-03 09:31:56'),(789,12,25,300.00,0.00,'2022-03-03',1,1,533,2,2,'2022-03-03 09:32:52'),(790,12,33,200.00,0.00,'2022-03-03',1,1,533,2,2,'2022-03-03 09:33:04'),(791,12,43,50.00,0.00,'2022-03-03',1,1,533,2,2,'2022-03-03 09:33:13'),(792,12,49,400.00,0.00,'2022-03-03',1,1,533,2,2,'2022-03-03 09:33:27'),(793,74,25,500.00,0.00,'2022-03-03',1,1,534,2,2,'2022-03-03 09:34:31'),(794,74,49,300.00,0.00,'2022-03-03',1,1,534,2,2,'2022-03-03 09:34:39'),(795,74,43,50.00,0.00,'2022-03-03',1,1,534,2,2,'2022-03-03 09:34:47'),(796,74,33,200.00,0.00,'2022-03-03',1,1,534,2,2,'2022-03-03 09:34:56'),(797,104,28,400.00,0.00,'2022-03-03',1,1,535,3,3,'2022-03-03 09:37:20'),(798,104,33,200.00,0.00,'2022-03-03',1,1,535,3,3,'2022-03-03 09:37:34'),(799,104,49,300.00,0.00,'2022-03-03',1,1,535,3,3,'2022-03-03 09:37:43'),(800,104,43,50.00,0.00,'2022-03-03',1,1,535,3,3,'2022-03-03 09:37:56'),(801,13,33,200.00,0.00,'2022-03-03',1,1,536,2,2,'2022-03-03 09:39:04'),(802,13,25,500.00,0.00,'2022-03-03',1,1,536,2,2,'2022-03-03 09:39:15'),(803,13,43,50.00,0.00,'2022-03-03',1,1,536,2,2,'2022-03-03 09:39:23'),(804,13,49,300.00,0.00,'2022-03-03',1,1,536,2,2,'2022-03-03 09:40:03'),(805,30,25,300.00,0.00,'2022-03-03',1,1,537,2,2,'2022-03-03 09:41:26'),(806,30,33,200.00,0.00,'2022-03-03',1,1,537,2,2,'2022-03-03 09:41:35'),(807,30,43,50.00,0.00,'2022-03-03',1,1,537,2,2,'2022-03-03 09:41:56'),(808,30,49,300.00,0.00,'2022-03-03',1,1,537,2,2,'2022-03-03 09:42:29'),(809,67,28,300.00,0.00,'2022-03-03',1,1,538,2,2,'2022-03-03 09:43:03'),(810,67,33,200.00,0.00,'2022-03-03',1,1,538,2,2,'2022-03-03 09:43:13'),(811,67,43,50.00,0.00,'2022-03-03',1,1,538,2,2,'2022-03-03 09:43:25'),(812,9,25,300.00,0.00,'2022-03-03',1,1,539,2,2,'2022-03-03 09:43:56'),(813,9,33,200.00,0.00,'2022-03-03',1,1,539,2,2,'2022-03-03 09:44:06'),(814,9,43,50.00,0.00,'2022-03-03',1,1,539,2,2,'2022-03-03 09:44:13'),(815,9,49,300.00,0.00,'2022-03-03',1,1,539,2,2,'2022-03-03 09:44:25'),(816,6,33,200.00,0.00,'2022-03-03',1,1,540,2,2,'2022-03-03 09:45:50'),(817,6,43,50.00,0.00,'2022-03-03',1,1,540,2,2,'2022-03-03 09:45:59'),(818,6,49,500.00,0.00,'2022-03-03',1,1,540,2,2,'2022-03-03 09:46:07'),(819,27,25,400.00,0.00,'2022-03-03',1,1,541,2,2,'2022-03-03 09:46:48'),(820,27,33,200.00,0.00,'2022-03-03',1,1,541,2,2,'2022-03-03 09:46:56'),(821,27,43,50.00,0.00,'2022-03-03',1,1,541,2,2,'2022-03-03 09:47:09'),(822,27,39,300.00,0.00,'2022-03-03',1,1,541,2,2,'2022-03-03 09:48:30'),(823,27,49,300.00,0.00,'2022-03-03',1,1,541,2,2,'2022-03-03 09:49:08'),(824,24,25,300.00,0.00,'2022-03-03',1,1,542,2,2,'2022-03-03 09:49:35'),(825,24,33,200.00,0.00,'2022-03-03',1,1,542,2,2,'2022-03-03 09:50:09'),(826,24,43,50.00,0.00,'2022-03-03',1,1,542,2,2,'2022-03-03 09:50:18'),(827,12,25,300.00,0.00,'2022-03-03',1,1,543,2,2,'2022-03-03 09:50:58'),(828,12,33,200.00,0.00,'2022-03-03',1,1,543,2,2,'2022-03-03 09:51:07'),(829,12,43,50.00,0.00,'2022-03-03',1,1,543,2,2,'2022-03-03 09:51:31'),(830,12,49,300.00,0.00,'2022-03-03',1,1,543,2,2,'2022-03-03 09:51:54'),(831,12,49,100.00,0.00,'2022-03-03',1,1,543,2,2,'2022-03-03 09:52:07'),(832,37,25,300.00,0.00,'2022-03-03',1,1,544,2,2,'2022-03-03 09:52:48'),(833,37,33,200.00,0.00,'2022-03-03',1,1,544,2,2,'2022-03-03 09:52:57'),(834,37,43,50.00,0.00,'2022-03-03',1,1,544,2,2,'2022-03-03 09:53:20'),(835,3,25,500.00,0.00,'2022-03-03',1,1,545,2,2,'2022-03-03 09:53:51'),(836,3,33,200.00,0.00,'2022-03-03',1,1,545,2,2,'2022-03-03 09:53:59'),(837,3,43,50.00,0.00,'2022-03-03',1,1,545,2,2,'2022-03-03 09:54:10'),(838,3,49,400.00,0.00,'2022-03-03',1,1,545,2,2,'2022-03-03 09:54:27'),(839,7,25,300.00,0.00,'2022-03-03',1,1,546,2,2,'2022-03-03 09:55:21'),(840,7,33,200.00,0.00,'2022-03-03',1,1,546,2,2,'2022-03-03 09:55:30'),(841,7,39,300.00,0.00,'2022-03-03',1,1,546,2,2,'2022-03-03 09:55:39'),(842,7,43,50.00,0.00,'2022-03-03',1,1,546,2,2,'2022-03-03 09:55:52'),(843,18,25,300.00,0.00,'2022-03-03',1,1,547,2,2,'2022-03-03 09:57:00'),(844,18,33,200.00,0.00,'2022-03-03',1,1,547,2,2,'2022-03-03 09:57:08'),(845,18,49,300.00,0.00,'2022-03-03',1,1,547,2,2,'2022-03-03 09:57:27'),(846,18,43,50.00,0.00,'2022-03-03',1,1,547,2,2,'2022-03-03 09:57:36'),(847,15,25,300.00,0.00,'2022-03-03',1,1,548,2,2,'2022-03-03 10:03:05'),(848,15,33,200.00,0.00,'2022-03-03',1,1,548,2,2,'2022-03-03 10:03:20'),(849,15,39,1000.00,0.00,'2022-03-03',1,1,548,2,2,'2022-03-03 10:03:41'),(850,15,49,300.00,0.00,'2022-03-03',1,1,548,2,2,'2022-03-03 10:03:56'),(851,15,43,50.00,0.00,'2022-03-03',1,1,548,2,2,'2022-03-03 10:04:08'),(852,102,56,500.00,0.00,'2022-03-03',1,NULL,549,3,3,'2022-03-03 12:08:51'),(853,102,60,600.00,0.00,'2022-03-03',1,NULL,549,3,3,'2022-03-03 12:08:52'),(854,102,56,9400.00,0.00,'2022-03-03',1,NULL,550,2,2,'2022-03-03 12:10:50'),(855,102,60,1300.00,0.00,'2022-03-03',1,NULL,550,2,2,'2022-03-03 12:10:51'),(856,102,57,1200.00,0.00,'2022-03-03',1,NULL,550,2,2,'2022-03-03 12:10:51'),(857,102,59,6700.00,0.00,'2022-03-03',1,NULL,550,2,2,'2022-03-03 12:10:52'),(858,102,61,1600.00,0.00,'2022-03-03',1,NULL,550,2,2,'2022-03-03 12:10:52'),(859,102,62,10900.00,0.00,'2022-03-03',1,NULL,550,2,2,'2022-03-03 12:10:53'),(860,102,30,100.00,0.00,'2022-03-03',1,NULL,551,3,3,'2022-03-03 12:17:38'),(861,102,30,200.00,0.00,'2022-03-03',1,NULL,552,3,3,'2022-03-03 12:18:47'),(862,102,30,2350.00,0.00,'2022-03-03',1,NULL,553,2,2,'2022-03-03 12:56:18'),(863,5,25,1000.00,0.00,'2022-03-03',1,1,554,2,2,'2022-03-03 13:14:26'),(864,5,33,200.00,0.00,'2022-03-03',1,1,554,2,2,'2022-03-03 13:14:38'),(865,5,43,50.00,0.00,'2022-03-03',1,1,554,2,2,'2022-03-03 13:14:48'),(866,5,39,3000.00,0.00,'2022-03-03',1,1,554,2,2,'2022-03-03 13:15:00'),(867,5,49,500.00,0.00,'2022-03-03',1,1,554,2,2,'2022-03-03 13:15:14'),(868,3,25,500.00,0.00,'2022-03-04',1,1,555,2,2,'2022-03-04 10:40:53'),(869,3,33,200.00,0.00,'2022-03-04',1,1,555,2,2,'2022-03-04 10:41:03'),(870,3,43,50.00,0.00,'2022-03-04',1,1,555,2,2,'2022-03-04 10:41:11'),(871,3,49,400.00,0.00,'2022-03-04',1,1,555,2,2,'2022-03-04 10:41:21'),(872,102,56,9300.00,0.00,'2022-03-04',1,NULL,556,2,2,'2022-03-04 11:01:58'),(873,102,60,-3600.00,0.00,'2022-03-04',1,NULL,556,2,2,'2022-03-04 11:01:59'),(874,102,57,1700.00,0.00,'2022-03-04',1,NULL,556,2,2,'2022-03-04 11:01:59'),(875,102,59,3650.00,0.00,'2022-03-04',1,NULL,556,2,2,'2022-03-04 11:02:00'),(876,102,61,1450.00,0.00,'2022-03-04',1,NULL,556,2,2,'2022-03-04 11:02:00'),(877,102,62,8200.00,0.00,'2022-03-04',1,NULL,556,2,2,'2022-03-04 11:02:00'),(878,44,36,90000.00,0.00,'2022-03-04',1,NULL,557,1,1,'2022-03-04 13:09:18'),(879,44,39,0.00,0.00,'2022-03-04',1,NULL,557,1,1,'2022-03-04 13:09:19'),(880,44,38,1000.00,0.00,'2022-03-04',1,NULL,557,1,1,'2022-03-04 13:09:20'),(881,44,37,0.00,0.00,'2022-03-04',1,NULL,557,1,1,'2022-03-04 13:09:21'),(882,30,33,200.00,0.00,'2022-03-04',1,1,558,2,2,'2022-03-04 13:39:45'),(883,30,25,300.00,0.00,'2022-03-04',1,1,558,2,2,'2022-03-04 13:39:56'),(884,30,43,50.00,0.00,'2022-03-04',1,1,558,2,2,'2022-03-04 13:40:07'),(885,30,49,300.00,0.00,'2022-03-04',1,1,558,2,2,'2022-03-04 13:40:17'),(886,18,33,200.00,0.00,'2022-03-04',1,1,559,2,2,'2022-03-04 13:41:38'),(887,18,25,300.00,0.00,'2022-03-04',1,1,559,2,2,'2022-03-04 13:41:48'),(888,18,43,50.00,0.00,'2022-03-04',1,1,559,2,2,'2022-03-04 13:41:58'),(889,18,49,300.00,0.00,'2022-03-04',1,1,559,2,2,'2022-03-04 13:42:08'),(890,109,33,200.00,0.00,'2022-03-04',1,1,560,2,2,'2022-03-04 13:42:38'),(891,109,28,300.00,0.00,'2022-03-04',1,1,560,2,2,'2022-03-04 13:42:50'),(892,109,43,50.00,0.00,'2022-03-04',1,1,560,2,2,'2022-03-04 13:42:58'),(893,109,49,300.00,0.00,'2022-03-04',1,1,560,2,2,'2022-03-04 13:43:07'),(894,17,25,300.00,0.00,'2022-03-04',1,1,561,2,2,'2022-03-04 13:43:34'),(895,17,33,250.00,0.00,'2022-03-04',1,1,561,2,2,'2022-03-04 13:43:43'),(896,17,43,50.00,0.00,'2022-03-04',1,1,561,2,2,'2022-03-04 13:43:51'),(897,17,49,300.00,0.00,'2022-03-04',1,1,561,2,2,'2022-03-04 13:44:02'),(898,67,33,200.00,0.00,'2022-03-04',1,1,562,2,2,'2022-03-04 13:44:40'),(899,67,28,300.00,0.00,'2022-03-04',1,1,562,2,2,'2022-03-04 13:45:00'),(900,67,43,50.00,0.00,'2022-03-04',1,1,562,2,2,'2022-03-04 13:45:11'),(901,104,33,250.00,0.00,'2022-03-04',1,1,563,2,2,'2022-03-04 13:45:47'),(902,104,28,400.00,0.00,'2022-03-04',1,1,563,2,2,'2022-03-04 13:45:59'),(903,104,43,50.00,0.00,'2022-03-04',1,1,563,2,2,'2022-03-04 13:46:10'),(904,104,49,300.00,0.00,'2022-03-04',1,1,563,2,2,'2022-03-04 13:46:22'),(905,4,25,300.00,0.00,'2022-03-04',1,1,564,2,2,'2022-03-04 13:47:02'),(906,4,33,200.00,0.00,'2022-03-04',1,1,564,2,2,'2022-03-04 13:47:10'),(907,4,43,50.00,0.00,'2022-03-04',1,1,564,2,2,'2022-03-04 13:47:23'),(908,13,33,200.00,0.00,'2022-03-04',1,1,565,2,2,'2022-03-04 13:49:05'),(909,13,25,500.00,0.00,'2022-03-04',1,1,565,2,2,'2022-03-04 13:49:13'),(910,13,43,50.00,0.00,'2022-03-04',1,1,565,2,2,'2022-03-04 13:49:22'),(911,13,49,300.00,0.00,'2022-03-04',1,1,565,2,2,'2022-03-04 13:49:32'),(912,53,33,250.00,0.00,'2022-03-04',1,1,566,2,2,'2022-03-04 13:50:06'),(913,53,43,50.00,0.00,'2022-03-04',1,1,566,2,2,'2022-03-04 13:50:15'),(914,53,49,300.00,0.00,'2022-03-04',1,1,566,2,2,'2022-03-04 13:50:23'),(915,33,33,200.00,0.00,'2022-03-04',1,1,567,2,2,'2022-03-04 13:50:52'),(916,33,25,300.00,0.00,'2022-03-04',1,1,567,2,2,'2022-03-04 13:51:02'),(917,33,43,50.00,0.00,'2022-03-04',1,1,567,2,2,'2022-03-04 13:51:10'),(918,33,49,300.00,0.00,'2022-03-04',1,1,567,2,2,'2022-03-04 13:51:26'),(919,7,33,200.00,0.00,'2022-03-04',1,1,568,2,2,'2022-03-04 13:52:10'),(920,7,25,300.00,0.00,'2022-03-04',1,1,568,2,2,'2022-03-04 13:52:21'),(921,7,39,300.00,0.00,'2022-03-04',1,1,568,2,2,'2022-03-04 13:52:31'),(922,7,43,50.00,0.00,'2022-03-04',1,1,568,2,2,'2022-03-04 13:52:49'),(923,7,49,500.00,0.00,'2022-03-04',1,1,568,2,2,'2022-03-04 13:53:02'),(924,10,33,200.00,0.00,'2022-03-04',1,1,569,2,2,'2022-03-04 13:54:33'),(925,10,25,300.00,0.00,'2022-03-04',1,1,569,2,2,'2022-03-04 13:54:42'),(926,10,43,50.00,0.00,'2022-03-04',1,1,569,2,2,'2022-03-04 13:54:49'),(927,10,49,300.00,0.00,'2022-03-04',1,1,569,2,2,'2022-03-04 13:55:03'),(928,74,33,200.00,0.00,'2022-03-04',1,1,570,2,2,'2022-03-04 13:55:41'),(929,74,25,500.00,0.00,'2022-03-04',1,1,570,2,2,'2022-03-04 13:55:52'),(930,74,49,300.00,0.00,'2022-03-04',1,1,570,2,2,'2022-03-04 13:56:00'),(931,74,43,50.00,0.00,'2022-03-04',1,1,570,2,2,'2022-03-04 13:56:08'),(932,12,33,250.00,0.00,'2022-03-04',1,1,571,2,2,'2022-03-04 13:56:38'),(933,12,25,300.00,0.00,'2022-03-04',1,1,571,2,2,'2022-03-04 13:56:52'),(934,12,43,50.00,0.00,'2022-03-04',1,1,571,2,2,'2022-03-04 13:57:02'),(935,75,33,250.00,0.00,'2022-03-04',1,1,572,2,2,'2022-03-04 13:57:33'),(936,75,25,500.00,0.00,'2022-03-04',1,1,572,2,2,'2022-03-04 13:57:42'),(937,75,43,50.00,0.00,'2022-03-04',1,1,572,2,2,'2022-03-04 13:57:59'),(938,75,49,400.00,0.00,'2022-03-04',1,1,572,2,2,'2022-03-04 13:58:13'),(939,3,33,200.00,0.00,'2022-03-04',1,1,573,2,2,'2022-03-04 13:59:02'),(940,3,43,50.00,0.00,'2022-03-04',1,1,573,2,2,'2022-03-04 13:59:16'),(941,3,49,400.00,0.00,'2022-03-04',1,1,573,2,2,'2022-03-04 13:59:31'),(942,3,39,1000.00,0.00,'2022-03-04',1,1,573,2,2,'2022-03-04 13:59:40'),(943,6,33,200.00,0.00,'2022-03-04',1,1,574,2,2,'2022-03-04 14:00:14'),(944,6,25,300.00,0.00,'2022-03-04',1,1,574,2,2,'2022-03-04 14:00:24'),(945,6,43,50.00,0.00,'2022-03-04',1,1,574,2,2,'2022-03-04 14:00:33'),(946,6,49,300.00,0.00,'2022-03-04',1,1,574,2,2,'2022-03-04 14:00:44'),(947,5,33,200.00,0.00,'2022-03-04',1,1,575,2,2,'2022-03-04 14:01:21'),(948,5,25,1000.00,0.00,'2022-03-04',1,1,575,2,2,'2022-03-04 14:01:30'),(949,5,43,50.00,0.00,'2022-03-04',1,1,575,2,2,'2022-03-04 14:01:46'),(950,5,49,500.00,0.00,'2022-03-04',1,1,575,2,2,'2022-03-04 14:01:56'),(951,36,33,200.00,0.00,'2022-03-04',1,1,576,2,2,'2022-03-04 14:05:33'),(952,36,25,300.00,0.00,'2022-03-04',1,1,576,2,2,'2022-03-04 14:06:01'),(953,36,43,50.00,0.00,'2022-03-04',1,1,576,2,2,'2022-03-04 14:06:08'),(954,36,49,300.00,0.00,'2022-03-04',1,1,576,2,2,'2022-03-04 14:06:16'),(955,24,33,250.00,0.00,'2022-03-04',1,1,577,2,2,'2022-03-04 14:06:46'),(956,24,25,300.00,0.00,'2022-03-04',1,1,577,2,2,'2022-03-04 14:07:07'),(957,24,43,50.00,0.00,'2022-03-04',1,1,577,2,2,'2022-03-04 14:07:20'),(958,15,33,200.00,0.00,'2022-03-04',1,1,578,2,2,'2022-03-04 14:07:47'),(959,15,25,300.00,0.00,'2022-03-04',1,1,578,2,2,'2022-03-04 14:07:56'),(960,15,49,300.00,0.00,'2022-03-04',1,1,578,2,2,'2022-03-04 14:09:00'),(961,15,39,1000.00,0.00,'2022-03-04',1,1,578,2,2,'2022-03-04 14:09:10'),(962,19,33,200.00,0.00,'2022-03-04',1,1,579,2,2,'2022-03-04 14:09:44'),(963,19,25,300.00,0.00,'2022-03-04',1,1,579,2,2,'2022-03-04 14:10:02'),(964,19,43,50.00,0.00,'2022-03-04',1,1,579,2,2,'2022-03-04 14:10:10'),(965,19,49,300.00,0.00,'2022-03-04',1,1,579,2,2,'2022-03-04 14:10:27'),(966,3,33,200.00,0.00,'2022-03-04',1,1,580,2,2,'2022-03-04 14:11:50'),(967,3,25,500.00,0.00,'2022-03-04',1,1,580,2,2,'2022-03-04 14:12:08'),(968,3,43,50.00,0.00,'2022-03-04',1,1,580,2,2,'2022-03-04 14:12:39'),(969,3,49,400.00,0.00,'2022-03-04',1,1,580,2,2,'2022-03-04 14:12:48'),(970,9,33,200.00,0.00,'2022-03-04',1,1,581,2,2,'2022-03-04 14:13:20'),(971,9,25,300.00,0.00,'2022-03-04',1,1,581,2,2,'2022-03-04 14:13:28'),(972,9,43,50.00,0.00,'2022-03-04',1,1,581,2,2,'2022-03-04 14:13:57'),(973,9,49,300.00,0.00,'2022-03-04',1,1,581,2,2,'2022-03-04 14:14:18'),(974,19,25,800.00,0.00,'2022-03-04',1,1,582,2,2,'2022-03-04 14:14:46'),(975,19,33,200.00,0.00,'2022-03-04',1,1,582,2,2,'2022-03-04 14:14:55'),(976,19,43,50.00,0.00,'2022-03-04',1,1,582,2,2,'2022-03-04 14:15:03'),(977,19,49,300.00,0.00,'2022-03-04',1,1,582,2,2,'2022-03-04 14:15:12'),(978,55,33,200.00,0.00,'2022-03-04',1,1,583,2,2,'2022-03-04 14:15:49'),(979,55,25,300.00,0.00,'2022-03-04',1,1,583,2,2,'2022-03-04 14:15:58'),(980,55,43,50.00,0.00,'2022-03-04',1,1,583,2,2,'2022-03-04 14:16:06'),(981,55,49,300.00,0.00,'2022-03-04',1,1,583,2,2,'2022-03-04 14:16:15'),(982,108,28,500.00,0.00,'2022-03-04',1,1,584,2,2,'2022-03-04 14:17:13'),(983,108,33,200.00,0.00,'2022-03-04',1,1,584,2,2,'2022-03-04 14:17:22'),(984,108,43,50.00,0.00,'2022-03-04',1,1,584,2,2,'2022-03-04 14:17:33'),(985,108,49,300.00,0.00,'2022-03-04',1,1,584,2,2,'2022-03-04 14:17:42'),(986,102,30,400.00,0.00,'2022-03-05',1,NULL,585,3,3,'2022-03-05 06:55:04'),(987,87,28,200.00,0.00,'2022-03-05',1,1,588,3,3,'2022-03-05 06:58:00'),(988,102,56,700.00,0.00,'2022-03-05',1,NULL,586,3,3,'2022-03-05 07:13:03'),(989,102,60,700.00,0.00,'2022-03-05',1,NULL,586,3,3,'2022-03-05 07:13:04'),(990,102,57,900.00,0.00,'2022-03-05',1,NULL,586,3,3,'2022-03-05 07:13:05'),(991,102,59,300.00,0.00,'2022-03-05',1,NULL,586,3,3,'2022-03-05 07:13:05'),(992,102,61,250.00,0.00,'2022-03-05',1,NULL,586,3,3,'2022-03-05 07:13:06'),(993,102,62,900.00,0.00,'2022-03-05',1,NULL,586,3,3,'2022-03-05 07:13:06'),(994,87,39,500.00,0.00,'2022-03-05',1,1,588,3,3,'2022-03-05 07:15:47'),(995,87,33,400.00,0.00,'2022-03-05',1,1,588,3,3,'2022-03-05 07:16:30'),(996,102,30,100.00,0.00,'2022-03-05',1,NULL,587,3,3,'2022-03-05 07:16:55'),(997,87,43,50.00,0.00,'2022-03-05',1,1,589,3,3,'2022-03-05 07:50:16'),(998,87,33,200.00,0.00,'2022-03-05',1,1,589,3,3,'2022-03-05 07:52:17'),(999,87,43,50.00,0.00,'2022-03-05',1,1,590,3,3,'2022-03-05 07:54:56'),(1000,87,28,600.00,0.00,'2022-03-05',1,1,591,3,3,'2022-03-05 07:55:58'),(1001,87,33,200.00,0.00,'2022-03-05',1,1,591,3,3,'2022-03-05 07:56:09'),(1002,87,43,50.00,0.00,'2022-03-05',1,1,591,3,3,'2022-03-05 07:56:31'),(1003,109,33,200.00,0.00,'2022-03-05',1,1,592,2,2,'2022-03-05 15:03:38'),(1004,109,28,300.00,0.00,'2022-03-05',1,1,592,2,2,'2022-03-05 15:04:11'),(1005,109,43,50.00,0.00,'2022-03-05',1,1,592,2,2,'2022-03-05 15:04:19'),(1006,67,33,250.00,0.00,'2022-03-05',1,1,593,2,2,'2022-03-05 15:05:43'),(1007,67,28,300.00,0.00,'2022-03-05',1,1,593,2,2,'2022-03-05 15:05:55'),(1008,67,43,50.00,0.00,'2022-03-05',1,1,593,2,2,'2022-03-05 15:06:03'),(1009,4,33,200.00,0.00,'2022-03-05',1,1,594,2,2,'2022-03-05 15:06:28'),(1010,4,25,300.00,0.00,'2022-03-05',1,1,594,2,2,'2022-03-05 15:06:37'),(1011,4,43,50.00,0.00,'2022-03-05',1,1,594,2,2,'2022-03-05 15:06:48'),(1012,13,33,250.00,0.00,'2022-03-05',1,1,595,2,2,'2022-03-05 15:07:26'),(1013,13,25,300.00,0.00,'2022-03-05',1,1,595,2,2,'2022-03-05 15:07:37'),(1014,13,43,50.00,0.00,'2022-03-05',1,1,595,2,2,'2022-03-05 15:07:45'),(1015,11,33,200.00,0.00,'2022-03-05',1,1,596,2,2,'2022-03-05 15:08:19'),(1016,11,25,300.00,0.00,'2022-03-05',1,1,596,2,2,'2022-03-05 15:08:27'),(1017,11,43,50.00,0.00,'2022-03-05',1,1,596,2,2,'2022-03-05 15:08:37'),(1018,33,25,300.00,0.00,'2022-03-05',1,1,597,2,2,'2022-03-05 15:09:09'),(1019,33,33,200.00,0.00,'2022-03-05',1,1,597,2,2,'2022-03-05 15:09:19'),(1020,33,43,50.00,0.00,'2022-03-05',1,1,597,2,2,'2022-03-05 15:09:28'),(1021,7,33,200.00,0.00,'2022-03-05',1,1,598,2,2,'2022-03-05 15:10:00'),(1022,7,25,300.00,0.00,'2022-03-05',1,1,598,2,2,'2022-03-05 15:10:09'),(1023,7,39,300.00,0.00,'2022-03-05',1,1,598,2,2,'2022-03-05 15:10:20'),(1024,7,43,50.00,0.00,'2022-03-05',1,1,598,2,2,'2022-03-05 15:10:27'),(1025,10,25,300.00,0.00,'2022-03-05',1,1,599,2,2,'2022-03-05 15:11:03'),(1026,10,33,200.00,0.00,'2022-03-05',1,1,599,2,2,'2022-03-05 15:11:11'),(1027,10,43,50.00,0.00,'2022-03-05',1,1,599,2,2,'2022-03-05 15:11:19'),(1028,51,33,250.00,0.00,'2022-03-05',1,1,600,2,2,'2022-03-05 15:11:53'),(1029,51,25,300.00,0.00,'2022-03-05',1,1,600,2,2,'2022-03-05 15:12:04'),(1030,51,43,50.00,0.00,'2022-03-05',1,1,600,2,2,'2022-03-05 15:12:15'),(1031,3,33,200.00,0.00,'2022-03-05',1,1,601,2,2,'2022-03-05 15:12:44'),(1032,3,43,50.00,0.00,'2022-03-05',1,1,601,2,2,'2022-03-05 15:12:54'),(1033,3,39,1000.00,0.00,'2022-03-05',1,1,601,2,2,'2022-03-05 15:13:04'),(1034,6,33,200.00,0.00,'2022-03-05',1,1,602,2,2,'2022-03-05 15:13:31'),(1035,6,43,50.00,0.00,'2022-03-05',1,1,602,2,2,'2022-03-05 15:13:39'),(1036,6,33,200.00,0.00,'2022-03-05',1,1,603,2,2,'2022-03-05 15:14:05'),(1037,6,25,300.00,0.00,'2022-03-05',1,1,603,2,2,'2022-03-05 15:14:13'),(1038,6,43,50.00,0.00,'2022-03-05',1,1,603,2,2,'2022-03-05 15:14:21'),(1039,36,33,200.00,0.00,'2022-03-05',1,1,604,2,2,'2022-03-05 15:14:55'),(1040,36,25,300.00,0.00,'2022-03-05',1,1,604,2,2,'2022-03-05 15:15:06'),(1041,36,43,50.00,0.00,'2022-03-05',1,1,604,2,2,'2022-03-05 15:15:15'),(1042,21,25,300.00,0.00,'2022-03-05',1,1,605,2,2,'2022-03-05 15:15:49'),(1043,21,33,200.00,0.00,'2022-03-05',1,1,605,2,2,'2022-03-05 15:16:06'),(1044,21,43,50.00,0.00,'2022-03-05',1,1,605,2,2,'2022-03-05 15:16:14'),(1045,3,33,200.00,0.00,'2022-03-05',1,1,606,2,2,'2022-03-05 15:16:45'),(1046,3,25,500.00,0.00,'2022-03-05',1,1,606,2,2,'2022-03-05 15:16:57'),(1047,3,43,50.00,0.00,'2022-03-05',1,1,606,2,2,'2022-03-05 15:17:06'),(1048,105,28,300.00,0.00,'2022-03-05',1,1,607,2,2,'2022-03-05 15:17:34'),(1049,105,33,200.00,0.00,'2022-03-05',1,1,607,2,2,'2022-03-05 15:17:44'),(1050,105,43,50.00,0.00,'2022-03-05',1,1,607,2,2,'2022-03-05 15:17:52'),(1051,3,33,200.00,0.00,'2022-03-05',1,1,608,2,2,'2022-03-05 15:18:19'),(1052,3,25,300.00,0.00,'2022-03-05',1,1,608,2,2,'2022-03-05 15:18:28'),(1053,3,43,50.00,0.00,'2022-03-05',1,1,608,2,2,'2022-03-05 15:18:39'),(1054,3,25,200.00,0.00,'2022-03-05',1,1,608,2,2,'2022-03-05 15:19:02'),(1055,19,33,200.00,0.00,'2022-03-05',1,1,609,2,2,'2022-03-05 15:19:38'),(1056,19,25,800.00,0.00,'2022-03-05',1,1,609,2,2,'2022-03-05 15:19:54'),(1057,19,43,50.00,0.00,'2022-03-05',1,1,609,2,2,'2022-03-05 15:20:02'),(1058,55,33,200.00,0.00,'2022-03-05',1,1,610,2,2,'2022-03-05 15:20:25'),(1059,55,25,300.00,0.00,'2022-03-05',1,1,610,2,2,'2022-03-05 15:20:37'),(1060,55,43,50.00,0.00,'2022-03-05',1,1,610,2,2,'2022-03-05 15:20:45'),(1061,104,33,200.00,0.00,'2022-03-05',1,1,611,2,2,'2022-03-05 15:21:17'),(1062,104,28,400.00,0.00,'2022-03-05',1,1,611,2,2,'2022-03-05 15:21:29'),(1063,104,43,50.00,0.00,'2022-03-05',1,1,611,2,2,'2022-03-05 15:21:38'),(1064,17,33,200.00,0.00,'2022-03-05',1,1,612,2,2,'2022-03-05 15:26:49'),(1065,17,25,300.00,0.00,'2022-03-05',1,1,612,2,2,'2022-03-05 15:26:58'),(1066,17,43,50.00,0.00,'2022-03-05',1,1,612,2,2,'2022-03-05 15:27:06'),(1067,53,33,200.00,0.00,'2022-03-05',1,1,613,2,2,'2022-03-05 15:27:49'),(1068,53,43,50.00,0.00,'2022-03-05',1,1,613,2,2,'2022-03-05 15:27:57'),(1069,74,33,200.00,0.00,'2022-03-05',1,1,614,2,2,'2022-03-05 15:28:27'),(1070,74,25,500.00,0.00,'2022-03-05',1,1,614,2,2,'2022-03-05 15:28:37'),(1071,74,43,50.00,0.00,'2022-03-05',1,1,614,2,2,'2022-03-05 15:28:45'),(1072,12,33,200.00,0.00,'2022-03-05',1,1,615,2,2,'2022-03-05 15:29:09'),(1073,12,25,300.00,0.00,'2022-03-05',1,1,615,2,2,'2022-03-05 15:29:18'),(1074,12,43,50.00,0.00,'2022-03-05',1,1,615,2,2,'2022-03-05 15:29:26'),(1075,5,33,200.00,0.00,'2022-03-05',1,1,616,2,2,'2022-03-05 15:30:05'),(1076,5,43,50.00,0.00,'2022-03-05',1,1,616,2,2,'2022-03-05 15:30:13'),(1077,5,25,1000.00,0.00,'2022-03-05',1,1,616,2,2,'2022-03-05 15:30:22'),(1078,5,39,600.00,0.00,'2022-03-05',1,1,616,2,2,'2022-03-05 15:30:30'),(1079,15,33,200.00,0.00,'2022-03-05',1,1,617,2,2,'2022-03-05 15:30:55'),(1080,15,43,50.00,0.00,'2022-03-05',1,1,617,2,2,'2022-03-05 15:31:05'),(1081,15,25,300.00,0.00,'2022-03-05',1,1,617,2,2,'2022-03-05 15:31:13'),(1082,15,39,1000.00,0.00,'2022-03-05',1,1,617,2,2,'2022-03-05 15:31:25'),(1083,13,49,300.00,0.00,'2022-03-05',1,1,618,2,2,'2022-03-05 15:44:33'),(1084,87,33,200.00,0.00,'2022-03-07',1,1,619,3,3,'2022-03-07 06:31:10'),(1085,87,39,50.00,0.00,'2022-03-07',1,1,619,3,3,'2022-03-07 06:34:03'),(1086,87,33,200.00,0.00,'2022-03-07',1,1,620,3,3,'2022-03-07 06:50:35'),(1087,87,43,50.00,0.00,'2022-03-07',1,1,620,3,3,'2022-03-07 06:50:48'),(1088,87,33,200.00,0.00,'2022-03-07',1,1,621,3,3,'2022-03-07 06:56:21'),(1089,87,43,50.00,0.00,'2022-03-07',1,1,621,3,3,'2022-03-07 06:56:35'),(1090,87,23,600.00,0.00,'2022-03-07',1,1,621,3,3,'2022-03-07 06:56:55'),(1091,3,33,200.00,0.00,'2022-03-07',1,1,622,2,2,'2022-03-07 08:53:58'),(1092,3,43,50.00,0.00,'2022-03-07',1,1,622,2,2,'2022-03-07 08:54:12'),(1093,3,39,1000.00,0.00,'2022-03-07',1,1,622,2,2,'2022-03-07 08:54:25'),(1094,3,49,400.00,0.00,'2022-03-07',1,1,622,2,2,'2022-03-07 08:54:42'),(1095,33,33,200.00,0.00,'2022-03-07',1,1,623,2,2,'2022-03-07 08:55:41'),(1096,33,43,50.00,0.00,'2022-03-07',1,1,623,2,2,'2022-03-07 08:55:51'),(1097,33,49,300.00,0.00,'2022-03-07',1,1,623,2,2,'2022-03-07 08:56:06'),(1098,33,25,300.00,0.00,'2022-03-07',1,1,623,2,2,'2022-03-07 08:56:24'),(1099,10,33,200.00,0.00,'2022-03-07',1,1,624,2,2,'2022-03-07 08:57:26'),(1100,10,43,50.00,0.00,'2022-03-07',1,1,624,2,2,'2022-03-07 08:57:41'),(1101,10,25,300.00,0.00,'2022-03-07',1,1,624,2,2,'2022-03-07 08:57:55'),(1102,10,49,300.00,0.00,'2022-03-07',1,1,624,2,2,'2022-03-07 08:58:05'),(1103,11,25,300.00,0.00,'2022-03-07',1,1,625,2,2,'2022-03-07 08:59:05'),(1104,11,33,200.00,0.00,'2022-03-07',1,1,625,2,2,'2022-03-07 08:59:20'),(1105,11,39,1000.00,0.00,'2022-03-07',1,1,625,2,2,'2022-03-07 08:59:30'),(1106,11,49,300.00,0.00,'2022-03-07',1,1,625,2,2,'2022-03-07 08:59:43'),(1107,11,43,50.00,0.00,'2022-03-07',1,1,625,2,2,'2022-03-07 09:00:11'),(1108,19,33,200.00,0.00,'2022-03-07',1,1,626,2,2,'2022-03-07 09:01:14'),(1109,19,25,300.00,0.00,'2022-03-07',1,1,626,2,2,'2022-03-07 09:01:26'),(1110,19,25,500.00,0.00,'2022-03-07',1,1,626,2,2,'2022-03-07 09:01:40'),(1111,19,43,50.00,0.00,'2022-03-07',1,1,626,2,2,'2022-03-07 09:01:50'),(1112,19,49,300.00,0.00,'2022-03-07',1,1,626,2,2,'2022-03-07 09:02:02'),(1113,4,25,300.00,0.00,'2022-03-07',1,1,627,2,2,'2022-03-07 09:02:32'),(1114,4,43,50.00,0.00,'2022-03-07',1,1,627,2,2,'2022-03-07 09:02:42'),(1115,4,33,200.00,0.00,'2022-03-07',1,1,627,2,2,'2022-03-07 09:02:59'),(1116,18,33,200.00,0.00,'2022-03-07',1,1,628,2,2,'2022-03-07 09:03:30'),(1117,18,25,300.00,0.00,'2022-03-07',1,1,628,2,2,'2022-03-07 09:03:47'),(1118,18,43,50.00,0.00,'2022-03-07',1,1,628,2,2,'2022-03-07 09:04:04'),(1119,18,49,300.00,0.00,'2022-03-07',1,1,628,2,2,'2022-03-07 09:04:18'),(1120,3,25,500.00,0.00,'2022-03-07',1,1,629,2,2,'2022-03-07 09:04:58'),(1121,3,33,200.00,0.00,'2022-03-07',1,1,629,2,2,'2022-03-07 09:05:11'),(1122,3,43,50.00,0.00,'2022-03-07',1,1,629,2,2,'2022-03-07 09:05:35'),(1123,3,49,400.00,0.00,'2022-03-07',1,1,629,2,2,'2022-03-07 09:06:09'),(1124,19,25,300.00,0.00,'2022-03-07',1,1,630,2,2,'2022-03-07 09:07:14'),(1125,19,33,200.00,0.00,'2022-03-07',1,1,630,2,2,'2022-03-07 09:07:28'),(1126,19,43,50.00,0.00,'2022-03-07',1,1,630,2,2,'2022-03-07 09:07:39'),(1127,19,49,600.00,0.00,'2022-03-07',1,1,630,2,2,'2022-03-07 09:08:18'),(1128,36,25,300.00,0.00,'2022-03-07',1,1,631,2,2,'2022-03-07 09:09:16'),(1129,36,33,200.00,0.00,'2022-03-07',1,1,631,2,2,'2022-03-07 09:09:39'),(1130,36,43,50.00,0.00,'2022-03-07',1,1,631,2,2,'2022-03-07 09:09:52'),(1131,36,49,300.00,0.00,'2022-03-07',1,1,631,2,2,'2022-03-07 09:10:07'),(1132,21,25,300.00,0.00,'2022-03-07',1,1,632,2,2,'2022-03-07 09:10:56'),(1133,21,33,200.00,0.00,'2022-03-07',1,1,632,2,2,'2022-03-07 09:11:09'),(1134,21,49,300.00,0.00,'2022-03-07',1,1,632,2,2,'2022-03-07 09:11:22'),(1135,21,43,50.00,0.00,'2022-03-07',1,1,632,2,2,'2022-03-07 09:11:33'),(1136,30,25,300.00,0.00,'2022-03-07',1,1,633,2,2,'2022-03-07 09:12:40'),(1137,30,33,200.00,0.00,'2022-03-07',1,1,633,2,2,'2022-03-07 09:12:51'),(1138,30,43,50.00,0.00,'2022-03-07',1,1,633,2,2,'2022-03-07 09:13:03'),(1139,30,49,300.00,0.00,'2022-03-07',1,1,633,2,2,'2022-03-07 09:13:16'),(1140,104,28,300.00,0.00,'2022-03-07',1,1,634,2,2,'2022-03-07 09:14:25'),(1141,104,33,200.00,0.00,'2022-03-07',1,1,634,2,2,'2022-03-07 09:14:45'),(1142,104,43,50.00,0.00,'2022-03-07',1,1,634,2,2,'2022-03-07 09:15:22'),(1143,104,49,300.00,0.00,'2022-03-07',1,1,634,2,2,'2022-03-07 09:16:00'),(1144,104,28,100.00,0.00,'2022-03-07',1,1,634,2,2,'2022-03-07 09:16:51'),(1145,15,25,0.00,0.00,'2022-03-07',1,1,635,2,2,'2022-03-07 09:18:05'),(1146,15,39,0.00,0.00,'2022-03-07',1,1,635,2,2,'2022-03-07 09:18:16'),(1147,15,43,0.00,0.00,'2022-03-07',1,1,635,2,2,'2022-03-07 09:18:41'),(1148,15,33,0.00,0.00,'2022-03-07',1,1,635,2,2,'2022-03-07 09:18:53'),(1149,15,33,0.00,0.00,'2022-03-07',1,1,635,2,2,'2022-03-07 09:19:08'),(1150,15,25,300.00,0.00,'2022-03-07',1,1,636,2,2,'2022-03-07 09:31:44'),(1151,15,33,200.00,0.00,'2022-03-07',1,1,636,2,2,'2022-03-07 09:31:54'),(1152,15,43,50.00,0.00,'2022-03-07',1,1,636,2,2,'2022-03-07 09:32:06'),(1153,15,49,300.00,0.00,'2022-03-07',1,1,636,2,2,'2022-03-07 09:32:17'),(1154,15,39,1000.00,0.00,'2022-03-07',1,1,636,2,2,'2022-03-07 09:32:31'),(1155,13,25,500.00,0.00,'2022-03-07',1,1,637,2,2,'2022-03-07 09:33:18'),(1156,13,33,200.00,0.00,'2022-03-07',1,1,637,2,2,'2022-03-07 09:33:27'),(1157,13,49,500.00,0.00,'2022-03-07',1,1,637,2,2,'2022-03-07 09:33:43'),(1158,13,43,50.00,0.00,'2022-03-07',1,1,637,2,2,'2022-03-07 09:34:02'),(1159,1,25,500.00,0.00,'2022-03-07',1,1,638,2,2,'2022-03-07 09:35:09'),(1160,1,33,200.00,0.00,'2022-03-07',1,1,638,2,2,'2022-03-07 09:35:35'),(1161,1,43,50.00,0.00,'2022-03-07',1,1,638,2,2,'2022-03-07 09:35:48'),(1162,1,49,500.00,0.00,'2022-03-07',1,1,638,2,2,'2022-03-07 09:36:01'),(1163,105,33,200.00,0.00,'2022-03-07',1,1,639,2,2,'2022-03-07 09:38:26'),(1164,105,28,300.00,0.00,'2022-03-07',1,1,639,2,2,'2022-03-07 09:38:47'),(1165,105,49,300.00,0.00,'2022-03-07',1,1,639,2,2,'2022-03-07 09:39:46'),(1166,105,43,50.00,0.00,'2022-03-07',1,1,639,2,2,'2022-03-07 09:40:04'),(1167,37,25,300.00,0.00,'2022-03-07',1,1,640,2,2,'2022-03-07 09:42:40'),(1168,37,33,200.00,0.00,'2022-03-07',1,1,640,2,2,'2022-03-07 09:42:51'),(1169,37,43,50.00,0.00,'2022-03-07',1,1,640,2,2,'2022-03-07 09:43:16'),(1170,37,33,50.00,0.00,'2022-03-07',1,1,640,2,2,'2022-03-07 09:43:33'),(1171,87,43,50.00,0.00,'2022-03-07',1,1,641,3,3,'2022-03-07 09:44:10'),(1172,27,33,200.00,0.00,'2022-03-07',1,1,642,2,2,'2022-03-07 13:42:34'),(1173,27,25,400.00,0.00,'2022-03-07',1,1,642,2,2,'2022-03-07 13:42:49'),(1174,27,49,300.00,0.00,'2022-03-07',1,1,642,2,2,'2022-03-07 13:43:04'),(1175,27,39,300.00,0.00,'2022-03-07',1,1,642,2,2,'2022-03-07 13:43:17'),(1176,27,43,50.00,0.00,'2022-03-07',1,1,642,2,2,'2022-03-07 13:43:27'),(1177,27,43,50.00,0.00,'2022-03-07',1,1,642,2,2,'2022-03-07 13:43:51'),(1178,27,43,50.00,0.00,'2022-03-07',1,1,642,2,2,'2022-03-07 13:43:52'),(1179,27,43,50.00,0.00,'2022-03-07',1,1,642,2,2,'2022-03-07 13:43:52'),(1180,18,33,200.00,0.00,'2022-03-07',1,1,643,2,2,'2022-03-07 14:10:31'),(1181,18,25,300.00,0.00,'2022-03-07',1,1,643,2,2,'2022-03-07 14:10:44'),(1182,18,43,50.00,0.00,'2022-03-07',1,1,643,2,2,'2022-03-07 14:10:52'),(1183,18,49,300.00,0.00,'2022-03-07',1,1,643,2,2,'2022-03-07 14:11:07'),(1184,17,25,300.00,0.00,'2022-03-07',1,1,644,2,2,'2022-03-07 14:11:51'),(1185,17,33,200.00,0.00,'2022-03-07',1,1,644,2,2,'2022-03-07 14:12:04'),(1186,17,43,50.00,0.00,'2022-03-07',1,1,644,2,2,'2022-03-07 14:12:30'),(1187,17,49,300.00,0.00,'2022-03-07',1,1,644,2,2,'2022-03-07 14:12:48'),(1188,55,25,300.00,0.00,'2022-03-07',1,1,645,2,2,'2022-03-07 14:13:21'),(1189,55,33,200.00,0.00,'2022-03-07',1,1,645,2,2,'2022-03-07 14:13:34'),(1190,55,43,50.00,0.00,'2022-03-07',1,1,645,2,2,'2022-03-07 14:13:43'),(1191,55,49,300.00,0.00,'2022-03-07',1,1,645,2,2,'2022-03-07 14:14:00'),(1192,104,28,400.00,0.00,'2022-03-07',1,1,646,2,2,'2022-03-07 14:14:50'),(1193,104,33,200.00,0.00,'2022-03-07',1,1,646,2,2,'2022-03-07 14:15:03'),(1194,104,43,50.00,0.00,'2022-03-07',1,1,646,2,2,'2022-03-07 14:15:11'),(1195,104,49,300.00,0.00,'2022-03-07',1,1,646,2,2,'2022-03-07 14:15:20'),(1196,19,25,300.00,0.00,'2022-03-07',1,1,647,2,2,'2022-03-07 14:15:53'),(1197,19,33,200.00,0.00,'2022-03-07',1,1,647,2,2,'2022-03-07 14:16:04'),(1198,19,43,50.00,0.00,'2022-03-07',1,1,647,2,2,'2022-03-07 14:16:12'),(1199,19,49,300.00,0.00,'2022-03-07',1,1,647,2,2,'2022-03-07 14:16:37'),(1200,75,25,500.00,0.00,'2022-03-07',1,1,648,2,2,'2022-03-07 14:17:17'),(1201,75,49,400.00,0.00,'2022-03-07',1,1,648,2,2,'2022-03-07 14:17:25'),(1202,75,33,200.00,0.00,'2022-03-07',1,1,648,2,2,'2022-03-07 14:17:33'),(1203,75,43,50.00,0.00,'2022-03-07',1,1,648,2,2,'2022-03-07 14:18:01'),(1204,74,25,500.00,0.00,'2022-03-07',1,1,649,2,2,'2022-03-07 14:18:42'),(1205,74,49,300.00,0.00,'2022-03-07',1,1,649,2,2,'2022-03-07 14:18:54'),(1206,74,43,50.00,0.00,'2022-03-07',1,1,649,2,2,'2022-03-07 14:19:10'),(1207,74,33,200.00,0.00,'2022-03-07',1,1,649,2,2,'2022-03-07 14:19:19'),(1208,108,28,500.00,0.00,'2022-03-07',1,1,650,2,2,'2022-03-07 14:20:08'),(1209,108,33,200.00,0.00,'2022-03-07',1,1,650,2,2,'2022-03-07 14:20:17'),(1210,108,43,50.00,0.00,'2022-03-07',1,1,650,2,2,'2022-03-07 14:20:25'),(1211,108,49,300.00,0.00,'2022-03-07',1,1,650,2,2,'2022-03-07 14:20:34'),(1212,36,25,300.00,0.00,'2022-03-07',1,1,651,2,2,'2022-03-07 14:21:11'),(1213,36,33,200.00,0.00,'2022-03-07',1,1,651,2,2,'2022-03-07 14:21:23'),(1214,36,43,50.00,0.00,'2022-03-07',1,1,651,2,2,'2022-03-07 14:21:37'),(1215,36,49,300.00,0.00,'2022-03-07',1,1,651,2,2,'2022-03-07 14:21:45'),(1216,36,49,300.00,0.00,'2022-03-07',1,1,651,2,2,'2022-03-07 14:22:31'),(1217,19,25,300.00,0.00,'2022-03-07',1,1,652,2,2,'2022-03-07 14:23:24'),(1218,19,33,200.00,0.00,'2022-03-07',1,1,652,2,2,'2022-03-07 14:23:36'),(1219,19,43,50.00,0.00,'2022-03-07',1,1,652,2,2,'2022-03-07 14:23:52'),(1220,19,49,300.00,0.00,'2022-03-07',1,1,652,2,2,'2022-03-07 14:24:01'),(1221,21,33,200.00,0.00,'2022-03-07',1,1,653,2,2,'2022-03-07 14:24:27'),(1222,21,25,300.00,0.00,'2022-03-07',1,1,653,2,2,'2022-03-07 14:24:38'),(1223,21,43,50.00,0.00,'2022-03-07',1,1,653,2,2,'2022-03-07 14:24:47'),(1224,21,49,600.00,0.00,'2022-03-07',1,1,653,2,2,'2022-03-07 14:26:09'),(1225,66,25,300.00,0.00,'2022-03-07',1,1,654,2,2,'2022-03-07 14:26:39'),(1226,66,33,200.00,0.00,'2022-03-07',1,1,654,2,2,'2022-03-07 14:26:51'),(1227,66,43,50.00,0.00,'2022-03-07',1,1,654,2,2,'2022-03-07 14:27:03'),(1228,3,25,500.00,0.00,'2022-03-07',1,1,655,2,2,'2022-03-07 14:27:30'),(1229,3,33,200.00,0.00,'2022-03-07',1,1,655,2,2,'2022-03-07 14:27:38'),(1230,3,43,50.00,0.00,'2022-03-07',1,1,655,2,2,'2022-03-07 14:27:46'),(1231,3,49,400.00,0.00,'2022-03-07',1,1,655,2,2,'2022-03-07 14:27:56'),(1232,11,25,300.00,0.00,'2022-03-07',1,1,656,2,2,'2022-03-07 14:29:21'),(1233,11,33,200.00,0.00,'2022-03-07',1,1,656,2,2,'2022-03-07 14:29:40'),(1234,12,25,300.00,0.00,'2022-03-07',1,1,657,2,2,'2022-03-07 14:30:32'),(1235,12,33,200.00,0.00,'2022-03-07',1,1,657,2,2,'2022-03-07 14:30:40'),(1236,12,43,50.00,0.00,'2022-03-07',1,1,657,2,2,'2022-03-07 14:30:47'),(1237,12,49,400.00,0.00,'2022-03-07',1,1,657,2,2,'2022-03-07 14:30:58'),(1238,9,25,300.00,0.00,'2022-03-07',1,1,658,2,2,'2022-03-07 14:31:48'),(1239,9,33,200.00,0.00,'2022-03-07',1,1,658,2,2,'2022-03-07 14:31:57'),(1240,9,49,50.00,0.00,'2022-03-07',1,1,658,2,2,'2022-03-07 14:32:25'),(1241,9,49,300.00,0.00,'2022-03-07',1,1,658,2,2,'2022-03-07 14:32:34'),(1242,1,25,500.00,0.00,'2022-03-07',1,1,659,2,2,'2022-03-07 14:32:56'),(1243,1,49,500.00,0.00,'2022-03-07',1,1,659,2,2,'2022-03-07 14:33:05'),(1244,1,33,200.00,0.00,'2022-03-07',1,1,659,2,2,'2022-03-07 14:33:13'),(1245,1,43,50.00,0.00,'2022-03-07',1,1,659,2,2,'2022-03-07 14:33:37'),(1246,1,43,50.00,0.00,'2022-03-07',1,1,659,2,2,'2022-03-07 14:33:37'),(1247,1,43,50.00,0.00,'2022-03-07',1,1,659,2,2,'2022-03-07 14:33:38'),(1248,1,43,50.00,0.00,'2022-03-07',1,1,659,2,2,'2022-03-07 14:33:38'),(1249,1,43,50.00,0.00,'2022-03-07',1,1,659,2,2,'2022-03-07 14:33:38'),(1250,3,33,200.00,0.00,'2022-03-07',1,1,660,2,2,'2022-03-07 14:35:02'),(1251,3,25,500.00,0.00,'2022-03-07',1,1,660,2,2,'2022-03-07 14:35:13'),(1252,3,49,400.00,0.00,'2022-03-07',1,1,660,2,2,'2022-03-07 14:35:23'),(1253,3,43,50.00,0.00,'2022-03-07',1,1,660,2,2,'2022-03-07 14:35:31'),(1254,30,25,300.00,0.00,'2022-03-07',1,1,661,2,2,'2022-03-07 14:36:43'),(1255,30,33,200.00,0.00,'2022-03-07',1,1,661,2,2,'2022-03-07 14:37:22'),(1256,30,43,50.00,0.00,'2022-03-07',1,1,661,2,2,'2022-03-07 14:37:32'),(1257,30,49,300.00,0.00,'2022-03-07',1,1,661,2,2,'2022-03-07 14:37:50'),(1258,6,25,300.00,0.00,'2022-03-07',1,1,662,2,2,'2022-03-07 14:38:28'),(1259,6,33,200.00,0.00,'2022-03-07',1,1,662,2,2,'2022-03-07 14:38:37'),(1260,6,43,50.00,0.00,'2022-03-07',1,1,662,2,2,'2022-03-07 14:38:45'),(1261,5,25,1000.00,0.00,'2022-03-07',1,1,663,2,2,'2022-03-07 14:39:12'),(1262,5,39,1500.00,0.00,'2022-03-07',1,1,663,2,2,'2022-03-07 14:39:21'),(1263,5,49,500.00,0.00,'2022-03-07',1,1,663,2,2,'2022-03-07 14:39:29'),(1264,5,33,200.00,0.00,'2022-03-07',1,1,663,2,2,'2022-03-07 14:39:37'),(1265,5,43,50.00,0.00,'2022-03-07',1,1,663,2,2,'2022-03-07 14:39:46'),(1266,53,33,300.00,0.00,'2022-03-07',1,1,664,2,2,'2022-03-07 14:40:23'),(1267,53,49,300.00,0.00,'2022-03-07',1,1,664,2,2,'2022-03-07 14:40:42'),(1268,67,28,300.00,0.00,'2022-03-07',1,1,665,2,2,'2022-03-07 14:41:47'),(1269,67,43,50.00,0.00,'2022-03-07',1,1,665,2,2,'2022-03-07 14:41:55'),(1270,67,33,200.00,0.00,'2022-03-07',1,1,665,2,2,'2022-03-07 14:42:15'),(1271,67,33,50.00,0.00,'2022-03-07',1,1,665,2,2,'2022-03-07 14:42:24'),(1272,67,33,50.00,0.00,'2022-03-07',1,1,665,2,2,'2022-03-07 14:42:29'),(1273,67,33,50.00,0.00,'2022-03-07',1,1,665,2,2,'2022-03-07 14:42:30'),(1274,67,33,50.00,0.00,'2022-03-07',1,1,665,2,2,'2022-03-07 14:42:32'),(1275,67,33,50.00,0.00,'2022-03-07',1,1,665,2,2,'2022-03-07 14:42:32'),(1276,67,33,50.00,0.00,'2022-03-07',1,1,665,2,2,'2022-03-07 14:42:32'),(1277,33,25,300.00,0.00,'2022-03-07',1,1,666,2,2,'2022-03-07 14:43:11'),(1278,33,33,250.00,0.00,'2022-03-07',1,1,666,2,2,'2022-03-07 14:43:20'),(1279,33,49,300.00,0.00,'2022-03-07',1,1,666,2,2,'2022-03-07 14:43:28'),(1280,33,43,50.00,0.00,'2022-03-07',1,1,666,2,2,'2022-03-07 14:43:37'),(1281,10,25,300.00,0.00,'2022-03-07',1,1,667,2,2,'2022-03-07 14:44:17'),(1282,10,33,200.00,0.00,'2022-03-07',1,1,667,2,2,'2022-03-07 14:44:26'),(1283,10,33,50.00,0.00,'2022-03-07',1,1,667,2,2,'2022-03-07 14:44:36'),(1284,10,49,300.00,0.00,'2022-03-07',1,1,667,2,2,'2022-03-07 14:44:44'),(1285,10,43,50.00,0.00,'2022-03-07',1,1,667,2,2,'2022-03-07 14:45:02'),(1286,37,33,250.00,0.00,'2022-03-08',1,1,668,2,2,'2022-03-08 12:46:20'),(1287,37,25,300.00,0.00,'2022-03-08',1,1,668,2,2,'2022-03-08 12:46:29'),(1288,37,43,50.00,0.00,'2022-03-08',1,1,668,2,2,'2022-03-08 12:46:38'),(1289,30,25,300.00,0.00,'2022-03-08',1,1,669,2,2,'2022-03-08 12:49:19'),(1290,30,33,200.00,0.00,'2022-03-08',1,1,669,2,2,'2022-03-08 12:49:37'),(1291,30,43,50.00,0.00,'2022-03-08',1,1,669,2,2,'2022-03-08 12:50:08'),(1292,18,33,200.00,0.00,'2022-03-08',1,1,670,2,2,'2022-03-08 12:50:48'),(1293,18,43,50.00,0.00,'2022-03-08',1,1,670,2,2,'2022-03-08 12:50:57'),(1294,18,25,300.00,0.00,'2022-03-08',1,1,670,2,2,'2022-03-08 12:51:26'),(1295,18,49,300.00,0.00,'2022-03-08',1,1,670,2,2,'2022-03-08 12:52:06'),(1296,18,49,300.00,0.00,'2022-03-08',1,1,670,2,2,'2022-03-08 12:52:07'),(1297,18,49,300.00,0.00,'2022-03-08',1,1,670,2,2,'2022-03-08 12:52:07'),(1298,17,33,200.00,0.00,'2022-03-08',1,1,671,2,2,'2022-03-08 12:52:59'),(1299,17,43,50.00,0.00,'2022-03-08',1,1,671,2,2,'2022-03-08 12:53:07'),(1300,17,49,300.00,0.00,'2022-03-08',1,1,671,2,2,'2022-03-08 12:53:15'),(1301,1,33,250.00,0.00,'2022-03-08',1,1,672,2,2,'2022-03-08 12:53:51'),(1302,1,43,50.00,0.00,'2022-03-08',1,1,672,2,2,'2022-03-08 12:54:01'),(1303,1,25,500.00,0.00,'2022-03-08',1,1,672,2,2,'2022-03-08 12:54:10'),(1304,1,49,500.00,0.00,'2022-03-08',1,1,672,2,2,'2022-03-08 12:54:21'),(1305,67,33,250.00,0.00,'2022-03-08',1,1,673,2,2,'2022-03-08 12:55:06'),(1306,67,43,50.00,0.00,'2022-03-08',1,1,673,2,2,'2022-03-08 12:55:15'),(1307,67,28,300.00,0.00,'2022-03-08',1,1,673,2,2,'2022-03-08 12:55:36'),(1308,104,33,200.00,0.00,'2022-03-08',1,1,674,2,2,'2022-03-08 12:56:49'),(1309,104,43,40.00,0.00,'2022-03-08',1,1,674,2,2,'2022-03-08 12:56:57'),(1310,104,43,10.00,0.00,'2022-03-08',1,1,674,2,2,'2022-03-08 12:57:10'),(1311,104,28,400.00,0.00,'2022-03-08',1,1,674,2,2,'2022-03-08 12:57:23'),(1312,104,49,300.00,0.00,'2022-03-08',1,1,674,2,2,'2022-03-08 12:57:52'),(1313,4,25,300.00,0.00,'2022-03-08',1,1,675,2,2,'2022-03-08 12:59:03'),(1314,4,43,50.00,0.00,'2022-03-08',1,1,675,2,2,'2022-03-08 12:59:21'),(1315,4,33,200.00,0.00,'2022-03-08',1,1,675,2,2,'2022-03-08 12:59:35'),(1316,11,33,200.00,0.00,'2022-03-08',1,1,676,2,2,'2022-03-08 13:00:34'),(1317,11,25,300.00,0.00,'2022-03-08',1,1,676,2,2,'2022-03-08 13:01:38'),(1318,11,39,1000.00,0.00,'2022-03-08',1,1,676,2,2,'2022-03-08 13:01:50'),(1319,11,49,300.00,0.00,'2022-03-08',1,1,676,2,2,'2022-03-08 13:02:12'),(1320,53,33,200.00,0.00,'2022-03-08',1,1,677,2,2,'2022-03-08 13:02:57'),(1321,53,43,50.00,0.00,'2022-03-08',1,1,677,2,2,'2022-03-08 13:03:11'),(1322,53,49,300.00,0.00,'2022-03-08',1,1,677,2,2,'2022-03-08 13:03:21'),(1323,33,33,200.00,0.00,'2022-03-08',1,1,678,2,2,'2022-03-08 13:04:09'),(1324,33,43,50.00,0.00,'2022-03-08',1,1,678,2,2,'2022-03-08 13:04:19'),(1325,33,25,300.00,0.00,'2022-03-08',1,1,678,2,2,'2022-03-08 13:04:31'),(1326,33,49,300.00,0.00,'2022-03-08',1,1,678,2,2,'2022-03-08 13:04:50'),(1327,10,25,300.00,0.00,'2022-03-08',1,1,679,2,2,'2022-03-08 13:05:25'),(1328,10,33,200.00,0.00,'2022-03-08',1,1,679,2,2,'2022-03-08 13:05:38'),(1329,10,43,50.00,0.00,'2022-03-08',1,1,679,2,2,'2022-03-08 13:05:48'),(1330,10,49,300.00,0.00,'2022-03-08',1,1,679,2,2,'2022-03-08 13:06:00'),(1331,74,25,500.00,0.00,'2022-03-08',1,1,680,2,2,'2022-03-08 13:06:43'),(1332,74,33,200.00,0.00,'2022-03-08',1,1,680,2,2,'2022-03-08 13:06:52'),(1333,74,43,50.00,0.00,'2022-03-08',1,1,680,2,2,'2022-03-08 13:07:30'),(1334,74,43,50.00,0.00,'2022-03-08',1,1,680,2,2,'2022-03-08 13:07:30'),(1335,74,49,300.00,0.00,'2022-03-08',1,1,680,2,2,'2022-03-08 13:08:28'),(1336,75,33,200.00,0.00,'2022-03-08',1,1,681,2,2,'2022-03-08 13:09:32'),(1337,75,43,50.00,0.00,'2022-03-08',1,1,681,2,2,'2022-03-08 13:09:39'),(1338,75,43,50.00,0.00,'2022-03-08',1,1,681,2,2,'2022-03-08 13:09:40'),(1339,75,25,500.00,0.00,'2022-03-08',1,1,681,2,2,'2022-03-08 13:10:27'),(1340,75,49,400.00,0.00,'2022-03-08',1,1,681,2,2,'2022-03-08 13:10:49'),(1341,3,33,0.00,0.00,'2022-03-08',1,1,682,2,2,'2022-03-08 13:21:31'),(1342,3,33,0.00,0.00,'2022-03-08',1,1,682,2,2,'2022-03-08 13:21:32'),(1343,3,33,250.00,0.00,'2022-03-08',1,1,683,2,2,'2022-03-08 13:36:03'),(1344,3,43,50.00,0.00,'2022-03-08',1,1,683,2,2,'2022-03-08 13:36:13'),(1345,3,39,1000.00,0.00,'2022-03-08',1,1,683,2,2,'2022-03-08 13:36:25'),(1346,6,33,200.00,0.00,'2022-03-08',1,1,684,2,2,'2022-03-08 13:38:13'),(1347,6,43,50.00,0.00,'2022-03-08',1,1,684,2,2,'2022-03-08 13:38:22'),(1348,6,25,300.00,0.00,'2022-03-08',1,1,684,2,2,'2022-03-08 13:38:47'),(1349,6,49,300.00,0.00,'2022-03-08',1,1,684,2,2,'2022-03-08 13:39:01'),(1350,5,25,1000.00,0.00,'2022-03-08',1,1,685,2,2,'2022-03-08 13:41:21'),(1351,5,33,200.00,0.00,'2022-03-08',1,1,685,2,2,'2022-03-08 13:41:33'),(1352,5,43,50.00,0.00,'2022-03-08',1,1,685,2,2,'2022-03-08 13:41:49'),(1353,5,39,1000.00,0.00,'2022-03-08',1,1,1,2,2,'2022-03-08 13:42:01'),(1354,5,39,500.00,0.00,'2022-03-08',1,1,685,2,2,'2022-03-08 13:42:27'),(1355,36,33,200.00,0.00,'2022-03-08',1,1,686,2,2,'2022-03-08 14:24:32'),(1356,36,43,50.00,0.00,'2022-03-08',1,1,686,2,2,'2022-03-08 14:24:42'),(1357,36,25,300.00,0.00,'2022-03-08',1,1,686,2,2,'2022-03-08 14:24:51'),(1358,36,49,300.00,0.00,'2022-03-08',1,1,686,2,2,'2022-03-08 14:25:00'),(1359,24,33,200.00,0.00,'2022-03-08',1,1,687,2,2,'2022-03-08 14:25:26'),(1360,24,43,50.00,0.00,'2022-03-08',1,1,687,2,2,'2022-03-08 14:25:34'),(1361,24,25,300.00,0.00,'2022-03-08',1,1,687,2,2,'2022-03-08 14:25:43'),(1362,21,25,300.00,0.00,'2022-03-08',1,1,688,2,2,'2022-03-08 14:26:29'),(1363,15,33,200.00,0.00,'2022-03-08',1,1,689,2,2,'2022-03-08 14:27:09'),(1364,15,43,50.00,0.00,'2022-03-08',1,1,689,2,2,'2022-03-08 14:27:17'),(1365,15,25,300.00,0.00,'2022-03-08',1,1,689,2,2,'2022-03-08 14:27:26'),(1366,15,39,1000.00,0.00,'2022-03-08',1,1,689,2,2,'2022-03-08 14:27:38'),(1367,15,49,300.00,0.00,'2022-03-08',1,1,689,2,2,'2022-03-08 14:27:57'),(1368,9,33,200.00,0.00,'2022-03-08',1,1,690,2,2,'2022-03-08 14:28:28'),(1369,9,43,50.00,0.00,'2022-03-08',1,1,690,2,2,'2022-03-08 14:28:39'),(1370,9,49,300.00,0.00,'2022-03-08',1,1,690,2,2,'2022-03-08 14:28:52'),(1371,9,25,300.00,0.00,'2022-03-08',1,1,690,2,2,'2022-03-08 14:29:04'),(1372,9,33,50.00,0.00,'2022-03-08',1,1,690,2,2,'2022-03-08 14:29:13'),(1373,19,25,300.00,0.00,'2022-03-08',1,1,691,2,2,'2022-03-08 14:30:07'),(1374,19,33,200.00,0.00,'2022-03-08',1,1,691,2,2,'2022-03-08 14:30:18'),(1375,19,49,300.00,0.00,'2022-03-08',1,1,691,2,2,'2022-03-08 14:30:29'),(1376,19,43,50.00,0.00,'2022-03-08',1,1,691,2,2,'2022-03-08 14:30:39'),(1377,69,25,300.00,0.00,'2022-03-08',1,1,692,2,2,'2022-03-08 14:31:05'),(1378,69,33,200.00,0.00,'2022-03-08',1,1,692,2,2,'2022-03-08 14:31:16'),(1379,69,43,50.00,0.00,'2022-03-08',1,1,692,2,2,'2022-03-08 14:31:23'),(1380,69,39,300.00,0.00,'2022-03-08',1,1,692,2,2,'2022-03-08 14:31:33'),(1381,69,49,400.00,0.00,'2022-03-08',1,1,692,2,2,'2022-03-08 14:32:05'),(1382,12,33,200.00,0.00,'2022-03-08',1,1,693,2,2,'2022-03-08 14:33:00'),(1383,12,25,300.00,0.00,'2022-03-08',1,1,693,2,2,'2022-03-08 14:33:57'),(1384,12,43,50.00,0.00,'2022-03-08',1,1,693,2,2,'2022-03-08 14:34:10'),(1385,12,49,300.00,0.00,'2022-03-08',1,1,693,2,2,'2022-03-08 14:34:23'),(1386,12,49,100.00,0.00,'2022-03-08',1,1,693,2,2,'2022-03-08 14:34:40'),(1387,12,49,100.00,0.00,'2022-03-08',1,1,693,2,2,'2022-03-08 14:35:08'),(1388,105,28,300.00,0.00,'2022-03-08',1,1,694,2,2,'2022-03-08 14:35:48'),(1389,105,33,200.00,0.00,'2022-03-08',1,1,694,2,2,'2022-03-08 14:35:57'),(1390,105,43,50.00,0.00,'2022-03-08',1,1,694,2,2,'2022-03-08 14:36:14'),(1391,105,49,300.00,0.00,'2022-03-08',1,1,694,2,2,'2022-03-08 14:36:40'),(1392,27,33,200.00,0.00,'2022-03-08',1,1,695,2,2,'2022-03-08 14:37:06'),(1393,27,43,50.00,0.00,'2022-03-08',1,1,695,2,2,'2022-03-08 14:37:13'),(1394,27,25,300.00,0.00,'2022-03-08',1,1,695,2,2,'2022-03-08 14:37:24'),(1395,27,25,100.00,0.00,'2022-03-08',1,1,695,2,2,'2022-03-08 14:37:35'),(1396,27,39,300.00,0.00,'2022-03-08',1,1,695,2,2,'2022-03-08 14:37:47'),(1397,27,49,300.00,0.00,'2022-03-08',1,1,695,2,2,'2022-03-08 14:37:56'),(1398,3,25,500.00,0.00,'2022-03-08',1,1,696,2,2,'2022-03-08 14:38:33'),(1399,3,33,200.00,0.00,'2022-03-08',1,1,696,2,2,'2022-03-08 14:38:41'),(1400,3,49,400.00,0.00,'2022-03-08',1,1,696,2,2,'2022-03-08 14:39:42'),(1401,3,43,50.00,0.00,'2022-03-08',1,1,696,2,2,'2022-03-08 14:40:14'),(1402,9,33,200.00,0.00,'2022-03-08',1,1,697,2,2,'2022-03-08 14:41:06'),(1403,9,43,50.00,0.00,'2022-03-08',1,1,697,2,2,'2022-03-08 14:41:16'),(1404,9,25,300.00,0.00,'2022-03-08',1,1,697,2,2,'2022-03-08 14:41:25'),(1405,9,49,300.00,0.00,'2022-03-08',1,1,697,2,2,'2022-03-08 14:41:39'),(1406,19,33,200.00,0.00,'2022-03-08',1,1,698,2,2,'2022-03-08 14:42:39'),(1407,19,43,50.00,0.00,'2022-03-08',1,1,698,2,2,'2022-03-08 14:42:46'),(1408,19,25,800.00,0.00,'2022-03-08',1,1,698,2,2,'2022-03-08 14:42:58'),(1409,19,49,300.00,0.00,'2022-03-08',1,1,698,2,2,'2022-03-08 14:43:10'),(1410,55,33,200.00,0.00,'2022-03-08',1,1,699,2,2,'2022-03-08 14:44:29'),(1411,55,43,50.00,0.00,'2022-03-08',1,1,699,2,2,'2022-03-08 14:45:04'),(1412,55,25,300.00,0.00,'2022-03-08',1,1,699,2,2,'2022-03-08 14:45:20'),(1413,55,49,300.00,0.00,'2022-03-08',1,1,699,2,2,'2022-03-08 14:45:46'),(1414,108,33,200.00,0.00,'2022-03-08',1,1,700,2,2,'2022-03-08 14:46:29'),(1415,108,43,50.00,0.00,'2022-03-08',1,1,700,2,2,'2022-03-08 14:46:40'),(1416,108,28,500.00,0.00,'2022-03-08',1,1,700,2,2,'2022-03-08 14:46:56'),(1417,108,49,300.00,0.00,'2022-03-08',1,1,700,2,2,'2022-03-08 14:47:06'),(1418,7,33,200.00,0.00,'2022-03-09',1,1,701,2,2,'2022-03-09 12:01:26'),(1419,7,25,300.00,0.00,'2022-03-09',1,1,701,2,2,'2022-03-09 12:01:55'),(1420,7,43,50.00,0.00,'2022-03-09',1,1,701,2,2,'2022-03-09 12:02:15'),(1421,7,39,300.00,0.00,'2022-03-09',1,1,701,2,2,'2022-03-09 12:02:50'),(1422,4,33,200.00,0.00,'2022-03-09',1,1,702,2,2,'2022-03-09 12:03:29'),(1423,4,43,50.00,0.00,'2022-03-09',1,1,702,2,2,'2022-03-09 12:03:37'),(1424,4,25,300.00,0.00,'2022-03-09',1,1,702,2,2,'2022-03-09 12:03:49'),(1425,109,33,200.00,0.00,'2022-03-09',1,1,703,2,2,'2022-03-09 12:04:31'),(1426,109,43,50.00,0.00,'2022-03-09',1,1,703,2,2,'2022-03-09 12:04:41'),(1427,109,28,300.00,0.00,'2022-03-09',1,1,703,2,2,'2022-03-09 12:04:51'),(1428,109,49,300.00,0.00,'2022-03-09',1,1,703,2,2,'2022-03-09 12:05:33'),(1429,109,33,50.00,0.00,'2022-03-09',1,1,703,2,2,'2022-03-09 12:05:42'),(1430,33,33,200.00,0.00,'2022-03-09',1,1,704,2,2,'2022-03-09 12:06:10'),(1431,33,43,50.00,0.00,'2022-03-09',1,1,704,2,2,'2022-03-09 12:06:17'),(1432,33,25,300.00,0.00,'2022-03-09',1,1,704,2,2,'2022-03-09 12:06:31'),(1433,36,25,300.00,0.00,'2022-03-09',1,1,705,2,2,'2022-03-09 12:07:01'),(1434,36,43,50.00,0.00,'2022-03-09',1,1,705,2,2,'2022-03-09 12:07:46'),(1435,36,33,200.00,0.00,'2022-03-09',1,1,705,2,2,'2022-03-09 12:07:58'),(1436,36,49,300.00,0.00,'2022-03-09',1,1,705,2,2,'2022-03-09 12:08:08'),(1437,36,33,50.00,0.00,'2022-03-09',1,1,705,2,2,'2022-03-09 12:08:20'),(1438,108,28,500.00,0.00,'2022-03-09',1,1,706,2,2,'2022-03-09 12:08:54'),(1439,108,33,200.00,0.00,'2022-03-09',1,1,706,2,2,'2022-03-09 12:09:02'),(1440,108,49,50.00,0.00,'2022-03-09',1,1,706,2,2,'2022-03-09 12:10:36'),(1441,108,49,300.00,0.00,'2022-03-09',1,1,706,2,2,'2022-03-09 12:11:17'),(1442,10,33,200.00,0.00,'2022-03-09',1,1,707,2,2,'2022-03-09 12:12:10'),(1443,10,25,300.00,0.00,'2022-03-09',1,1,707,2,2,'2022-03-09 12:12:22'),(1444,10,49,300.00,0.00,'2022-03-09',1,1,707,2,2,'2022-03-09 12:12:38'),(1445,10,43,50.00,0.00,'2022-03-09',1,1,707,2,2,'2022-03-09 12:12:51'),(1446,17,25,300.00,0.00,'2022-03-09',1,1,708,2,2,'2022-03-09 12:13:26'),(1447,17,33,200.00,0.00,'2022-03-09',1,1,708,2,2,'2022-03-09 12:13:36'),(1448,17,43,50.00,0.00,'2022-03-09',1,1,708,2,2,'2022-03-09 12:13:48'),(1449,104,28,400.00,0.00,'2022-03-09',1,1,709,2,2,'2022-03-09 12:14:25'),(1450,104,33,200.00,0.00,'2022-03-09',1,1,709,2,2,'2022-03-09 12:14:34'),(1451,104,43,50.00,0.00,'2022-03-09',1,1,709,2,2,'2022-03-09 12:14:46'),(1452,104,49,300.00,0.00,'2022-03-09',1,1,709,2,2,'2022-03-09 12:15:10'),(1453,75,25,500.00,0.00,'2022-03-09',1,1,710,2,2,'2022-03-09 12:16:10'),(1454,75,33,200.00,0.00,'2022-03-09',1,1,710,2,2,'2022-03-09 12:16:23'),(1455,75,43,50.00,0.00,'2022-03-09',1,1,710,2,2,'2022-03-09 12:16:36'),(1456,75,49,400.00,0.00,'2022-03-09',1,1,710,2,2,'2022-03-09 12:17:13'),(1457,19,33,200.00,0.00,'2022-03-09',1,1,711,2,2,'2022-03-09 12:17:44'),(1458,19,25,800.00,0.00,'2022-03-09',1,1,711,2,2,'2022-03-09 12:18:00'),(1459,19,49,300.00,0.00,'2022-03-09',1,1,711,2,2,'2022-03-09 12:18:29'),(1460,19,43,50.00,0.00,'2022-03-09',1,1,711,2,2,'2022-03-09 12:18:44'),(1461,3,25,500.00,0.00,'2022-03-09',1,1,712,2,2,'2022-03-09 12:19:25'),(1462,3,33,200.00,0.00,'2022-03-09',1,1,712,2,2,'2022-03-09 12:19:42'),(1463,3,43,50.00,0.00,'2022-03-09',1,1,712,2,2,'2022-03-09 12:19:58'),(1464,3,49,400.00,0.00,'2022-03-09',1,1,712,2,2,'2022-03-09 12:20:08'),(1465,3,33,200.00,0.00,'2022-03-09',1,1,713,2,2,'2022-03-09 12:20:42'),(1466,3,43,50.00,0.00,'2022-03-09',1,1,713,2,2,'2022-03-09 12:20:49'),(1467,3,39,1000.00,0.00,'2022-03-09',1,1,713,2,2,'2022-03-09 12:21:00'),(1468,3,49,400.00,0.00,'2022-03-09',1,1,713,2,2,'2022-03-09 12:21:13'),(1469,21,33,200.00,0.00,'2022-03-09',1,1,714,2,2,'2022-03-09 12:21:43'),(1470,21,43,50.00,0.00,'2022-03-09',1,1,714,2,2,'2022-03-09 12:21:52'),(1471,21,49,300.00,0.00,'2022-03-09',1,1,714,2,2,'2022-03-09 12:22:03'),(1472,21,25,300.00,0.00,'2022-03-09',1,1,714,2,2,'2022-03-09 12:22:12'),(1473,12,25,300.00,0.00,'2022-03-09',1,1,715,2,2,'2022-03-09 12:22:42'),(1474,12,33,200.00,0.00,'2022-03-09',1,1,715,2,2,'2022-03-09 12:22:52'),(1475,12,43,50.00,0.00,'2022-03-09',1,1,715,2,2,'2022-03-09 12:23:00'),(1476,12,49,400.00,0.00,'2022-03-09',1,1,715,2,2,'2022-03-09 12:23:19'),(1477,66,25,0.00,0.00,'2022-03-09',1,1,716,2,2,'2022-03-09 12:23:53'),(1478,66,33,200.00,0.00,'2022-03-09',1,1,717,2,2,'2022-03-09 12:24:05'),(1479,66,25,300.00,0.00,'2022-03-09',1,1,717,2,2,'2022-03-09 12:26:25'),(1480,66,43,50.00,0.00,'2022-03-09',1,1,717,2,2,'2022-03-09 12:33:00'),(1481,15,25,300.00,0.00,'2022-03-09',1,1,718,2,2,'2022-03-09 12:34:24'),(1482,15,33,200.00,0.00,'2022-03-09',1,1,718,2,2,'2022-03-09 12:34:39'),(1483,15,43,50.00,0.00,'2022-03-09',1,1,718,2,2,'2022-03-09 12:35:07'),(1484,15,39,1000.00,0.00,'2022-03-09',1,1,718,2,2,'2022-03-09 12:35:38'),(1485,15,49,300.00,0.00,'2022-03-09',1,1,718,2,2,'2022-03-09 12:35:48'),(1486,1,25,500.00,0.00,'2022-03-09',1,1,719,2,2,'2022-03-09 12:36:23'),(1487,1,49,500.00,0.00,'2022-03-09',1,1,719,2,2,'2022-03-09 12:36:31'),(1488,1,33,200.00,0.00,'2022-03-09',1,1,719,2,2,'2022-03-09 12:36:41'),(1489,1,43,50.00,0.00,'2022-03-09',1,1,719,2,2,'2022-03-09 12:37:02'),(1490,74,25,500.00,0.00,'2022-03-09',1,1,720,2,2,'2022-03-09 12:37:56'),(1491,74,33,200.00,0.00,'2022-03-09',1,1,720,2,2,'2022-03-09 12:38:07'),(1492,74,43,50.00,0.00,'2022-03-09',1,1,720,2,2,'2022-03-09 12:38:17'),(1493,74,49,300.00,0.00,'2022-03-09',1,1,720,2,2,'2022-03-09 12:38:28'),(1494,13,25,500.00,0.00,'2022-03-09',1,1,721,2,2,'2022-03-09 12:39:53'),(1495,13,33,200.00,0.00,'2022-03-09',1,1,721,2,2,'2022-03-09 12:40:13'),(1496,13,43,50.00,0.00,'2022-03-09',1,1,721,2,2,'2022-03-09 12:40:21'),(1497,13,49,300.00,0.00,'2022-03-09',1,1,721,2,2,'2022-03-09 12:40:43'),(1498,9,25,300.00,0.00,'2022-03-09',1,1,722,2,2,'2022-03-09 12:41:18'),(1499,9,33,200.00,0.00,'2022-03-09',1,1,722,2,2,'2022-03-09 12:41:28'),(1500,9,49,300.00,0.00,'2022-03-09',1,1,722,2,2,'2022-03-09 12:41:38'),(1501,9,43,50.00,0.00,'2022-03-09',1,1,722,2,2,'2022-03-09 12:41:47'),(1502,69,25,300.00,0.00,'2022-03-09',1,1,723,2,2,'2022-03-09 12:43:41'),(1503,69,33,200.00,0.00,'2022-03-09',1,1,723,2,2,'2022-03-09 12:43:50'),(1504,69,43,50.00,0.00,'2022-03-09',1,1,723,2,2,'2022-03-09 12:43:58'),(1505,69,39,300.00,0.00,'2022-03-09',1,1,723,2,2,'2022-03-09 12:44:08'),(1506,69,49,400.00,0.00,'2022-03-09',1,1,723,2,2,'2022-03-09 12:44:16'),(1507,19,25,300.00,0.00,'2022-03-09',1,1,724,2,2,'2022-03-09 12:45:11'),(1508,19,33,200.00,0.00,'2022-03-09',1,1,724,2,2,'2022-03-09 12:45:21'),(1509,19,43,50.00,0.00,'2022-03-09',1,1,724,2,2,'2022-03-09 12:45:29'),(1510,19,49,300.00,0.00,'2022-03-09',1,1,724,2,2,'2022-03-09 12:45:40'),(1511,55,33,200.00,0.00,'2022-03-09',1,1,725,2,2,'2022-03-09 12:46:59'),(1512,55,25,300.00,0.00,'2022-03-09',1,1,725,2,2,'2022-03-09 12:51:20'),(1513,55,43,50.00,0.00,'2022-03-09',1,1,725,2,2,'2022-03-09 12:51:37'),(1514,55,49,300.00,0.00,'2022-03-09',1,1,725,2,2,'2022-03-09 12:51:46'),(1515,37,33,200.00,0.00,'2022-03-09',1,1,726,2,2,'2022-03-09 12:52:39'),(1516,37,43,50.00,0.00,'2022-03-09',1,1,726,2,2,'2022-03-09 12:52:47'),(1517,37,25,300.00,0.00,'2022-03-09',1,1,726,2,2,'2022-03-09 12:53:11'),(1518,5,33,200.00,0.00,'2022-03-09',1,1,727,2,2,'2022-03-09 12:53:47'),(1519,5,43,50.00,0.00,'2022-03-09',1,1,727,2,2,'2022-03-09 12:53:55'),(1520,5,25,1000.00,0.00,'2022-03-09',1,1,727,2,2,'2022-03-09 12:54:10'),(1521,5,39,500.00,0.00,'2022-03-09',1,1,727,2,2,'2022-03-09 12:54:38'),(1522,5,49,500.00,0.00,'2022-03-09',1,1,727,2,2,'2022-03-09 12:54:46'),(1523,6,33,250.00,0.00,'2022-03-09',1,1,728,2,2,'2022-03-09 12:56:23'),(1524,6,43,50.00,0.00,'2022-03-09',1,1,728,2,2,'2022-03-09 12:56:31'),(1525,6,25,300.00,0.00,'2022-03-09',1,1,728,2,2,'2022-03-09 12:56:41'),(1526,6,49,300.00,0.00,'2022-03-09',1,1,728,2,2,'2022-03-09 12:56:59'),(1527,27,33,200.00,0.00,'2022-03-09',1,1,729,2,2,'2022-03-09 12:57:33'),(1528,27,43,50.00,0.00,'2022-03-09',1,1,729,2,2,'2022-03-09 12:57:40'),(1529,27,25,400.00,0.00,'2022-03-09',1,1,729,2,2,'2022-03-09 12:57:48'),(1530,27,39,300.00,0.00,'2022-03-09',1,1,729,2,2,'2022-03-09 12:57:57'),(1531,27,49,300.00,0.00,'2022-03-09',1,1,729,2,2,'2022-03-09 12:58:05'),(1532,18,33,250.00,0.00,'2022-03-09',1,1,730,2,2,'2022-03-09 12:58:45'),(1533,18,43,50.00,0.00,'2022-03-09',1,1,730,2,2,'2022-03-09 12:58:56'),(1534,18,25,300.00,0.00,'2022-03-09',1,1,730,2,2,'2022-03-09 12:59:04'),(1535,18,49,300.00,0.00,'2022-03-09',1,1,730,2,2,'2022-03-09 12:59:12'),(1536,67,28,300.00,0.00,'2022-03-09',1,1,731,2,2,'2022-03-09 12:59:45'),(1537,67,33,200.00,0.00,'2022-03-09',1,1,731,2,2,'2022-03-09 13:00:15'),(1538,67,43,50.00,0.00,'2022-03-09',1,1,731,2,2,'2022-03-09 13:00:24'),(1539,30,33,200.00,0.00,'2022-03-09',1,1,732,2,2,'2022-03-09 15:25:46'),(1540,30,49,300.00,0.00,'2022-03-09',1,1,732,2,2,'2022-03-09 15:25:54'),(1541,30,25,300.00,0.00,'2022-03-09',1,1,732,2,2,'2022-03-09 15:26:03'),(1542,30,43,50.00,0.00,'2022-03-09',1,1,732,2,2,'2022-03-09 15:26:15'),(1543,9,25,300.00,0.00,'2022-03-09',1,1,733,2,2,'2022-03-09 15:26:56'),(1544,9,33,200.00,0.00,'2022-03-09',1,1,733,2,2,'2022-03-09 15:27:07'),(1545,9,49,300.00,0.00,'2022-03-09',1,1,733,2,2,'2022-03-09 15:27:19'),(1546,9,43,50.00,0.00,'2022-03-09',1,1,733,2,2,'2022-03-09 15:27:26'),(1547,24,25,300.00,0.00,'2022-03-09',1,1,734,2,2,'2022-03-09 15:28:17'),(1548,24,33,200.00,0.00,'2022-03-09',1,1,734,2,2,'2022-03-09 15:28:25'),(1549,24,43,50.00,0.00,'2022-03-09',1,1,734,2,2,'2022-03-09 15:28:37'),(1550,53,33,200.00,0.00,'2022-03-09',1,1,735,2,2,'2022-03-09 15:30:02'),(1551,53,49,300.00,0.00,'2022-03-09',1,1,735,2,2,'2022-03-09 15:30:14'),(1552,53,43,50.00,0.00,'2022-03-09',1,1,735,2,2,'2022-03-09 15:30:22'),(1553,11,25,300.00,0.00,'2022-03-09',1,1,736,2,2,'2022-03-09 15:30:48'),(1554,11,33,200.00,0.00,'2022-03-09',1,1,736,2,2,'2022-03-09 15:30:56'),(1555,3,33,200.00,0.00,'2022-03-10',1,1,737,2,2,'2022-03-10 08:07:13'),(1556,3,43,50.00,0.00,'2022-03-10',1,1,737,2,2,'2022-03-10 08:07:21'),(1557,3,25,500.00,0.00,'2022-03-10',1,1,737,2,2,'2022-03-10 08:07:30'),(1558,3,49,400.00,0.00,'2022-03-10',1,1,737,2,2,'2022-03-10 08:07:38'),(1559,3,25,500.00,0.00,'2022-03-10',1,1,738,2,2,'2022-03-10 08:08:07'),(1560,3,33,200.00,0.00,'2022-03-10',1,1,738,2,2,'2022-03-10 08:08:16'),(1561,3,43,50.00,0.00,'2022-03-10',1,1,738,2,2,'2022-03-10 08:08:26'),(1562,3,49,400.00,0.00,'2022-03-10',1,1,738,2,2,'2022-03-10 08:08:40'),(1563,3,33,200.00,0.00,'2022-03-10',1,1,739,2,2,'2022-03-10 08:09:12'),(1564,3,43,50.00,0.00,'2022-03-10',1,1,739,2,2,'2022-03-10 08:09:27'),(1565,3,25,500.00,0.00,'2022-03-10',1,1,739,2,2,'2022-03-10 08:09:39'),(1566,3,49,400.00,0.00,'2022-03-10',1,1,739,2,2,'2022-03-10 08:09:50'),(1567,30,33,200.00,0.00,'2022-03-10',1,1,740,2,2,'2022-03-10 12:24:54'),(1568,30,43,50.00,0.00,'2022-03-10',1,1,740,2,2,'2022-03-10 12:25:07'),(1569,30,25,300.00,0.00,'2022-03-10',1,1,740,2,2,'2022-03-10 12:25:19'),(1570,30,49,300.00,0.00,'2022-03-10',1,1,740,2,2,'2022-03-10 12:25:30'),(1571,109,28,300.00,0.00,'2022-03-10',1,1,741,2,2,'2022-03-10 12:26:16'),(1572,109,33,200.00,0.00,'2022-03-10',1,1,741,2,2,'2022-03-10 12:26:25'),(1573,109,43,50.00,0.00,'2022-03-10',1,1,741,2,2,'2022-03-10 12:26:33'),(1574,109,49,300.00,0.00,'2022-03-10',1,1,741,2,2,'2022-03-10 12:26:45'),(1575,17,33,200.00,0.00,'2022-03-10',1,1,742,2,2,'2022-03-10 12:27:16'),(1576,17,43,50.00,0.00,'2022-03-10',1,1,742,2,2,'2022-03-10 12:27:23'),(1577,17,25,300.00,0.00,'2022-03-10',1,1,742,2,2,'2022-03-10 12:27:32'),(1578,17,49,300.00,0.00,'2022-03-10',1,1,742,2,2,'2022-03-10 12:27:40'),(1579,1,33,200.00,0.00,'2022-03-10',1,1,743,2,2,'2022-03-10 12:29:51'),(1580,1,43,50.00,0.00,'2022-03-10',1,1,743,2,2,'2022-03-10 12:29:59'),(1581,1,25,500.00,0.00,'2022-03-10',1,1,743,2,2,'2022-03-10 12:30:08'),(1582,1,49,500.00,0.00,'2022-03-10',1,1,743,2,2,'2022-03-10 12:30:20'),(1583,67,28,300.00,0.00,'2022-03-10',1,1,744,2,2,'2022-03-10 12:32:56'),(1584,67,33,200.00,0.00,'2022-03-10',1,1,744,2,2,'2022-03-10 12:33:05'),(1585,67,43,50.00,0.00,'2022-03-10',1,1,744,2,2,'2022-03-10 12:33:16'),(1586,67,33,50.00,0.00,'2022-03-10',1,1,744,2,2,'2022-03-10 12:33:28'),(1587,104,28,400.00,0.00,'2022-03-10',1,1,745,2,2,'2022-03-10 12:34:01'),(1588,104,33,200.00,0.00,'2022-03-10',1,1,745,2,2,'2022-03-10 12:34:11'),(1589,104,43,50.00,0.00,'2022-03-10',1,1,745,2,2,'2022-03-10 12:34:22'),(1590,104,49,300.00,0.00,'2022-03-10',1,1,745,2,2,'2022-03-10 12:34:37'),(1591,4,33,250.00,0.00,'2022-03-10',1,1,746,2,2,'2022-03-10 12:35:24'),(1592,4,43,50.00,0.00,'2022-03-10',1,1,746,2,2,'2022-03-10 12:35:33'),(1593,4,25,300.00,0.00,'2022-03-10',1,1,746,2,2,'2022-03-10 12:35:49'),(1594,13,33,200.00,0.00,'2022-03-10',1,1,747,2,2,'2022-03-10 12:36:19'),(1595,13,25,300.00,0.00,'2022-03-10',1,1,747,2,2,'2022-03-10 12:36:55'),(1596,13,43,50.00,0.00,'2022-03-10',1,1,747,2,2,'2022-03-10 12:37:29'),(1597,13,49,300.00,0.00,'2022-03-10',1,1,747,2,2,'2022-03-10 12:39:15'),(1598,13,25,200.00,0.00,'2022-03-10',1,1,747,2,2,'2022-03-10 12:39:39'),(1599,11,33,200.00,0.00,'2022-03-10',1,1,748,2,2,'2022-03-10 12:40:16'),(1600,11,43,50.00,0.00,'2022-03-10',1,1,748,2,2,'2022-03-10 12:40:25'),(1601,11,25,300.00,0.00,'2022-03-10',1,1,748,2,2,'2022-03-10 12:40:39'),(1602,33,25,300.00,0.00,'2022-03-10',1,1,749,2,2,'2022-03-10 12:41:47'),(1603,33,33,200.00,0.00,'2022-03-10',1,1,749,2,2,'2022-03-10 12:42:09'),(1604,33,43,50.00,0.00,'2022-03-10',1,1,749,2,2,'2022-03-10 12:42:20'),(1605,33,49,300.00,0.00,'2022-03-10',1,1,749,2,2,'2022-03-10 12:42:50'),(1606,7,33,200.00,0.00,'2022-03-10',1,1,750,2,2,'2022-03-10 12:43:39'),(1607,7,43,50.00,0.00,'2022-03-10',1,1,750,2,2,'2022-03-10 12:43:54'),(1608,7,25,300.00,0.00,'2022-03-10',1,1,750,2,2,'2022-03-10 12:44:08'),(1609,7,39,300.00,0.00,'2022-03-10',1,1,750,2,2,'2022-03-10 12:44:39'),(1610,10,33,200.00,0.00,'2022-03-10',1,1,751,2,2,'2022-03-10 12:45:47'),(1611,10,43,50.00,0.00,'2022-03-10',1,1,751,2,2,'2022-03-10 12:46:05'),(1612,10,25,300.00,0.00,'2022-03-10',1,1,751,2,2,'2022-03-10 12:49:15'),(1613,51,33,200.00,0.00,'2022-03-10',1,1,752,2,2,'2022-03-10 12:53:00'),(1614,51,43,50.00,0.00,'2022-03-10',1,1,752,2,2,'2022-03-10 12:53:08'),(1615,51,25,300.00,0.00,'2022-03-10',1,1,752,2,2,'2022-03-10 12:53:21'),(1616,51,49,400.00,0.00,'2022-03-10',1,1,752,2,2,'2022-03-10 12:53:34'),(1617,75,25,500.00,0.00,'2022-03-10',1,1,753,2,2,'2022-03-10 12:54:34'),(1618,75,33,250.00,0.00,'2022-03-10',1,1,753,2,2,'2022-03-10 12:54:45'),(1619,75,49,400.00,0.00,'2022-03-10',1,1,753,2,2,'2022-03-10 12:55:09'),(1620,3,33,250.00,0.00,'2022-03-10',1,1,754,2,2,'2022-03-10 12:56:40'),(1621,3,43,50.00,0.00,'2022-03-10',1,1,754,2,2,'2022-03-10 12:57:02'),(1622,3,39,1000.00,0.00,'2022-03-10',1,1,754,2,2,'2022-03-10 12:57:20'),(1623,3,49,400.00,0.00,'2022-03-10',1,1,754,2,2,'2022-03-10 12:57:30'),(1624,6,33,200.00,0.00,'2022-03-10',1,1,755,2,2,'2022-03-10 13:00:19'),(1625,6,43,50.00,0.00,'2022-03-10',1,1,755,2,2,'2022-03-10 13:00:31'),(1626,6,25,300.00,0.00,'2022-03-10',1,1,755,2,2,'2022-03-10 13:00:54'),(1627,6,49,300.00,0.00,'2022-03-10',1,1,755,2,2,'2022-03-10 13:01:12'),(1628,5,33,200.00,0.00,'2022-03-10',1,1,756,2,2,'2022-03-10 13:02:15'),(1629,5,43,50.00,0.00,'2022-03-10',1,1,756,2,2,'2022-03-10 13:02:23'),(1630,5,25,1000.00,0.00,'2022-03-10',1,1,756,2,2,'2022-03-10 13:02:34'),(1631,5,49,500.00,0.00,'2022-03-10',1,1,756,2,2,'2022-03-10 13:03:07'),(1632,36,33,200.00,0.00,'2022-03-10',1,1,757,2,2,'2022-03-10 13:03:46'),(1633,36,43,50.00,0.00,'2022-03-10',1,1,757,2,2,'2022-03-10 13:03:53'),(1634,36,25,300.00,0.00,'2022-03-10',1,1,757,2,2,'2022-03-10 13:04:25'),(1635,36,49,300.00,0.00,'2022-03-10',1,1,757,2,2,'2022-03-10 13:04:33'),(1636,24,33,200.00,0.00,'2022-03-10',1,1,758,2,2,'2022-03-10 13:05:19'),(1637,24,43,50.00,0.00,'2022-03-10',1,1,758,2,2,'2022-03-10 13:05:26'),(1638,24,25,300.00,0.00,'2022-03-10',1,1,758,2,2,'2022-03-10 13:06:02'),(1639,21,25,300.00,0.00,'2022-03-10',1,1,759,2,2,'2022-03-10 13:06:41'),(1640,21,33,200.00,0.00,'2022-03-10',1,1,759,2,2,'2022-03-10 13:06:52'),(1641,21,43,50.00,0.00,'2022-03-10',1,1,759,2,2,'2022-03-10 13:07:00'),(1642,21,49,300.00,0.00,'2022-03-10',1,1,759,2,2,'2022-03-10 13:07:10'),(1643,66,33,200.00,0.00,'2022-03-10',1,1,760,2,2,'2022-03-10 13:07:35'),(1644,66,43,50.00,0.00,'2022-03-10',1,1,760,2,2,'2022-03-10 13:07:43'),(1645,66,25,300.00,0.00,'2022-03-10',1,1,760,2,2,'2022-03-10 13:07:51'),(1646,15,25,300.00,0.00,'2022-03-10',1,1,761,2,2,'2022-03-10 13:08:24'),(1647,15,33,200.00,0.00,'2022-03-10',1,1,761,2,2,'2022-03-10 13:08:41'),(1648,15,43,50.00,0.00,'2022-03-10',1,1,761,2,2,'2022-03-10 13:08:56'),(1649,15,39,1000.00,0.00,'2022-03-10',1,1,761,2,2,'2022-03-10 13:09:13'),(1650,15,49,300.00,0.00,'2022-03-10',1,1,761,2,2,'2022-03-10 13:09:22'),(1651,9,33,200.00,0.00,'2022-03-10',1,1,762,2,2,'2022-03-10 13:10:52'),(1652,9,43,50.00,0.00,'2022-03-10',1,1,762,2,2,'2022-03-10 13:11:17'),(1653,9,25,300.00,0.00,'2022-03-10',1,1,762,2,2,'2022-03-10 13:12:31'),(1654,19,33,200.00,0.00,'2022-03-10',1,1,763,2,2,'2022-03-10 13:13:09'),(1655,19,43,50.00,0.00,'2022-03-10',1,1,763,2,2,'2022-03-10 13:13:33'),(1656,19,25,300.00,0.00,'2022-03-10',1,1,763,2,2,'2022-03-10 13:13:48'),(1657,19,49,300.00,0.00,'2022-03-10',1,1,763,2,2,'2022-03-10 13:14:07'),(1658,69,33,200.00,0.00,'2022-03-10',1,1,764,2,2,'2022-03-10 13:15:04'),(1659,69,43,50.00,0.00,'2022-03-10',1,1,764,2,2,'2022-03-10 13:15:18'),(1660,69,25,300.00,0.00,'2022-03-10',1,1,764,2,2,'2022-03-10 13:15:28'),(1661,69,39,300.00,0.00,'2022-03-10',1,1,764,2,2,'2022-03-10 13:15:38'),(1662,69,49,400.00,0.00,'2022-03-10',1,1,764,2,2,'2022-03-10 13:15:48'),(1663,12,33,200.00,0.00,'2022-03-10',1,1,765,2,2,'2022-03-10 13:17:01'),(1664,12,43,50.00,0.00,'2022-03-10',1,1,765,2,2,'2022-03-10 13:17:08'),(1665,12,25,300.00,0.00,'2022-03-10',1,1,765,2,2,'2022-03-10 13:17:19'),(1666,12,49,400.00,0.00,'2022-03-10',1,1,765,2,2,'2022-03-10 13:17:58'),(1667,3,33,200.00,0.00,'2022-03-10',1,1,766,2,2,'2022-03-10 13:18:39'),(1668,3,43,50.00,0.00,'2022-03-10',1,1,766,2,2,'2022-03-10 13:18:46'),(1669,3,25,500.00,0.00,'2022-03-10',1,1,766,2,2,'2022-03-10 13:18:55'),(1670,3,49,400.00,0.00,'2022-03-10',1,1,766,2,2,'2022-03-10 13:19:14'),(1671,9,25,300.00,0.00,'2022-03-10',1,1,767,2,2,'2022-03-10 13:20:10'),(1672,9,33,200.00,0.00,'2022-03-10',1,1,767,2,2,'2022-03-10 13:20:20'),(1673,9,43,50.00,0.00,'2022-03-10',1,1,767,2,2,'2022-03-10 13:20:51'),(1674,9,49,300.00,0.00,'2022-03-10',1,1,767,2,2,'2022-03-10 13:21:18'),(1675,19,33,200.00,0.00,'2022-03-10',1,1,768,2,2,'2022-03-10 13:22:21'),(1676,19,33,200.00,0.00,'2022-03-10',1,1,768,2,2,'2022-03-10 13:22:54'),(1677,19,25,600.00,0.00,'2022-03-10',1,1,768,2,2,'2022-03-10 13:23:13'),(1678,19,49,300.00,0.00,'2022-03-10',1,1,768,2,2,'2022-03-10 13:23:21'),(1679,108,33,200.00,0.00,'2022-03-10',1,1,769,2,2,'2022-03-10 13:23:53'),(1680,108,28,500.00,0.00,'2022-03-10',1,1,769,2,2,'2022-03-10 13:24:11'),(1681,108,43,50.00,0.00,'2022-03-10',1,1,769,2,2,'2022-03-10 13:24:25'),(1682,108,49,300.00,0.00,'2022-03-10',1,1,769,2,2,'2022-03-10 13:24:33'),(1683,108,33,50.00,0.00,'2022-03-10',1,1,769,2,2,'2022-03-10 13:24:50'),(1684,27,49,1000.00,0.00,'2022-03-10',1,1,770,2,2,'2022-03-10 13:25:18'),(1685,5,39,500.00,0.00,'2022-03-10',1,1,771,2,2,'2022-03-10 13:50:27'),(1686,19,33,200.00,0.00,'2022-03-11',1,1,772,2,2,'2022-03-11 13:28:33'),(1687,19,25,300.00,0.00,'2022-03-11',1,1,772,2,2,'2022-03-11 13:28:41'),(1688,19,43,50.00,0.00,'2022-03-11',1,1,772,2,2,'2022-03-11 13:28:58'),(1689,18,25,300.00,0.00,'2022-03-11',1,1,773,2,2,'2022-03-11 13:29:32'),(1690,18,33,200.00,0.00,'2022-03-11',1,1,773,2,2,'2022-03-11 13:29:40'),(1691,18,43,50.00,0.00,'2022-03-11',1,1,773,2,2,'2022-03-11 13:29:48'),(1692,18,49,500.00,0.00,'2022-03-11',1,1,773,2,2,'2022-03-11 13:29:56'),(1693,30,33,250.00,0.00,'2022-03-11',1,1,774,2,2,'2022-03-11 13:30:58'),(1694,30,43,50.00,0.00,'2022-03-11',1,1,774,2,2,'2022-03-11 13:31:08'),(1695,30,25,300.00,0.00,'2022-03-11',1,1,774,2,2,'2022-03-11 13:31:20'),(1696,30,49,300.00,0.00,'2022-03-11',1,1,774,2,2,'2022-03-11 13:31:29'),(1697,18,33,200.00,0.00,'2022-03-11',1,1,775,2,2,'2022-03-11 13:32:13'),(1698,18,25,300.00,0.00,'2022-03-11',1,1,775,2,2,'2022-03-11 13:32:21'),(1699,18,43,50.00,0.00,'2022-03-11',1,1,775,2,2,'2022-03-11 13:32:30'),(1700,18,49,300.00,0.00,'2022-03-11',1,1,775,2,2,'2022-03-11 13:32:38'),(1701,109,33,200.00,0.00,'2022-03-11',1,1,776,2,2,'2022-03-11 13:33:11'),(1702,109,28,300.00,0.00,'2022-03-11',1,1,776,2,2,'2022-03-11 13:33:19'),(1703,109,43,50.00,0.00,'2022-03-11',1,1,776,2,2,'2022-03-11 13:33:27'),(1704,109,49,300.00,0.00,'2022-03-11',1,1,776,2,2,'2022-03-11 13:33:34'),(1705,17,33,250.00,0.00,'2022-03-11',1,1,777,2,2,'2022-03-11 13:34:02'),(1706,17,25,300.00,0.00,'2022-03-11',1,1,777,2,2,'2022-03-11 13:34:09'),(1707,17,43,50.00,0.00,'2022-03-11',1,1,777,2,2,'2022-03-11 13:34:17'),(1708,17,49,300.00,0.00,'2022-03-11',1,1,777,2,2,'2022-03-11 13:34:25'),(1709,67,33,200.00,0.00,'2022-03-11',1,1,778,2,2,'2022-03-11 13:34:51'),(1710,67,28,300.00,0.00,'2022-03-11',1,1,778,2,2,'2022-03-11 13:34:58'),(1711,67,43,50.00,0.00,'2022-03-11',1,1,778,2,2,'2022-03-11 13:35:05'),(1712,104,28,400.00,0.00,'2022-03-11',1,1,779,2,2,'2022-03-11 13:35:56'),(1713,104,33,200.00,0.00,'2022-03-11',1,1,779,2,2,'2022-03-11 13:36:04'),(1714,104,43,50.00,0.00,'2022-03-11',1,1,779,2,2,'2022-03-11 13:36:11'),(1715,104,49,300.00,0.00,'2022-03-11',1,1,779,2,2,'2022-03-11 13:36:19'),(1716,4,33,200.00,0.00,'2022-03-11',1,1,780,2,2,'2022-03-11 13:37:10'),(1717,4,43,50.00,0.00,'2022-03-11',1,1,780,2,2,'2022-03-11 13:37:24'),(1718,4,25,300.00,0.00,'2022-03-11',1,1,780,2,2,'2022-03-11 13:37:40'),(1719,13,33,200.00,0.00,'2022-03-11',1,1,781,2,2,'2022-03-11 13:38:07'),(1720,13,25,500.00,0.00,'2022-03-11',1,1,781,2,2,'2022-03-11 13:38:17'),(1721,13,43,50.00,0.00,'2022-03-11',1,1,781,2,2,'2022-03-11 13:38:24'),(1722,13,49,300.00,0.00,'2022-03-11',1,1,781,2,2,'2022-03-11 13:38:33'),(1723,11,25,300.00,0.00,'2022-03-11',1,1,782,2,2,'2022-03-11 13:38:58'),(1724,11,33,200.00,0.00,'2022-03-11',1,1,782,2,2,'2022-03-11 13:39:05'),(1725,33,25,300.00,0.00,'2022-03-11',1,1,783,2,2,'2022-03-11 13:39:31'),(1726,33,33,200.00,0.00,'2022-03-11',1,1,783,2,2,'2022-03-11 13:39:39'),(1727,33,43,50.00,0.00,'2022-03-11',1,1,783,2,2,'2022-03-11 13:39:46'),(1728,33,49,300.00,0.00,'2022-03-11',1,1,783,2,2,'2022-03-11 13:39:55'),(1729,7,33,200.00,0.00,'2022-03-11',1,1,784,2,2,'2022-03-11 13:40:25'),(1730,7,25,300.00,0.00,'2022-03-11',1,1,784,2,2,'2022-03-11 13:40:58'),(1731,7,39,300.00,0.00,'2022-03-11',1,1,784,2,2,'2022-03-11 13:41:06'),(1732,7,43,50.00,0.00,'2022-03-11',1,1,784,2,2,'2022-03-11 13:41:13'),(1733,10,33,200.00,0.00,'2022-03-11',1,1,785,2,2,'2022-03-11 13:41:38'),(1734,10,25,300.00,0.00,'2022-03-11',1,1,785,2,2,'2022-03-11 13:41:45'),(1735,10,43,50.00,0.00,'2022-03-11',1,1,785,2,2,'2022-03-11 13:41:53'),(1736,10,49,300.00,0.00,'2022-03-11',1,1,785,2,2,'2022-03-11 13:42:01'),(1737,51,33,200.00,0.00,'2022-03-11',1,1,786,2,2,'2022-03-11 13:42:35'),(1738,51,25,300.00,0.00,'2022-03-11',1,1,786,2,2,'2022-03-11 13:42:44'),(1739,51,43,50.00,0.00,'2022-03-11',1,1,786,2,2,'2022-03-11 13:42:53'),(1740,51,49,400.00,0.00,'2022-03-11',1,1,786,2,2,'2022-03-11 13:43:02'),(1741,75,25,500.00,0.00,'2022-03-11',1,1,787,2,2,'2022-03-11 13:43:35'),(1742,75,33,200.00,0.00,'2022-03-11',1,1,787,2,2,'2022-03-11 13:43:42'),(1743,75,43,50.00,0.00,'2022-03-11',1,1,787,2,2,'2022-03-11 13:43:52'),(1744,75,49,400.00,0.00,'2022-03-11',1,1,787,2,2,'2022-03-11 13:44:02'),(1745,3,33,200.00,0.00,'2022-03-11',1,1,788,2,2,'2022-03-11 13:44:27'),(1746,3,39,1000.00,0.00,'2022-03-11',1,1,788,2,2,'2022-03-11 13:44:35'),(1747,3,43,50.00,0.00,'2022-03-11',1,1,788,2,2,'2022-03-11 13:44:45'),(1748,3,49,400.00,0.00,'2022-03-11',1,1,788,2,2,'2022-03-11 13:44:52'),(1749,6,33,200.00,0.00,'2022-03-11',1,1,789,2,2,'2022-03-11 13:45:28'),(1750,6,25,300.00,0.00,'2022-03-11',1,1,789,2,2,'2022-03-11 13:45:35'),(1751,6,43,50.00,0.00,'2022-03-11',1,1,789,2,2,'2022-03-11 13:45:43'),(1752,6,49,500.00,0.00,'2022-03-11',1,1,789,2,2,'2022-03-11 13:45:51'),(1753,6,33,200.00,0.00,'2022-03-11',1,1,790,2,2,'2022-03-11 13:46:29'),(1754,6,25,300.00,0.00,'2022-03-11',1,1,790,2,2,'2022-03-11 13:46:39'),(1755,6,43,50.00,0.00,'2022-03-11',1,1,790,2,2,'2022-03-11 13:46:51'),(1756,6,49,300.00,0.00,'2022-03-11',1,1,790,2,2,'2022-03-11 13:47:03'),(1757,36,33,200.00,0.00,'2022-03-11',1,1,791,2,2,'2022-03-11 13:47:30'),(1758,36,25,300.00,0.00,'2022-03-11',1,1,791,2,2,'2022-03-11 13:47:39'),(1759,36,43,50.00,0.00,'2022-03-11',1,1,791,2,2,'2022-03-11 13:47:46'),(1760,36,49,300.00,0.00,'2022-03-11',1,1,791,2,2,'2022-03-11 13:47:54'),(1761,24,33,250.00,0.00,'2022-03-11',1,1,792,2,2,'2022-03-11 13:48:22'),(1762,24,25,300.00,0.00,'2022-03-11',1,1,792,2,2,'2022-03-11 13:48:31'),(1763,24,43,50.00,0.00,'2022-03-11',1,1,792,2,2,'2022-03-11 13:48:42'),(1764,21,25,300.00,0.00,'2022-03-11',1,1,793,2,2,'2022-03-11 13:49:19'),(1765,21,33,250.00,0.00,'2022-03-11',1,1,793,2,2,'2022-03-11 13:49:39'),(1766,21,43,50.00,0.00,'2022-03-11',1,1,793,2,2,'2022-03-11 13:49:48'),(1767,21,49,300.00,0.00,'2022-03-11',1,1,793,2,2,'2022-03-11 13:50:01'),(1768,15,25,300.00,0.00,'2022-03-11',1,1,794,2,2,'2022-03-11 13:50:48'),(1769,15,39,1000.00,0.00,'2022-03-11',1,1,794,2,2,'2022-03-11 13:50:57'),(1770,15,49,300.00,0.00,'2022-03-11',1,1,794,2,2,'2022-03-11 13:51:07'),(1771,19,33,200.00,0.00,'2022-03-11',1,1,795,2,2,'2022-03-11 13:51:41'),(1772,19,25,300.00,0.00,'2022-03-11',1,1,795,2,2,'2022-03-11 13:51:51'),(1773,19,43,50.00,0.00,'2022-03-11',1,1,795,2,2,'2022-03-11 13:52:05'),(1774,69,33,200.00,0.00,'2022-03-11',1,1,796,2,2,'2022-03-11 13:52:34'),(1775,69,25,300.00,0.00,'2022-03-11',1,1,796,2,2,'2022-03-11 13:52:41'),(1776,69,39,300.00,0.00,'2022-03-11',1,1,796,2,2,'2022-03-11 13:52:49'),(1777,69,43,50.00,0.00,'2022-03-11',1,1,796,2,2,'2022-03-11 13:52:57'),(1778,69,49,400.00,0.00,'2022-03-11',1,1,796,2,2,'2022-03-11 13:53:05'),(1779,12,33,200.00,0.00,'2022-03-11',1,1,797,2,2,'2022-03-11 13:53:46'),(1780,12,25,300.00,0.00,'2022-03-11',1,1,797,2,2,'2022-03-11 13:54:02'),(1781,12,43,50.00,0.00,'2022-03-11',1,1,797,2,2,'2022-03-11 13:54:23'),(1782,12,49,400.00,0.00,'2022-03-11',1,1,797,2,2,'2022-03-11 13:55:26'),(1783,3,33,200.00,0.00,'2022-03-11',1,1,798,2,2,'2022-03-11 13:56:02'),(1784,3,25,500.00,0.00,'2022-03-11',1,1,798,2,2,'2022-03-11 13:56:11'),(1785,3,43,50.00,0.00,'2022-03-11',1,1,798,2,2,'2022-03-11 13:56:19'),(1786,3,49,400.00,0.00,'2022-03-11',1,1,798,2,2,'2022-03-11 13:56:31'),(1787,9,33,200.00,0.00,'2022-03-11',1,1,799,2,2,'2022-03-11 13:57:06'),(1788,9,25,300.00,0.00,'2022-03-11',1,1,799,2,2,'2022-03-11 13:57:14'),(1789,9,43,50.00,0.00,'2022-03-11',1,1,799,2,2,'2022-03-11 13:57:21'),(1790,9,49,300.00,0.00,'2022-03-11',1,1,799,2,2,'2022-03-11 13:57:29'),(1791,19,33,250.00,0.00,'2022-03-11',1,1,800,2,2,'2022-03-11 13:57:55'),(1792,19,25,800.00,0.00,'2022-03-11',1,1,800,2,2,'2022-03-11 13:58:05'),(1793,19,43,50.00,0.00,'2022-03-11',1,1,800,2,2,'2022-03-11 13:58:11'),(1794,19,49,300.00,0.00,'2022-03-11',1,1,800,2,2,'2022-03-11 13:58:19'),(1795,55,33,200.00,0.00,'2022-03-11',1,1,801,2,2,'2022-03-11 13:58:48'),(1796,55,25,300.00,0.00,'2022-03-11',1,1,801,2,2,'2022-03-11 13:58:56'),(1797,55,43,50.00,0.00,'2022-03-11',1,1,801,2,2,'2022-03-11 13:59:54'),(1798,55,49,300.00,0.00,'2022-03-11',1,1,801,2,2,'2022-03-11 14:00:04'),(1799,108,33,200.00,0.00,'2022-03-11',1,1,802,2,2,'2022-03-11 14:01:08'),(1800,108,28,500.00,0.00,'2022-03-11',1,1,802,2,2,'2022-03-11 14:01:20'),(1801,108,43,50.00,0.00,'2022-03-11',1,1,802,2,2,'2022-03-11 14:01:28'),(1802,108,49,300.00,0.00,'2022-03-11',1,1,802,2,2,'2022-03-11 14:01:38'),(1803,3,25,500.00,0.00,'2022-03-11',1,1,803,2,2,'2022-03-11 14:02:25'),(1804,3,49,400.00,0.00,'2022-03-11',1,1,803,2,2,'2022-03-11 14:02:44'),(1805,105,33,200.00,0.00,'2022-03-11',1,1,804,2,2,'2022-03-11 14:03:34'),(1806,105,28,300.00,0.00,'2022-03-11',1,1,804,2,2,'2022-03-11 14:03:42'),(1807,105,43,50.00,0.00,'2022-03-11',1,1,804,2,2,'2022-03-11 14:03:56'),(1808,105,49,300.00,0.00,'2022-03-11',1,1,804,2,2,'2022-03-11 14:04:09'),(1809,5,33,200.00,0.00,'2022-03-11',1,1,805,2,2,'2022-03-11 14:05:53'),(1810,5,43,50.00,0.00,'2022-03-11',1,1,805,2,2,'2022-03-11 14:06:00'),(1811,5,49,500.00,0.00,'2022-03-11',1,1,805,2,2,'2022-03-11 14:06:16'),(1812,5,25,500.00,0.00,'2022-03-11',1,1,805,2,2,'2022-03-11 14:06:37'),(1813,37,33,200.00,0.00,'2022-03-14',1,1,806,2,2,'2022-03-14 13:05:59'),(1814,37,43,50.00,0.00,'2022-03-14',1,1,806,2,2,'2022-03-14 13:06:07'),(1815,37,25,600.00,0.00,'2022-03-14',1,1,806,2,2,'2022-03-14 13:06:17'),(1816,18,33,200.00,0.00,'2022-03-14',1,1,807,2,2,'2022-03-14 13:06:45'),(1817,18,43,50.00,0.00,'2022-03-14',1,1,807,2,2,'2022-03-14 13:06:52'),(1818,18,25,300.00,0.00,'2022-03-14',1,1,807,2,2,'2022-03-14 13:07:01'),(1819,18,49,300.00,0.00,'2022-03-14',1,1,807,2,2,'2022-03-14 13:07:11'),(1820,17,33,200.00,0.00,'2022-03-14',1,1,808,2,2,'2022-03-14 13:07:37'),(1821,17,43,50.00,0.00,'2022-03-14',1,1,808,2,2,'2022-03-14 13:07:47'),(1822,17,25,300.00,0.00,'2022-03-14',1,1,808,2,2,'2022-03-14 13:07:59'),(1823,17,49,300.00,0.00,'2022-03-14',1,1,808,2,2,'2022-03-14 13:08:09'),(1824,1,33,200.00,0.00,'2022-03-14',1,1,809,2,2,'2022-03-14 13:08:48'),(1825,1,43,50.00,0.00,'2022-03-14',1,1,809,2,2,'2022-03-14 13:08:56'),(1826,1,25,500.00,0.00,'2022-03-14',1,1,809,2,2,'2022-03-14 13:09:16'),(1827,1,49,500.00,0.00,'2022-03-14',1,1,809,2,2,'2022-03-14 13:09:24'),(1828,67,33,250.00,0.00,'2022-03-14',1,1,810,2,2,'2022-03-14 13:09:58'),(1829,67,43,50.00,0.00,'2022-03-14',1,1,810,2,2,'2022-03-14 13:10:10'),(1830,67,28,300.00,0.00,'2022-03-14',1,1,810,2,2,'2022-03-14 13:10:33'),(1831,104,33,200.00,0.00,'2022-03-14',1,1,811,2,2,'2022-03-14 13:11:00'),(1832,104,43,50.00,0.00,'2022-03-14',1,1,811,2,2,'2022-03-14 13:11:12'),(1833,104,28,400.00,0.00,'2022-03-14',1,1,811,2,2,'2022-03-14 13:11:21'),(1834,104,49,300.00,0.00,'2022-03-14',1,1,811,2,2,'2022-03-14 13:11:36'),(1835,4,33,200.00,0.00,'2022-03-14',1,1,812,2,2,'2022-03-14 13:12:23'),(1836,4,43,50.00,0.00,'2022-03-14',1,1,812,2,2,'2022-03-14 13:12:30'),(1837,4,25,300.00,0.00,'2022-03-14',1,1,812,2,2,'2022-03-14 13:12:39'),(1838,11,33,200.00,0.00,'2022-03-14',1,1,813,2,2,'2022-03-14 13:13:13'),(1839,11,43,50.00,0.00,'2022-03-14',1,1,813,2,2,'2022-03-14 13:13:24'),(1840,11,25,300.00,0.00,'2022-03-14',1,1,813,2,2,'2022-03-14 13:13:33'),(1841,11,39,1000.00,0.00,'2022-03-14',1,1,813,2,2,'2022-03-14 13:13:43'),(1842,11,49,300.00,0.00,'2022-03-14',1,1,813,2,2,'2022-03-14 13:13:53'),(1843,53,33,250.00,0.00,'2022-03-14',1,1,814,2,2,'2022-03-14 13:14:19'),(1844,53,43,50.00,0.00,'2022-03-14',1,1,814,2,2,'2022-03-14 13:14:30'),(1845,53,49,300.00,0.00,'2022-03-14',1,1,814,2,2,'2022-03-14 13:14:50'),(1846,33,33,250.00,0.00,'2022-03-14',1,1,815,2,2,'2022-03-14 13:15:21'),(1847,33,43,50.00,0.00,'2022-03-14',1,1,815,2,2,'2022-03-14 13:15:29'),(1848,33,25,300.00,0.00,'2022-03-14',1,1,815,2,2,'2022-03-14 13:15:38'),(1849,7,33,200.00,0.00,'2022-03-14',1,1,816,2,2,'2022-03-14 13:16:54'),(1850,7,43,50.00,0.00,'2022-03-14',1,1,816,2,2,'2022-03-14 13:17:01'),(1851,7,25,300.00,0.00,'2022-03-14',1,1,816,2,2,'2022-03-14 13:17:12'),(1852,7,39,300.00,0.00,'2022-03-14',1,1,816,2,2,'2022-03-14 13:17:22'),(1853,74,33,200.00,0.00,'2022-03-14',1,1,817,2,2,'2022-03-14 13:18:08'),(1854,74,43,50.00,0.00,'2022-03-14',1,1,817,2,2,'2022-03-14 13:18:15'),(1855,74,25,300.00,0.00,'2022-03-14',1,1,817,2,2,'2022-03-14 13:18:25'),(1856,27,33,200.00,0.00,'2022-03-14',1,1,818,2,2,'2022-03-14 13:19:06'),(1857,27,43,50.00,0.00,'2022-03-14',1,1,818,2,2,'2022-03-14 13:20:32'),(1858,27,25,400.00,0.00,'2022-03-14',1,1,818,2,2,'2022-03-14 13:21:01'),(1859,27,39,300.00,0.00,'2022-03-14',1,1,818,2,2,'2022-03-14 13:21:13'),(1860,27,49,300.00,0.00,'2022-03-14',1,1,818,2,2,'2022-03-14 13:21:24'),(1861,51,33,200.00,0.00,'2022-03-14',1,1,819,2,2,'2022-03-14 13:22:04'),(1862,51,43,50.00,0.00,'2022-03-14',1,1,819,2,2,'2022-03-14 13:22:11'),(1863,51,25,300.00,0.00,'2022-03-14',1,1,819,2,2,'2022-03-14 13:22:24'),(1864,51,49,400.00,0.00,'2022-03-14',1,1,819,2,2,'2022-03-14 13:22:34'),(1865,75,25,500.00,0.00,'2022-03-14',1,1,820,2,2,'2022-03-14 13:23:05'),(1866,75,33,200.00,0.00,'2022-03-14',1,1,820,2,2,'2022-03-14 13:23:13'),(1867,75,43,50.00,0.00,'2022-03-14',1,1,820,2,2,'2022-03-14 13:23:21'),(1868,75,49,400.00,0.00,'2022-03-14',1,1,820,2,2,'2022-03-14 13:23:32'),(1869,3,33,200.00,0.00,'2022-03-14',1,1,821,2,2,'2022-03-14 13:23:58'),(1870,3,43,50.00,0.00,'2022-03-14',1,1,821,2,2,'2022-03-14 13:24:09'),(1871,3,39,1000.00,0.00,'2022-03-14',1,1,821,2,2,'2022-03-14 13:24:20'),(1872,3,49,400.00,0.00,'2022-03-14',1,1,821,2,2,'2022-03-14 13:25:13'),(1873,6,33,200.00,0.00,'2022-03-14',1,1,822,2,2,'2022-03-14 13:25:46'),(1874,6,43,50.00,0.00,'2022-03-14',1,1,822,2,2,'2022-03-14 13:25:54'),(1875,6,25,300.00,0.00,'2022-03-14',1,1,822,2,2,'2022-03-14 13:26:06'),(1876,6,49,500.00,0.00,'2022-03-14',1,1,822,2,2,'2022-03-14 13:26:18'),(1877,6,33,200.00,0.00,'2022-03-14',1,1,823,2,2,'2022-03-14 13:28:07'),(1878,6,43,50.00,0.00,'2022-03-14',1,1,823,2,2,'2022-03-14 13:28:28'),(1879,6,25,300.00,0.00,'2022-03-14',1,1,823,2,2,'2022-03-14 13:28:42'),(1880,6,49,300.00,0.00,'2022-03-14',1,1,823,2,2,'2022-03-14 13:28:50'),(1881,5,33,200.00,0.00,'2022-03-14',1,1,824,2,2,'2022-03-14 13:29:24'),(1882,5,43,50.00,0.00,'2022-03-14',1,1,824,2,2,'2022-03-14 13:29:34'),(1883,5,25,1000.00,0.00,'2022-03-14',1,1,824,2,2,'2022-03-14 13:30:08'),(1884,5,49,500.00,0.00,'2022-03-14',1,1,824,2,2,'2022-03-14 13:30:17'),(1885,36,33,200.00,0.00,'2022-03-14',1,1,825,2,2,'2022-03-14 13:33:15'),(1886,36,43,50.00,0.00,'2022-03-14',1,1,825,2,2,'2022-03-14 13:33:22'),(1887,36,25,300.00,0.00,'2022-03-14',1,1,825,2,2,'2022-03-14 13:33:39'),(1888,36,49,600.00,0.00,'2022-03-14',1,1,825,2,2,'2022-03-14 13:33:49'),(1889,24,33,200.00,0.00,'2022-03-14',1,1,826,2,2,'2022-03-14 13:36:19'),(1890,24,43,50.00,0.00,'2022-03-14',1,1,826,2,2,'2022-03-14 13:36:26'),(1891,24,25,300.00,0.00,'2022-03-14',1,1,826,2,2,'2022-03-14 13:36:34'),(1892,21,33,200.00,0.00,'2022-03-14',1,1,827,2,2,'2022-03-14 13:37:05'),(1893,21,43,50.00,0.00,'2022-03-14',1,1,827,2,2,'2022-03-14 13:38:11'),(1894,21,25,300.00,0.00,'2022-03-14',1,1,827,2,2,'2022-03-14 13:38:30'),(1895,21,49,300.00,0.00,'2022-03-14',1,1,827,2,2,'2022-03-14 13:39:33'),(1896,66,33,200.00,0.00,'2022-03-14',1,1,828,2,2,'2022-03-14 13:40:08'),(1897,66,43,50.00,0.00,'2022-03-14',1,1,828,2,2,'2022-03-14 13:40:17'),(1898,66,25,300.00,0.00,'2022-03-14',1,1,828,2,2,'2022-03-14 13:40:35'),(1899,15,25,300.00,0.00,'2022-03-14',1,1,829,2,2,'2022-03-14 13:41:31'),(1900,15,33,200.00,0.00,'2022-03-14',1,1,829,2,2,'2022-03-14 13:41:42'),(1901,15,43,50.00,0.00,'2022-03-14',1,1,829,2,2,'2022-03-14 13:42:02'),(1902,15,39,1000.00,0.00,'2022-03-14',1,1,829,2,2,'2022-03-14 13:42:17'),(1903,15,49,300.00,0.00,'2022-03-14',1,1,829,2,2,'2022-03-14 13:42:31'),(1904,19,33,200.00,0.00,'2022-03-14',1,1,830,2,2,'2022-03-14 13:43:21'),(1905,19,43,50.00,0.00,'2022-03-14',1,1,830,2,2,'2022-03-14 13:43:28'),(1906,19,25,300.00,0.00,'2022-03-14',1,1,830,2,2,'2022-03-14 13:44:43'),(1907,19,49,300.00,0.00,'2022-03-14',1,1,830,2,2,'2022-03-14 13:44:54'),(1908,69,33,200.00,0.00,'2022-03-14',1,1,831,2,2,'2022-03-14 13:45:32'),(1909,69,43,50.00,0.00,'2022-03-14',1,1,831,2,2,'2022-03-14 13:45:39'),(1910,69,25,300.00,0.00,'2022-03-14',1,1,831,2,2,'2022-03-14 13:45:55'),(1911,69,39,300.00,0.00,'2022-03-14',1,1,831,2,2,'2022-03-14 13:46:05'),(1912,69,49,400.00,0.00,'2022-03-14',1,1,831,2,2,'2022-03-14 13:46:16'),(1913,69,33,50.00,0.00,'2022-03-14',1,1,831,2,2,'2022-03-14 13:46:27'),(1914,3,33,200.00,0.00,'2022-03-14',1,1,832,2,2,'2022-03-14 13:47:07'),(1915,3,43,50.00,0.00,'2022-03-14',1,1,832,2,2,'2022-03-14 13:47:14'),(1916,3,25,500.00,0.00,'2022-03-14',1,1,832,2,2,'2022-03-14 13:47:21'),(1917,3,49,400.00,0.00,'2022-03-14',1,1,832,2,2,'2022-03-14 13:47:41'),(1918,105,33,200.00,0.00,'2022-03-14',1,1,833,2,2,'2022-03-14 13:50:06'),(1919,105,43,50.00,0.00,'2022-03-14',1,1,833,2,2,'2022-03-14 13:50:16'),(1920,105,28,300.00,0.00,'2022-03-14',1,1,833,2,2,'2022-03-14 13:50:26'),(1921,105,49,300.00,0.00,'2022-03-14',1,1,833,2,2,'2022-03-14 13:50:35'),(1922,3,33,250.00,0.00,'2022-03-14',1,1,834,2,2,'2022-03-14 13:51:16'),(1923,3,25,500.00,0.00,'2022-03-14',1,1,834,2,2,'2022-03-14 13:51:28'),(1924,3,49,300.00,0.00,'2022-03-14',1,1,834,2,2,'2022-03-14 13:51:36'),(1925,3,43,50.00,0.00,'2022-03-14',1,1,834,2,2,'2022-03-14 13:51:43'),(1926,9,33,250.00,0.00,'2022-03-14',1,1,835,2,2,'2022-03-14 13:52:19'),(1927,9,43,50.00,0.00,'2022-03-14',1,1,835,2,2,'2022-03-14 13:52:27'),(1928,9,25,300.00,0.00,'2022-03-14',1,1,835,2,2,'2022-03-14 13:52:36'),(1929,9,49,300.00,0.00,'2022-03-14',1,1,835,2,2,'2022-03-14 13:52:44'),(1930,19,33,200.00,0.00,'2022-03-14',1,1,836,2,2,'2022-03-14 13:53:17'),(1931,19,43,50.00,0.00,'2022-03-14',1,1,836,2,2,'2022-03-14 13:53:26'),(1932,19,25,800.00,0.00,'2022-03-14',1,1,836,2,2,'2022-03-14 13:53:39'),(1933,19,49,300.00,0.00,'2022-03-14',1,1,836,2,2,'2022-03-14 13:54:00'),(1934,55,33,200.00,0.00,'2022-03-14',1,1,837,2,2,'2022-03-14 13:54:42'),(1935,55,43,50.00,0.00,'2022-03-14',1,1,837,2,2,'2022-03-14 13:54:50'),(1936,55,25,300.00,0.00,'2022-03-14',1,1,837,2,2,'2022-03-14 13:55:11'),(1937,55,49,300.00,0.00,'2022-03-14',1,1,837,2,2,'2022-03-14 13:55:26'),(1938,108,33,200.00,0.00,'2022-03-14',1,1,838,2,2,'2022-03-14 13:55:59'),(1939,108,43,50.00,0.00,'2022-03-14',1,1,838,2,2,'2022-03-14 13:56:07'),(1940,108,28,500.00,0.00,'2022-03-14',1,1,838,2,2,'2022-03-14 13:56:38'),(1941,108,49,300.00,0.00,'2022-03-14',1,1,838,2,2,'2022-03-14 13:57:01'),(1942,19,33,250.00,0.00,'2022-03-15',1,1,839,2,2,'2022-03-15 13:10:23'),(1943,19,43,50.00,0.00,'2022-03-15',1,1,839,2,2,'2022-03-15 13:10:33'),(1944,19,25,300.00,0.00,'2022-03-15',1,1,839,2,2,'2022-03-15 13:10:42'),(1945,37,25,600.00,0.00,'2022-03-15',1,1,840,2,2,'2022-03-15 13:11:24'),(1946,37,33,200.00,0.00,'2022-03-15',1,1,840,2,2,'2022-03-15 13:11:35'),(1947,37,43,50.00,0.00,'2022-03-15',1,1,840,2,2,'2022-03-15 13:11:42'),(1948,18,33,200.00,0.00,'2022-03-15',1,1,841,2,2,'2022-03-15 13:13:25'),(1949,18,43,50.00,0.00,'2022-03-15',1,1,841,2,2,'2022-03-15 13:13:33'),(1950,18,25,300.00,0.00,'2022-03-15',1,1,841,2,2,'2022-03-15 13:13:45'),(1951,18,49,300.00,0.00,'2022-03-15',1,1,841,2,2,'2022-03-15 13:13:55'),(1952,109,33,200.00,0.00,'2022-03-15',1,1,842,2,2,'2022-03-15 13:14:27'),(1953,109,43,50.00,0.00,'2022-03-15',1,1,842,2,2,'2022-03-15 13:14:38'),(1954,109,28,300.00,0.00,'2022-03-15',1,1,842,2,2,'2022-03-15 13:14:47'),(1955,109,49,300.00,0.00,'2022-03-15',1,1,842,2,2,'2022-03-15 13:14:54'),(1956,17,25,300.00,0.00,'2022-03-15',1,1,843,2,2,'2022-03-15 13:15:25'),(1957,17,33,200.00,0.00,'2022-03-15',1,1,843,2,2,'2022-03-15 13:15:35'),(1958,17,43,50.00,0.00,'2022-03-15',1,1,843,2,2,'2022-03-15 13:15:43'),(1959,17,49,300.00,0.00,'2022-03-15',1,1,843,2,2,'2022-03-15 13:15:52'),(1960,1,33,250.00,0.00,'2022-03-15',1,1,844,2,2,'2022-03-15 13:16:19'),(1961,1,43,50.00,0.00,'2022-03-15',1,1,844,2,2,'2022-03-15 13:16:27'),(1962,1,25,500.00,0.00,'2022-03-15',1,1,844,2,2,'2022-03-15 13:16:36'),(1963,1,49,500.00,0.00,'2022-03-15',1,1,844,2,2,'2022-03-15 13:16:52'),(1964,67,33,200.00,0.00,'2022-03-15',1,1,845,2,2,'2022-03-15 13:18:54'),(1965,67,43,50.00,0.00,'2022-03-15',1,1,845,2,2,'2022-03-15 13:19:11'),(1966,67,28,300.00,0.00,'2022-03-15',1,1,845,2,2,'2022-03-15 13:19:20'),(1967,104,33,200.00,0.00,'2022-03-15',1,1,846,2,2,'2022-03-15 13:19:49'),(1968,104,43,50.00,0.00,'2022-03-15',1,1,846,2,2,'2022-03-15 13:19:56'),(1969,104,28,400.00,0.00,'2022-03-15',1,1,846,2,2,'2022-03-15 13:20:05'),(1970,4,33,200.00,0.00,'2022-03-15',1,1,847,2,2,'2022-03-15 13:20:42'),(1971,4,43,50.00,0.00,'2022-03-15',1,1,847,2,2,'2022-03-15 13:20:50'),(1972,4,25,300.00,0.00,'2022-03-15',1,1,847,2,2,'2022-03-15 13:21:00'),(1973,13,25,500.00,0.00,'2022-03-15',1,1,848,2,2,'2022-03-15 13:21:32'),(1974,13,33,200.00,0.00,'2022-03-15',1,1,848,2,2,'2022-03-15 13:21:40'),(1975,13,43,50.00,0.00,'2022-03-15',1,1,848,2,2,'2022-03-15 13:21:54'),(1976,13,49,300.00,0.00,'2022-03-15',1,1,848,2,2,'2022-03-15 13:22:11'),(1977,53,33,200.00,0.00,'2022-03-15',1,1,849,2,2,'2022-03-15 13:22:37'),(1978,53,43,50.00,0.00,'2022-03-15',1,1,849,2,2,'2022-03-15 13:23:02'),(1979,53,49,300.00,0.00,'2022-03-15',1,1,849,2,2,'2022-03-15 13:23:17'),(1980,33,33,200.00,0.00,'2022-03-15',1,1,850,2,2,'2022-03-15 13:23:58'),(1981,33,43,50.00,0.00,'2022-03-15',1,1,850,2,2,'2022-03-15 13:24:08'),(1982,33,25,300.00,0.00,'2022-03-15',1,1,850,2,2,'2022-03-15 13:24:21'),(1983,33,49,300.00,0.00,'2022-03-15',1,1,850,2,2,'2022-03-15 13:24:29'),(1984,7,33,250.00,0.00,'2022-03-15',1,1,851,2,2,'2022-03-15 13:25:05'),(1985,7,43,50.00,0.00,'2022-03-15',1,1,851,2,2,'2022-03-15 13:25:14'),(1986,7,25,300.00,0.00,'2022-03-15',1,1,851,2,2,'2022-03-15 13:25:21'),(1987,7,39,300.00,0.00,'2022-03-15',1,1,851,2,2,'2022-03-15 13:25:30'),(1988,7,49,300.00,0.00,'2022-03-15',1,1,851,2,2,'2022-03-15 13:25:37'),(1989,74,33,200.00,0.00,'2022-03-15',1,1,852,2,2,'2022-03-15 13:26:16'),(1990,74,43,50.00,0.00,'2022-03-15',1,1,852,2,2,'2022-03-15 13:26:23'),(1991,74,25,700.00,0.00,'2022-03-15',1,1,852,2,2,'2022-03-15 13:26:37'),(1992,74,49,300.00,0.00,'2022-03-15',1,1,852,2,2,'2022-03-15 13:26:46'),(1993,27,33,200.00,0.00,'2022-03-15',1,1,853,2,2,'2022-03-15 13:27:13'),(1994,27,43,50.00,0.00,'2022-03-15',1,1,853,2,2,'2022-03-15 13:27:20'),(1995,27,25,400.00,0.00,'2022-03-15',1,1,853,2,2,'2022-03-15 13:27:29'),(1996,27,39,300.00,0.00,'2022-03-15',1,1,853,2,2,'2022-03-15 13:27:41'),(1997,27,49,300.00,0.00,'2022-03-15',1,1,853,2,2,'2022-03-15 13:27:50'),(1998,75,33,200.00,0.00,'2022-03-15',1,1,854,2,2,'2022-03-15 13:28:41'),(1999,75,43,50.00,0.00,'2022-03-15',1,1,854,2,2,'2022-03-15 13:28:50'),(2000,75,25,500.00,0.00,'2022-03-15',1,1,854,2,2,'2022-03-15 13:28:59'),(2001,75,49,400.00,0.00,'2022-03-15',1,1,854,2,2,'2022-03-15 13:29:07'),(2002,6,33,200.00,0.00,'2022-03-15',1,1,855,2,2,'2022-03-15 13:31:47'),(2003,6,43,50.00,0.00,'2022-03-15',1,1,855,2,2,'2022-03-15 13:31:55'),(2004,6,25,300.00,0.00,'2022-03-15',1,1,855,2,2,'2022-03-15 13:32:04'),(2005,6,49,300.00,0.00,'2022-03-15',1,1,855,2,2,'2022-03-15 13:32:14'),(2006,36,33,200.00,0.00,'2022-03-15',1,1,856,2,2,'2022-03-15 13:32:55'),(2007,36,43,50.00,0.00,'2022-03-15',1,1,856,2,2,'2022-03-15 13:33:02'),(2008,36,25,300.00,0.00,'2022-03-15',1,1,856,2,2,'2022-03-15 13:33:12'),(2009,36,49,300.00,0.00,'2022-03-15',1,1,856,2,2,'2022-03-15 13:33:20'),(2010,24,33,200.00,0.00,'2022-03-15',1,1,857,2,2,'2022-03-15 14:06:15'),(2011,24,43,50.00,0.00,'2022-03-15',1,1,857,2,2,'2022-03-15 14:06:38'),(2012,24,25,300.00,0.00,'2022-03-15',1,1,857,2,2,'2022-03-15 14:06:47'),(2013,21,33,200.00,0.00,'2022-03-15',1,1,858,2,2,'2022-03-15 14:07:23'),(2014,21,43,50.00,0.00,'2022-03-15',1,1,858,2,2,'2022-03-15 14:07:31'),(2015,21,25,300.00,0.00,'2022-03-15',1,1,858,2,2,'2022-03-15 14:07:42'),(2016,21,49,300.00,0.00,'2022-03-15',1,1,858,2,2,'2022-03-15 14:08:03'),(2017,66,33,200.00,0.00,'2022-03-15',1,1,859,2,2,'2022-03-15 14:09:22'),(2018,66,43,50.00,0.00,'2022-03-15',1,1,859,2,2,'2022-03-15 14:09:29'),(2019,66,25,300.00,0.00,'2022-03-15',1,1,859,2,2,'2022-03-15 14:09:37'),(2020,15,33,200.00,0.00,'2022-03-15',1,1,860,2,2,'2022-03-15 14:10:10'),(2021,15,43,50.00,0.00,'2022-03-15',1,1,860,2,2,'2022-03-15 14:10:21'),(2022,15,25,300.00,0.00,'2022-03-15',1,1,860,2,2,'2022-03-15 14:10:30'),(2023,15,39,1000.00,0.00,'2022-03-15',1,1,860,2,2,'2022-03-15 14:10:40'),(2024,15,49,300.00,0.00,'2022-03-15',1,1,860,2,2,'2022-03-15 14:11:11'),(2025,19,33,200.00,0.00,'2022-03-15',1,1,861,2,2,'2022-03-15 14:11:49'),(2026,19,43,50.00,0.00,'2022-03-15',1,1,861,2,2,'2022-03-15 14:12:08'),(2027,19,25,300.00,0.00,'2022-03-15',1,1,861,2,2,'2022-03-15 14:12:19'),(2028,19,49,300.00,0.00,'2022-03-15',1,1,861,2,2,'2022-03-15 14:12:43'),(2029,1,23,0.00,0.00,'2022-03-15',1,1,-1,3,3,'2022-03-15 14:50:59'),(2030,1,25,0.00,0.00,'2022-03-15',1,1,-1,3,3,'2022-03-15 14:52:52'),(2031,1,25,0.00,0.00,'2022-03-15',1,1,-1,3,3,'2022-03-15 19:44:58'),(2032,1,33,0.00,0.00,'2022-03-15',1,1,-1,3,3,'2022-03-15 19:45:57'),(2033,1,39,0.00,0.00,'2022-03-15',1,1,-1,3,3,'2022-03-15 19:51:36'),(2034,1,43,0.00,0.00,'2022-03-15',1,1,-1,3,3,'2022-03-15 19:52:05'),(2035,1,49,0.00,0.00,'2022-03-15',1,1,-1,3,3,'2022-03-15 19:52:34'),(2036,1,33,0.00,0.00,'2022-03-15',1,1,-1,3,3,'2022-03-15 20:48:58'),(2037,1,43,0.00,0.00,'2022-03-15',1,1,-1,3,3,'2022-03-15 20:52:04'),(2038,19,33,200.00,0.00,'2022-03-16',1,1,862,2,2,'2022-03-16 12:29:14'),(2039,19,43,50.00,0.00,'2022-03-16',1,1,862,2,2,'2022-03-16 12:29:23'),(2040,30,33,200.00,0.00,'2022-03-16',1,1,863,2,2,'2022-03-16 12:30:15'),(2041,30,43,50.00,0.00,'2022-03-16',1,1,863,2,2,'2022-03-16 12:30:37'),(2042,30,25,300.00,0.00,'2022-03-16',1,1,863,2,2,'2022-03-16 12:30:48'),(2043,18,49,300.00,0.00,'2022-03-16',1,1,864,2,2,'2022-03-16 12:31:54'),(2044,18,43,50.00,0.00,'2022-03-16',1,1,864,2,2,'2022-03-16 12:32:16'),(2045,18,25,300.00,0.00,'2022-03-16',1,1,864,2,2,'2022-03-16 12:32:24'),(2046,18,33,250.00,0.00,'2022-03-16',1,1,864,2,2,'2022-03-16 12:32:32'),(2047,17,25,300.00,0.00,'2022-03-16',1,1,865,2,2,'2022-03-16 12:33:04'),(2048,17,33,200.00,0.00,'2022-03-16',1,1,865,2,2,'2022-03-16 12:33:18'),(2049,17,43,50.00,0.00,'2022-03-16',1,1,865,2,2,'2022-03-16 12:33:31'),(2050,17,49,300.00,0.00,'2022-03-16',1,1,865,2,2,'2022-03-16 12:33:52'),(2053,67,33,200.00,0.00,'2022-03-16',1,1,866,2,2,'2022-03-16 12:35:28'),(2054,67,43,50.00,0.00,'2022-03-16',1,1,866,2,2,'2022-03-16 12:35:39'),(2055,67,28,300.00,0.00,'2022-03-16',1,1,866,2,2,'2022-03-16 12:35:50'),(2057,104,33,200.00,0.00,'2022-03-16',1,1,867,2,2,'2022-03-16 12:36:22'),(2058,104,28,400.00,0.00,'2022-03-16',1,1,867,2,2,'2022-03-16 12:37:29'),(2059,104,43,50.00,0.00,'2022-03-16',1,1,867,2,2,'2022-03-16 12:37:46'),(2060,104,49,300.00,0.00,'2022-03-16',1,1,867,2,2,'2022-03-16 12:38:06'),(2061,4,33,200.00,0.00,'2022-03-16',1,1,868,2,2,'2022-03-16 12:38:33'),(2062,4,25,300.00,0.00,'2022-03-16',1,1,868,2,2,'2022-03-16 12:38:44'),(2063,4,43,50.00,0.00,'2022-03-16',1,1,868,2,2,'2022-03-16 12:38:53'),(2064,13,33,200.00,0.00,'2022-03-16',1,1,869,2,2,'2022-03-16 12:39:21'),(2065,13,25,500.00,0.00,'2022-03-16',1,1,869,2,2,'2022-03-16 12:39:35'),(2066,13,43,50.00,0.00,'2022-03-16',1,1,869,2,2,'2022-03-16 12:39:43'),(2067,13,49,300.00,0.00,'2022-03-16',1,1,869,2,2,'2022-03-16 12:39:54'),(2068,11,33,200.00,0.00,'2022-03-16',1,1,870,2,2,'2022-03-16 12:40:19'),(2069,11,25,300.00,0.00,'2022-03-16',1,1,870,2,2,'2022-03-16 12:40:27'),(2070,11,39,1000.00,0.00,'2022-03-16',1,1,870,2,2,'2022-03-16 12:40:36'),(2071,11,43,50.00,0.00,'2022-03-16',1,1,870,2,2,'2022-03-16 12:41:49'),(2072,11,49,300.00,0.00,'2022-03-16',1,1,870,2,2,'2022-03-16 12:42:03'),(2073,53,33,200.00,0.00,'2022-03-16',1,1,871,2,2,'2022-03-16 12:42:46'),(2074,53,43,50.00,0.00,'2022-03-16',1,1,871,2,2,'2022-03-16 12:42:54'),(2075,53,49,300.00,0.00,'2022-03-16',1,1,871,2,2,'2022-03-16 12:43:02'),(2076,33,33,200.00,0.00,'2022-03-16',1,1,872,2,2,'2022-03-16 12:43:46'),(2077,33,43,50.00,0.00,'2022-03-16',1,1,872,2,2,'2022-03-16 12:43:56'),(2078,33,25,300.00,0.00,'2022-03-16',1,1,872,2,2,'2022-03-16 12:44:04'),(2079,33,49,300.00,0.00,'2022-03-16',1,1,872,2,2,'2022-03-16 12:44:23'),(2080,7,33,200.00,0.00,'2022-03-16',1,1,873,2,2,'2022-03-16 12:44:57'),(2081,7,43,50.00,0.00,'2022-03-16',1,1,873,2,2,'2022-03-16 12:45:12'),(2082,7,25,300.00,0.00,'2022-03-16',1,1,873,2,2,'2022-03-16 12:45:24'),(2083,7,39,300.00,0.00,'2022-03-16',1,1,873,2,2,'2022-03-16 12:48:42'),(2084,10,25,300.00,0.00,'2022-03-16',1,1,874,2,2,'2022-03-16 12:49:17'),(2085,10,33,200.00,0.00,'2022-03-16',1,1,874,2,2,'2022-03-16 12:49:30'),(2086,10,43,50.00,0.00,'2022-03-16',1,1,874,2,2,'2022-03-16 12:49:39'),(2087,10,49,300.00,0.00,'2022-03-16',1,1,874,2,2,'2022-03-16 12:50:04'),(2088,74,33,200.00,0.00,'2022-03-16',1,1,875,2,2,'2022-03-16 12:50:38'),(2089,74,25,500.00,0.00,'2022-03-16',1,1,875,2,2,'2022-03-16 12:51:02'),(2090,74,43,50.00,0.00,'2022-03-16',1,1,875,2,2,'2022-03-16 12:51:11'),(2091,74,49,300.00,0.00,'2022-03-16',1,1,875,2,2,'2022-03-16 12:51:20'),(2092,27,33,200.00,0.00,'2022-03-16',1,1,876,2,2,'2022-03-16 12:52:23'),(2093,27,25,400.00,0.00,'2022-03-16',1,1,876,2,2,'2022-03-16 12:52:31'),(2094,27,39,300.00,0.00,'2022-03-16',1,1,876,2,2,'2022-03-16 12:52:42'),(2095,27,43,50.00,0.00,'2022-03-16',1,1,876,2,2,'2022-03-16 12:52:52'),(2096,27,49,300.00,0.00,'2022-03-16',1,1,876,2,2,'2022-03-16 12:53:03'),(2097,12,33,200.00,0.00,'2022-03-16',1,1,877,2,2,'2022-03-16 12:55:41'),(2098,12,25,300.00,0.00,'2022-03-16',1,1,877,2,2,'2022-03-16 12:55:49'),(2099,12,49,400.00,0.00,'2022-03-16',1,1,877,2,2,'2022-03-16 12:56:17'),(2100,12,43,50.00,0.00,'2022-03-16',1,1,877,2,2,'2022-03-16 12:56:25'),(2101,75,25,500.00,0.00,'2022-03-16',1,1,878,2,2,'2022-03-16 12:56:52'),(2102,75,33,200.00,0.00,'2022-03-16',1,1,878,2,2,'2022-03-16 12:57:02'),(2103,75,43,50.00,0.00,'2022-03-16',1,1,878,2,2,'2022-03-16 12:57:10'),(2104,75,49,400.00,0.00,'2022-03-16',1,1,878,2,2,'2022-03-16 12:57:24'),(2105,6,33,200.00,0.00,'2022-03-16',1,1,879,2,2,'2022-03-16 12:58:27'),(2106,6,25,300.00,0.00,'2022-03-16',1,1,879,2,2,'2022-03-16 12:58:35'),(2107,6,43,50.00,0.00,'2022-03-16',1,1,879,2,2,'2022-03-16 12:58:42'),(2108,5,33,200.00,0.00,'2022-03-16',1,1,880,2,2,'2022-03-16 13:00:14'),(2109,5,25,300.00,0.00,'2022-03-16',1,1,880,2,2,'2022-03-16 13:01:25'),(2110,5,43,50.00,0.00,'2022-03-16',1,1,880,2,2,'2022-03-16 13:01:33'),(2111,36,33,200.00,0.00,'2022-03-16',1,1,881,2,2,'2022-03-16 13:02:52'),(2112,36,25,300.00,0.00,'2022-03-16',1,1,881,2,2,'2022-03-16 13:03:01'),(2113,36,49,300.00,0.00,'2022-03-16',1,1,881,2,2,'2022-03-16 13:03:08'),(2114,36,43,50.00,0.00,'2022-03-16',1,1,881,2,2,'2022-03-16 13:03:15'),(2115,36,33,50.00,0.00,'2022-03-16',1,1,881,2,2,'2022-03-16 13:03:30'),(2116,21,33,200.00,0.00,'2022-03-16',1,1,882,2,2,'2022-03-16 13:04:30'),(2117,21,43,50.00,0.00,'2022-03-16',1,1,882,2,2,'2022-03-16 13:05:14'),(2118,21,25,300.00,0.00,'2022-03-16',1,1,882,2,2,'2022-03-16 13:05:41'),(2119,21,49,300.00,0.00,'2022-03-16',1,1,882,2,2,'2022-03-16 13:07:39'),(2120,66,33,200.00,0.00,'2022-03-16',1,1,883,2,2,'2022-03-16 13:08:28'),(2121,66,25,300.00,0.00,'2022-03-16',1,1,883,2,2,'2022-03-16 13:08:37'),(2122,66,43,50.00,0.00,'2022-03-16',1,1,883,2,2,'2022-03-16 13:09:00'),(2123,15,33,200.00,0.00,'2022-03-16',1,1,884,2,2,'2022-03-16 13:09:54'),(2124,15,25,300.00,0.00,'2022-03-16',1,1,884,2,2,'2022-03-16 13:10:34'),(2125,15,39,1000.00,0.00,'2022-03-16',1,1,884,2,2,'2022-03-16 13:10:45'),(2126,15,43,50.00,0.00,'2022-03-16',1,1,884,2,2,'2022-03-16 13:11:02'),(2127,15,49,300.00,0.00,'2022-03-16',1,1,884,2,2,'2022-03-16 13:11:54'),(2128,9,33,200.00,0.00,'2022-03-16',1,1,885,2,2,'2022-03-16 13:13:22'),(2129,9,43,50.00,0.00,'2022-03-16',1,1,885,2,2,'2022-03-16 13:13:29'),(2130,9,25,300.00,0.00,'2022-03-16',1,1,885,2,2,'2022-03-16 13:13:37'),(2131,9,49,300.00,0.00,'2022-03-16',1,1,885,2,2,'2022-03-16 13:14:02'),(2132,19,33,200.00,0.00,'2022-03-16',1,1,886,2,2,'2022-03-16 13:15:02'),(2133,19,43,50.00,0.00,'2022-03-16',1,1,886,2,2,'2022-03-16 13:15:17'),(2134,19,25,300.00,0.00,'2022-03-16',1,1,886,2,2,'2022-03-16 13:15:46'),(2135,19,49,300.00,0.00,'2022-03-16',1,1,886,2,2,'2022-03-16 13:16:03'),(2136,69,33,200.00,0.00,'2022-03-16',1,1,887,2,2,'2022-03-16 13:16:46'),(2137,69,25,300.00,0.00,'2022-03-16',1,1,887,2,2,'2022-03-16 13:16:56'),(2138,69,39,300.00,0.00,'2022-03-16',1,1,887,2,2,'2022-03-16 13:17:40'),(2139,69,43,50.00,0.00,'2022-03-16',1,1,887,2,2,'2022-03-16 13:17:53'),(2140,69,49,400.00,0.00,'2022-03-16',1,1,887,2,2,'2022-03-16 13:18:03'),(2141,3,33,200.00,0.00,'2022-03-16',1,1,888,2,2,'2022-03-16 13:18:40'),(2142,3,25,500.00,0.00,'2022-03-16',1,1,888,2,2,'2022-03-16 13:18:48'),(2143,3,43,50.00,0.00,'2022-03-16',1,1,888,2,2,'2022-03-16 13:18:56'),(2144,3,49,400.00,0.00,'2022-03-16',1,1,888,2,2,'2022-03-16 13:19:20'),(2145,12,33,200.00,0.00,'2022-03-16',1,1,889,2,2,'2022-03-16 13:20:42'),(2146,12,43,50.00,0.00,'2022-03-16',1,1,889,2,2,'2022-03-16 13:21:11'),(2147,12,49,300.00,0.00,'2022-03-16',1,1,889,2,2,'2022-03-16 13:21:20'),(2148,12,25,300.00,0.00,'2022-03-16',1,1,889,2,2,'2022-03-16 13:21:34'),(2149,105,28,300.00,0.00,'2022-03-16',1,1,890,2,2,'2022-03-16 13:22:15'),(2150,105,33,200.00,0.00,'2022-03-16',1,1,890,2,2,'2022-03-16 13:23:20'),(2151,105,43,50.00,0.00,'2022-03-16',1,1,890,2,2,'2022-03-16 13:23:34'),(2152,105,49,300.00,0.00,'2022-03-16',1,1,890,2,2,'2022-03-16 13:23:57'),(2153,3,33,200.00,0.00,'2022-03-16',1,1,891,2,2,'2022-03-16 13:24:26'),(2154,3,25,500.00,0.00,'2022-03-16',1,1,891,2,2,'2022-03-16 13:24:52'),(2155,3,43,50.00,0.00,'2022-03-16',1,1,891,2,2,'2022-03-16 13:25:07'),(2156,3,49,400.00,0.00,'2022-03-16',1,1,891,2,2,'2022-03-16 13:25:17'),(2157,9,33,200.00,0.00,'2022-03-16',1,1,892,2,2,'2022-03-16 13:25:52'),(2158,9,25,300.00,0.00,'2022-03-16',1,1,892,2,2,'2022-03-16 13:26:07'),(2159,9,43,50.00,0.00,'2022-03-16',1,1,892,2,2,'2022-03-16 13:26:14'),(2160,9,49,300.00,0.00,'2022-03-16',1,1,892,2,2,'2022-03-16 13:26:23'),(2161,19,25,200.00,0.00,'2022-03-16',1,1,893,2,2,'2022-03-16 13:31:17'),(2162,19,25,400.00,0.00,'2022-03-16',1,1,893,2,2,'2022-03-16 13:31:31'),(2163,19,33,200.00,0.00,'2022-03-16',1,1,893,2,2,'2022-03-16 13:31:40'),(2164,19,33,200.00,0.00,'2022-03-16',1,1,893,2,2,'2022-03-16 13:31:53'),(2165,19,43,50.00,0.00,'2022-03-16',1,1,893,2,2,'2022-03-16 13:32:07'),(2166,55,33,200.00,0.00,'2022-03-16',1,1,894,2,2,'2022-03-16 13:33:41'),(2167,55,25,300.00,0.00,'2022-03-16',1,1,894,2,2,'2022-03-16 13:33:59'),(2168,55,43,50.00,0.00,'2022-03-16',1,1,894,2,2,'2022-03-16 13:34:08'),(2169,55,49,300.00,0.00,'2022-03-16',1,1,894,2,2,'2022-03-16 13:36:10'),(2170,108,33,200.00,0.00,'2022-03-16',1,1,895,2,2,'2022-03-16 13:37:00'),(2171,108,28,500.00,0.00,'2022-03-16',1,1,895,2,2,'2022-03-16 13:37:10'),(2172,108,43,50.00,0.00,'2022-03-16',1,1,895,2,2,'2022-03-16 13:37:18'),(2173,108,49,300.00,0.00,'2022-03-16',1,1,895,2,2,'2022-03-16 13:37:27'),(2174,12,49,100.00,0.00,'2022-03-16',1,1,896,2,2,'2022-03-16 13:56:46'),(2175,110,24,0.00,0.00,'2022-03-16',1,1,897,1,1,'2022-03-16 14:05:07');

--
-- Table structure for table `transactionbankaccount`
--

CREATE TABLE `transactionbankaccount` (
  `transactionbankaccountid` int NOT NULL AUTO_INCREMENT,
  `depositslipno` varchar(200) DEFAULT NULL,
  `bankaccountid` int DEFAULT NULL,
  `transactionid` int DEFAULT NULL,
  PRIMARY KEY (`transactionbankaccountid`),
  KEY `bankaccountid` (`bankaccountid`),
  KEY `transactionid` (`transactionid`),
  CONSTRAINT `transactionbankaccount_ibfk_1` FOREIGN KEY (`bankaccountid`) REFERENCES `bankaccount` (`bankaccountid`) ON UPDATE CASCADE,
  CONSTRAINT `transactionbankaccount_ibfk_2` FOREIGN KEY (`transactionid`) REFERENCES `transaction` (`transactionid`) ON UPDATE CASCADE
) ENGINE=InnoDB AUTO_INCREMENT=27 DEFAULT CHARSET=utf8mb4 COLLATE=utf8mb4_0900_ai_ci;

--
-- Dumping data for table `transactionbankaccount`
--

INSERT INTO `transactionbankaccount` VALUES (7,NULL,2,852),(8,NULL,2,853),(9,NULL,2,854),(10,NULL,2,855),(11,NULL,3,856),(12,NULL,3,857),(13,NULL,3,858),(14,NULL,NULL,859),(15,NULL,2,872),(16,NULL,2,873),(17,NULL,3,874),(18,NULL,3,875),(19,NULL,3,876),(20,NULL,NULL,877),(21,NULL,2,988),(22,NULL,2,989),(23,NULL,3,990),(24,NULL,3,991),(25,NULL,3,992),(26,NULL,NULL,993);

--
-- Table structure for table `transactioncost`
--

CREATE TABLE `transactioncost` (
  `transactioncostid` int NOT NULL AUTO_INCREMENT,
  `amountfrom` double(10,2) DEFAULT NULL,
  `amountto` double(10,2) DEFAULT NULL,
  `chargedamount` double(10,2) DEFAULT NULL,
  `dated` date DEFAULT NULL,
  `status` int DEFAULT NULL,
  `transactiontypeid` int DEFAULT NULL,
  PRIMARY KEY (`transactioncostid`),
  KEY `transactiontypeid` (`transactiontypeid`),
  CONSTRAINT `transactioncost_ibfk_1` FOREIGN KEY (`transactiontypeid`) REFERENCES `transactiontype` (`transactiontypeid`) ON UPDATE CASCADE
) ENGINE=InnoDB AUTO_INCREMENT=64 DEFAULT CHARSET=latin1;

--
-- Dumping data for table `transactioncost`
--

INSERT INTO `transactioncost` VALUES (22,0.00,10000000.00,0.00,'2020-01-22',1,20),(23,0.00,10000000.00,0.00,'2020-01-22',1,21),(24,0.00,10000000.00,0.00,'2020-02-01',1,22),(25,0.00,10000000.00,0.00,'2020-02-01',1,23),(26,0.00,10000000.00,0.00,'2020-02-06',1,24),(27,0.00,10000000.00,0.00,'2020-11-02',1,25),(28,0.00,10000000.00,0.00,'2020-11-02',1,26),(29,0.00,10000000.00,0.00,'2020-11-02',1,27),(30,0.00,10000000.00,0.00,'2020-11-23',1,28),(31,0.00,10000000.00,0.00,'2020-11-23',1,29),(32,0.00,10000000.00,0.00,'2020-12-02',1,30),(33,0.00,10000000.00,0.00,'2021-01-20',1,31),(34,0.00,10000000.00,0.00,'2021-02-22',1,32),(35,0.00,10000000.00,0.00,'2021-03-02',1,33),(36,0.00,10000000.00,0.00,'2021-06-28',1,34),(37,0.00,10000000.00,0.00,'2021-06-28',1,35),(38,0.00,10000000.00,0.00,'2021-06-28',1,36),(39,0.00,10000000.00,0.00,'2021-06-29',1,37),(40,0.00,10000000.00,0.00,'2021-06-29',1,38),(41,0.00,10000000.00,0.00,'2021-06-29',1,39),(42,0.00,10000000.00,0.00,'2021-07-12',1,40),(43,0.00,10000000.00,0.00,'2021-08-25',1,41),(44,0.00,10000000.00,0.00,'2021-08-25',1,42),(45,0.00,10000000.00,0.00,'2021-08-25',1,43),(46,0.00,10000000.00,0.00,'2021-08-25',1,44),(47,0.00,10000000.00,0.00,'2021-08-25',1,45),(48,0.00,10000000.00,0.00,'2021-08-25',1,46),(49,0.00,10000000.00,0.00,'2021-08-25',1,47),(50,0.00,10000000.00,0.00,'2021-12-10',1,48),(51,0.00,10000000.00,0.00,'2021-12-11',1,49),(52,0.00,10000000.00,0.00,'2021-12-12',1,50),(53,0.00,10000000.00,0.00,'2022-02-26',1,51),(54,0.00,10000000.00,0.00,'2022-02-28',1,52),(55,0.00,10000000.00,0.00,'2022-02-28',1,53),(56,0.00,10000000.00,0.00,'2022-02-28',1,54),(57,0.00,10000000.00,0.00,'2022-02-28',1,55),(58,0.00,10000000.00,0.00,'2022-02-28',1,56),(59,0.00,10000000.00,0.00,'2022-02-28',1,57),(60,0.00,10000000.00,0.00,'2022-02-28',1,58),(61,0.00,10000000.00,0.00,'2022-02-28',1,59),(62,0.00,10000000.00,0.00,'2022-02-28',1,60),(63,0.00,10000000.00,0.00,'2022-02-28',1,61);

--
-- Table structure for table `transactionexpensename`
--

CREATE TABLE `transactionexpensename` (
  `transactionexpensenameid` int NOT NULL AUTO_INCREMENT,
  `receiptnumber` varchar(200) DEFAULT NULL,
  `expensenameid` int DEFAULT NULL,
  `transactionid` int DEFAULT NULL,
  `expenseoption` varchar(20) DEFAULT NULL,
  PRIMARY KEY (`transactionexpensenameid`),
  KEY `expensenameid` (`expensenameid`),
  KEY `transactionid` (`transactionid`),
  CONSTRAINT `transactionexpensename_ibfk_1` FOREIGN KEY (`expensenameid`) REFERENCES `expensename` (`expensenameid`) ON UPDATE CASCADE,
  CONSTRAINT `transactionexpensename_ibfk_2` FOREIGN KEY (`transactionid`) REFERENCES `transaction` (`transactionid`) ON UPDATE CASCADE
) ENGINE=InnoDB AUTO_INCREMENT=10 DEFAULT CHARSET=latin1;

--
-- Dumping data for table `transactionexpensename`
--

INSERT INTO `transactionexpensename` VALUES (3,'0',3,726,'OFFICE'),(4,'0',19,727,'OFFICE'),(5,'0',3,860,'OFFICE'),(6,'0',3,861,'OFFICE'),(7,'0',19,862,'OFFICE'),(8,'0',3,986,'OFFICE'),(9,'0',3,996,'OFFICE');

--
-- Table structure for table `transactionfine`
--

CREATE TABLE `transactionfine` (
  `transactionfineid` int NOT NULL AUTO_INCREMENT,
  `transactionid` int DEFAULT NULL,
  `finenameid` int DEFAULT NULL,
  PRIMARY KEY (`transactionfineid`),
  KEY `transactionid` (`transactionid`),
  KEY `finenameid` (`finenameid`),
  CONSTRAINT `transactionfine_ibfk_1` FOREIGN KEY (`transactionid`) REFERENCES `transaction` (`transactionid`) ON UPDATE CASCADE,
  CONSTRAINT `transactionfine_ibfk_2` FOREIGN KEY (`finenameid`) REFERENCES `finename` (`finenameid`) ON UPDATE CASCADE
) ENGINE=InnoDB DEFAULT CHARSET=utf8mb4 COLLATE=utf8mb4_0900_ai_ci;

--
-- Dumping data for table `transactionfine`
--


--
-- Table structure for table `transactionincomename`
--

CREATE TABLE `transactionincomename` (
  `transactionincomenameid` int NOT NULL AUTO_INCREMENT,
  `receiptnumber` varchar(200) DEFAULT NULL,
  `incomenameid` int DEFAULT NULL,
  `transactionid` int DEFAULT NULL,
  PRIMARY KEY (`transactionincomenameid`),
  KEY `incomenameid` (`incomenameid`),
  KEY `transactionid` (`transactionid`),
  CONSTRAINT `transactionincomename_ibfk_1` FOREIGN KEY (`incomenameid`) REFERENCES `incomename` (`incomenameid`) ON UPDATE CASCADE,
  CONSTRAINT `transactionincomename_ibfk_2` FOREIGN KEY (`transactionid`) REFERENCES `transaction` (`transactionid`) ON UPDATE CASCADE
) ENGINE=InnoDB AUTO_INCREMENT=6 DEFAULT CHARSET=latin1;

--
-- Dumping data for table `transactionincomename`
--


--
-- Table structure for table `transactiontype`
--

CREATE TABLE `transactiontype` (
  `transactiontypeid` int NOT NULL AUTO_INCREMENT,
  `transactiontypename` varchar(50) DEFAULT NULL,
  `debitcredit` varchar(10) DEFAULT NULL,
  `depositaccount` varchar(100) DEFAULT NULL,
  PRIMARY KEY (`transactiontypeid`)
) ENGINE=InnoDB AUTO_INCREMENT=62 DEFAULT CHARSET=latin1;

--
-- Dumping data for table `transactiontype`
--

INSERT INTO `transactiontype` VALUES (20,'SAVINGS','SAVINGS',NULL),(21,'FINE PAYMENT','DEBIT','AC-5486'),(22,'REGISTRATION FEE','DEBIT','AC-19490'),(23,'BUY SHARE IN CASH','CREDIT','AC-19490'),(24,'WITHDRAW SHARE','DEBIT',NULL),(25,'ACCOUNT BALANCE','DEBIT',NULL),(26,'OPERATOR PAYMENT','DEBIT','AC-5486'),(27,'SHARE BALANCE','DEBIT',NULL),(28,'EXPENSES','CREDIT',NULL),(29,'INCOME','DEBIT','AC-26462'),(30,'CONTAINER','DEBIT',NULL),(31,'KEMO WELFARE','DEBIT','AC-5486'),(32,'SHARE CAPITAL','DEBIT','AC-19490'),(33,'MEMBER ADJUSTMENT','CREDIT',NULL),(34,'LOAN','DEBIT',NULL),(35,'LOAN INSURANCE FUND','DEBIT',NULL),(36,'LOAN PROCESSING FEE','DEBIT',NULL),(37,'PAY LOAN IN CASH','DEBIT','AC-19490'),(38,'PAY LOAN INTEREST IN CASH','DEBIT',NULL),(39,'PAY LOAN FINE IN CASH','DEBIT',NULL),(40,'INSURANCE COVER','DEBIT',NULL),(41,'NSSF','DEBIT','AC-5486'),(42,'BANK WITHDRAWAL','DEBIT',NULL),(43,'BANK CASH DEPOSIT','DEBIT',NULL),(44,'BANK CHEQUE DEPOSIT','DEBIT',NULL),(45,'PAY LOAN USING SHARES','DEBIT',NULL),(46,'PAY LOAN INTEREST USING SHARES','DEBIT',NULL),(47,'INSURANCE COVER PAYMENT','DEBIT','AC-44004'),(48,'TEMPORARY TLB','DEBIT','AC-19490'),(49,'BANK BALANCE','DEBIT',NULL),(50,'BANK CHARGES','DEBIT',NULL),(51,'XXXX','DEBIT',NULL),(52,'FINE PAYMENT DEPOSIT','DEBIT','AC-5486'),(53,'REGISTRATION FEE DEPOSIT','DEBIT','AC-19490'),(54,'BUY SHARE IN CASH DEPOSIT','DEBIT','AC-19490'),(55,'OPERATOR PAYMENT DEPOSIT','DEBIT','AC-5486'),(56,'INCOME DEPOSIT','DEBIT','AC-26462'),(57,'KEMO WELFARE DEPOSIT','DEBIT','AC-5486'),(58,'PAY LOAN IN CASH DEPOSIT','DEBIT','AC-19490'),(59,'NSSF DEPOSIT','DEBIT','AC-5486'),(60,'INSURANCE COVER PAYMENT DEPOSIT','DEBIT','AC-44004'),(61,'TEMPORARY TLB DEPOSIT','DEBIT','AC-19490');

--
-- Table structure for table `transactionvehicle`
--

CREATE TABLE `transactionvehicle` (
  `transactionvehicleid` int NOT NULL AUTO_INCREMENT,
  `vehicleid` int DEFAULT NULL,
  `transactionid` int DEFAULT NULL,
  PRIMARY KEY (`transactionvehicleid`),
  KEY `vehicleid` (`vehicleid`),
  KEY `transactionid` (`transactionid`),
  CONSTRAINT `transactionvehicle_ibfk_1` FOREIGN KEY (`vehicleid`) REFERENCES `vehicle` (`vehicleid`) ON UPDATE CASCADE,
  CONSTRAINT `transactionvehicle_ibfk_2` FOREIGN KEY (`transactionid`) REFERENCES `transaction` (`transactionid`) ON UPDATE CASCADE
) ENGINE=InnoDB AUTO_INCREMENT=458 DEFAULT CHARSET=utf8mb4 COLLATE=utf8mb4_0900_ai_ci;

--
-- Dumping data for table `transactionvehicle`
--

INSERT INTO `transactionvehicle` VALUES (2,2,424),(3,1,425),(4,1,426),(5,9,427),(6,11,428),(7,17,429),(8,18,430),(9,23,431),(10,24,432),(11,25,433),(12,27,434),(13,29,435),(14,40,436),(15,31,437),(16,20,438),(17,43,439),(18,41,440),(19,61,441),(20,34,442),(21,32,443),(22,63,444),(23,5,445),(24,58,446),(25,33,447),(26,36,448),(27,7,449),(28,28,450),(29,12,451),(30,44,452),(31,22,453),(32,21,454),(33,30,455),(34,39,456),(35,46,457),(36,62,458),(37,26,459),(38,47,461),(40,24,572),(41,5,576),(42,5,577),(43,34,581),(44,9,592),(45,26,597),(46,34,601),(47,21,606),(48,11,611),(49,23,615),(50,29,618),(51,63,621),(52,39,627),(53,NULL,631),(54,30,640),(55,36,644),(56,62,648),(57,46,650),(58,39,654),(59,17,661),(60,12,663),(61,24,668),(62,31,672),(63,25,677),(64,40,680),(65,7,693),(66,28,698),(67,2,702),(68,20,705),(69,5,712),(70,32,716),(71,61,720),(72,33,724),(73,9,738),(74,26,742),(75,21,746),(76,11,749),(77,23,754),(78,34,758),(79,30,762),(80,41,766),(81,36,770),(82,65,775),(83,63,779),(84,62,782),(85,12,787),(86,46,792),(87,24,794),(88,63,799),(89,17,804),(90,5,808),(91,60,815),(92,31,818),(93,25,823),(94,28,830),(95,28,831),(96,44,838),(97,7,845),(98,39,850),(99,33,867),(100,44,871),(101,5,885),(102,7,889),(103,9,893),(104,11,897),(105,63,904),(106,17,911),(107,20,914),(108,21,918),(109,22,923),(110,23,927),(111,24,930),(112,30,938),(113,29,941),(114,32,946),(115,33,950),(116,34,954),(117,39,960),(118,41,965),(119,62,969),(120,60,973),(121,61,977),(122,58,981),(123,65,985),(124,17,1083),(125,29,1094),(126,21,1097),(127,23,1102),(128,18,1106),(129,61,1112),(130,7,1119),(131,62,1123),(132,41,1127),(133,34,1131),(134,36,1134),(135,5,1139),(136,63,1143),(137,39,1153),(138,17,1157),(139,12,1162),(140,47,1165),(141,25,1174),(142,2,1183),(143,11,1187),(144,58,1191),(145,63,1195),(146,61,1199),(147,30,1201),(148,24,1205),(149,65,1211),(150,34,1215),(151,34,1216),(152,41,1220),(153,36,1224),(154,44,1231),(155,46,1237),(156,40,1240),(157,40,1241),(158,12,1243),(159,62,1252),(160,5,1257),(161,33,1263),(162,20,1267),(163,21,1279),(164,23,1284),(165,7,1295),(166,7,1296),(167,7,1297),(168,11,1300),(169,12,1304),(170,63,1312),(171,18,1319),(172,20,1322),(173,21,1326),(174,23,1330),(175,24,1335),(176,30,1340),(177,32,1349),(178,34,1358),(179,39,1367),(180,40,1370),(181,41,1375),(182,43,1381),(183,46,1385),(184,46,1386),(185,46,1387),(186,47,1391),(187,25,1397),(188,62,1400),(189,60,1405),(190,61,1409),(191,58,1413),(192,65,1417),(193,9,1428),(194,34,1436),(195,65,1440),(196,65,1441),(197,23,1444),(198,63,1452),(199,30,1456),(200,61,1459),(201,62,1464),(202,29,1468),(203,36,1471),(204,46,1476),(205,39,1485),(206,12,1487),(207,24,1493),(208,17,1497),(209,40,1500),(210,43,1506),(211,41,1510),(212,58,1514),(213,33,1522),(214,32,1526),(215,25,1531),(216,7,1535),(217,5,1540),(218,60,1545),(219,20,1551),(220,44,1558),(221,44,1562),(222,44,1566),(223,5,1570),(224,9,1574),(225,11,1578),(226,12,1582),(227,63,1590),(228,17,1597),(229,21,1605),(230,26,1616),(231,30,1619),(232,29,1623),(233,32,1627),(234,33,1631),(235,34,1635),(236,36,1642),(237,39,1650),(238,41,1657),(239,43,1662),(240,46,1666),(241,62,1670),(242,60,1674),(243,61,1678),(244,65,1682),(245,25,1684),(246,2,1692),(247,5,1696),(248,7,1700),(249,9,1704),(250,11,1708),(251,63,1715),(252,17,1722),(253,21,1728),(254,23,1736),(255,26,1740),(256,30,1744),(257,29,1748),(258,31,1752),(259,32,1756),(260,34,1760),(261,36,1767),(262,39,1770),(263,43,1778),(264,46,1782),(265,62,1786),(266,60,1790),(267,61,1794),(268,58,1798),(269,65,1802),(270,44,1804),(271,47,1808),(272,33,1811),(273,7,1819),(274,11,1823),(275,12,1827),(276,63,1834),(277,18,1842),(278,20,1845),(279,25,1860),(280,26,1864),(281,30,1868),(282,29,1872),(283,31,1876),(284,32,1880),(285,33,1884),(286,34,1888),(287,36,1895),(288,39,1903),(289,41,1907),(290,43,1912),(291,44,1917),(292,47,1921),(293,62,1924),(294,60,1929),(295,61,1933),(296,58,1937),(297,65,1941),(298,7,1951),(299,9,1955),(300,11,1959),(301,12,1963),(302,17,1976),(303,20,1979),(304,21,1983),(305,22,1988),(306,24,1992),(307,25,1997),(308,30,2001),(309,32,2005),(310,34,2009),(311,36,2016),(312,39,2024),(313,41,2028),(314,12,2029),(315,12,2030),(316,12,2031),(317,12,2032),(318,12,2033),(319,12,2034),(320,12,2035),(321,NULL,2036),(322,12,2037),(323,1,2038),(324,1,2039),(325,5,2040),(326,5,2041),(327,5,2042),(328,7,2043),(329,7,2044),(330,7,2045),(331,7,2046),(332,11,2047),(333,11,2048),(334,11,2049),(335,11,2050),(336,13,2053),(337,13,2054),(338,13,2055),(339,63,2057),(340,63,2058),(341,63,2059),(342,63,2060),(343,16,2061),(344,16,2062),(345,16,2063),(346,17,2064),(347,17,2065),(348,17,2066),(349,17,2067),(350,18,2068),(351,18,2069),(352,18,2070),(353,18,2071),(354,18,2072),(355,20,2073),(356,20,2074),(357,20,2075),(358,21,2076),(359,21,2077),(360,21,2078),(361,21,2079),(362,22,2080),(363,22,2081),(364,22,2082),(365,22,2083),(366,23,2084),(367,23,2085),(368,23,2086),(369,23,2087),(370,24,2088),(371,24,2089),(372,24,2090),(373,24,2091),(374,25,2092),(375,25,2093),(376,25,2094),(377,25,2095),(378,25,2096),(379,28,2097),(380,28,2098),(381,28,2099),(382,28,2100),(383,30,2101),(384,30,2102),(385,30,2103),(386,30,2104),(387,31,2105),(388,31,2106),(389,31,2107),(390,33,2108),(391,33,2109),(392,33,2110),(393,34,2111),(394,34,2112),(395,34,2113),(396,34,2114),(397,34,2115),(398,36,2116),(399,36,2117),(400,36,2118),(401,36,2119),(402,37,2120),(403,37,2121),(404,37,2122),(405,39,2123),(406,39,2124),(407,39,2125),(408,39,2126),(409,39,2127),(410,40,2128),(411,40,2129),(412,40,2130),(413,40,2131),(414,41,2132),(415,41,2133),(416,41,2134),(417,41,2135),(418,43,2136),(419,43,2137),(420,43,2138),(421,43,2139),(422,43,2140),(423,44,2141),(424,44,2142),(425,44,2143),(426,44,2144),(427,46,2145),(428,46,2146),(429,46,2147),(430,46,2148),(431,47,2149),(432,47,2150),(433,47,2151),(434,47,2152),(435,62,2153),(436,62,2154),(438,62,2155),(439,62,2156),(440,60,2157),(441,60,2158),(442,60,2159),(443,60,2160),(444,61,2161),(445,61,2162),(446,61,2163),(447,61,2164),(448,61,2165),(449,58,2166),(450,58,2167),(451,58,2168),(452,58,2169),(453,65,2170),(454,65,2171),(455,65,2172),(456,65,2173),(457,46,2174);

--
-- Temporary view structure for view `tty`
--

/*!50001 DROP VIEW IF EXISTS `tty`*/;
/*!50001 CREATE VIEW `tty` AS SELECT 
 1 AS `fname`,
 1 AS `tname`,
 1 AS `idno`,
 1 AS `phone1`,
 1 AS `memberno`,
 1 AS `transactiontypename`,
 1 AS `transactionamount`,
 1 AS `dated`*/;

--
-- Temporary view structure for view `tty2`
--

/*!50001 DROP VIEW IF EXISTS `tty2`*/;
/*!50001 CREATE VIEW `tty2` AS SELECT 
 1 AS `fname`,
 1 AS `tname`,
 1 AS `idno`,
 1 AS `phone1`,
 1 AS `memberno`,
 1 AS `transactiontypename`,
 1 AS `transactionamount`,
 1 AS `dated`*/;

--
-- Temporary view structure for view `tty3`
--

/*!50001 DROP VIEW IF EXISTS `tty3`*/;
/*!50001 CREATE VIEW `tty3` AS SELECT 
 1 AS `fname`,
 1 AS `tname`,
 1 AS `idno`,
 1 AS `phone1`,
 1 AS `memberno`,
 1 AS `transactiontypename`,
 1 AS `transactionamount`,
 1 AS `dated`*/;

--
-- Table structure for table `txt`
--

CREATE TABLE `txt` (
  `txtid` int NOT NULL AUTO_INCREMENT,
  `name` varchar(100) DEFAULT NULL,
  PRIMARY KEY (`txtid`)
) ENGINE=InnoDB AUTO_INCREMENT=10 DEFAULT CHARSET=utf8mb4 COLLATE=utf8mb4_0900_ai_ci;

--
-- Dumping data for table `txt`
--

INSERT INTO `txt` VALUES (1,'MIKE'),(2,'MIKE'),(3,'JOE'),(4,'JOE'),(5,'JOE'),(6,'LIZ'),(7,'KEN'),(8,'LIZ'),(9,'KEN');

--
-- Table structure for table `v`
--

CREATE TABLE `v` (
  `s` varchar(100) DEFAULT NULL,
  `tt` int DEFAULT NULL
) ENGINE=MyISAM DEFAULT CHARSET=latin1;

--
-- Dumping data for table `v`
--


--
-- Table structure for table `vehicle`
--

CREATE TABLE `vehicle` (
  `vehicleid` int NOT NULL AUTO_INCREMENT,
  `regno` varchar(20) DEFAULT NULL,
  `description` varchar(50) DEFAULT NULL,
  PRIMARY KEY (`vehicleid`)
) ENGINE=InnoDB AUTO_INCREMENT=68 DEFAULT CHARSET=latin1;

--
-- Dumping data for table `vehicle`
--

INSERT INTO `vehicle` VALUES (1,'KAQ 198F','14 SEATER SHARK'),(2,'KAQ 314S','14 SEATER SHARK'),(3,'KAR 084T','14 SEATER SHARK'),(4,'KAS 487R','14 SEATER SHARK'),(5,'KAT 174G','14 SEATER SHARK'),(6,'KAT 969U','14 SEATER SHARK'),(7,'KAV 027V','14 SEATER BOX'),(8,'KAX 716J','14 SEATER SHARK'),(9,'KAY 449Z','14 SEATER SHARK'),(10,'KAY 904H','14 SEATER SHARK'),(11,'KAY 954S','14 SEATER SHARK'),(12,'KAZ 182K','14 SEATER SHARK'),(13,'KAZ 963Z','14 SEATER SHARK'),(14,'KBA 935Y','14 SEATER SHARK'),(15,'KBB 133L','14 SEATER SHARK'),(16,'KBB 344R','14 SEATER SHARK'),(17,'KBB 681R','14 SEATER SHARK'),(18,'KBD 029D','14 SEATER SHARK'),(19,'KBD 827N','14 SEATER SHARK'),(20,'KBE 409H','14 SEATER SHARK'),(21,'KBE 871M','14 SEATER SHARK'),(22,'KBF 908N','14 SEATER SHARK'),(23,'KBH 642X','14 SEATER SHARK'),(24,'KBH 768T','14 SEATER SHARK'),(25,'KBJ 802M','14 SEATER SHARK'),(26,'KBK 112V','14 SEATER SHARK'),(27,'KBK 408C','14 SEATER SHARK'),(28,'KBK 607Y','14 SEATER SHARK'),(29,'KBN 135P','14 SEATER SHARK'),(30,'KBL 029N','14 SEATER SHARK'),(31,'KBU 302G','14 SEATER BOX'),(32,'KBV 639X','14 SEATER BOX'),(33,'KBY 025F','14 SEATER BOX'),(34,'KCB 046F','14 SEATER BOX'),(35,'KCB 253U','14 SEATER BOX'),(36,'KCC 929S','14 SEATER BOX'),(37,'KCE 918H','14 SEATER BOX'),(38,'KCN 468N','14 SEATER BOX'),(39,'KCU 118Q','14 SEATER BOX'),(40,'KCV 223M','14 SEATER BOX'),(41,'KBX 690N','14 SEATER BOX'),(42,'KAU 873L','14 SEATER SHARK'),(43,'KBB 617R','14 SEATER SHARK'),(44,'KCD 145L','14 SEATER BOX'),(45,'KCH 287W','11 SEATER VANNET'),(46,'KCB 245X','14 SEATER BOX'),(47,'KBK 566C','14 SEATER SHARK'),(48,'KCL 925U','11 SEATER VANNET'),(49,'KCT 249R','10 SEATER TOWNACE'),(50,'KCG 858X','10 SEATER TOWNACE'),(51,'KCU 474Z','10 SEATER TOWNACE'),(52,'KAU 447W','14 SEATER SHARK'),(53,'KBN 472S','14 SEATER BOX'),(54,'KBV 347L','14 SEATER BOX'),(55,'KAX 833X','14 SEATER SHARK'),(56,'KAS 597E','14 SEATER SHARK'),(57,'KAS 215M','14 SEATER SHARK'),(58,'KBK 661F','14 SEATER SHARK'),(59,'KDC 987P','14 SEATER BOX'),(60,'KBW 476T','14 SEATER BOX'),(61,'KBK 867C','14 SEATER BOX'),(62,'KAV 919R','14 SEATER SHARK'),(63,'KAV 941D','14 SEATER SHARK'),(64,'X','14 SEATER BOX'),(65,'KCG 583K','14 SEATER BOX'),(66,'KAS 271Y','14 SEATER SHARK'),(67,'KAU 279Q','14 SEATER SHARK');

--
-- Temporary view structure for view `viewallaccounts`
--

/*!50001 DROP VIEW IF EXISTS `viewallaccounts`*/;
/*!50001 CREATE VIEW `viewallaccounts` AS SELECT 
 1 AS `username`,
 1 AS `transactiontypename`,
 1 AS `depositname`,
 1 AS `depositaccount`,
 1 AS `transactionamount`,
 1 AS `dated`*/;

--
-- Temporary view structure for view `viewbanking1`
--

/*!50001 DROP VIEW IF EXISTS `viewbanking1`*/;
/*!50001 CREATE VIEW `viewbanking1` AS SELECT 
 1 AS `username`,
 1 AS `bankaccountnumber`,
 1 AS `expenseoption`,
 1 AS `transactiontypename`,
 1 AS `transactionamount`,
 1 AS `dated`*/;

--
-- Temporary view structure for view `viewbanking2`
--

/*!50001 DROP VIEW IF EXISTS `viewbanking2`*/;
/*!50001 CREATE VIEW `viewbanking2` AS SELECT 
 1 AS `username`,
 1 AS `bankaccountnumber`,
 1 AS `collectionone`,
 1 AS `collectiontwo`,
 1 AS `collectionthree`,
 1 AS `depositone`,
 1 AS `deposittwo`,
 1 AS `expenses`*/;

--
-- Temporary view structure for view `viewdata`
--

/*!50001 DROP VIEW IF EXISTS `viewdata`*/;
/*!50001 CREATE VIEW `viewdata` AS SELECT 
 1 AS `id`,
 1 AS `tel`,
 1 AS `dated`,
 1 AS `amount`*/;

--
-- Temporary view structure for view `viewfinegeneration`
--

/*!50001 DROP VIEW IF EXISTS `viewfinegeneration`*/;
/*!50001 CREATE VIEW `viewfinegeneration` AS SELECT 
 1 AS `fname`,
 1 AS `sname`,
 1 AS `tname`,
 1 AS `idno`,
 1 AS `phone1`,
 1 AS `memberno`,
 1 AS `transactionamount`,
 1 AS `minimumamount`,
 1 AS `fineamount`,
 1 AS `fine`,
 1 AS `weekdate`,
 1 AS `latestpayment`*/;

--
-- Temporary view structure for view `viewloanpaymentschedule`
--

/*!50001 DROP VIEW IF EXISTS `viewloanpaymentschedule`*/;
/*!50001 CREATE VIEW `viewloanpaymentschedule` AS SELECT 
 1 AS `repaymentscheduleid`,
 1 AS `loanamount`,
 1 AS `loanduration`,
 1 AS `interestamount`,
 1 AS `principalamount`,
 1 AS `total`,
 1 AS `status`,
 1 AS `startmonthdate`,
 1 AS `endmonthdate`,
 1 AS `fine`,
 1 AS `interest`,
 1 AS `principal`,
 1 AS `accountnumber`,
 1 AS `loanname`*/;

--
-- Temporary view structure for view `viewloanpaymenttotals`
--

/*!50001 DROP VIEW IF EXISTS `viewloanpaymenttotals`*/;
/*!50001 CREATE VIEW `viewloanpaymenttotals` AS SELECT 
 1 AS `repaymentscheduleid`,
 1 AS `loanid`,
 1 AS `loanamount`,
 1 AS `loanduration`,
 1 AS `interestamount`,
 1 AS `principalamount`,
 1 AS `total`,
 1 AS `status`,
 1 AS `startmonthdate`,
 1 AS `endmonthdate`,
 1 AS `fine`,
 1 AS `interest`,
 1 AS `principal`,
 1 AS `accountnumber`,
 1 AS `loanname`,
 1 AS `applicationstatus`,
 1 AS `loanapplicationid`*/;

--
-- Temporary view structure for view `viewmoneyinmoneyout1`
--

/*!50001 DROP VIEW IF EXISTS `viewmoneyinmoneyout1`*/;
/*!50001 CREATE VIEW `viewmoneyinmoneyout1` AS SELECT 
 1 AS `transactionid`,
 1 AS `transactioncostid`,
 1 AS `accountnumberid`,
 1 AS `moneyin`,
 1 AS `moneyout`,
 1 AS `transactioncharges`,
 1 AS `dated`,
 1 AS `transactionstatus`,
 1 AS `userrightsid`*/;

--
-- Temporary view structure for view `viewmoneyinmoneyout2`
--

/*!50001 DROP VIEW IF EXISTS `viewmoneyinmoneyout2`*/;
/*!50001 CREATE VIEW `viewmoneyinmoneyout2` AS SELECT 
 1 AS `transactionid`,
 1 AS `transactioncostid`,
 1 AS `accountnumberid`,
 1 AS `moneyin`,
 1 AS `moneyout`,
 1 AS `transactioncharges`,
 1 AS `dated`,
 1 AS `transactionstatus`,
 1 AS `userrightsid`*/;

--
-- Temporary view structure for view `viewpersonvehicle`
--

/*!50001 DROP VIEW IF EXISTS `viewpersonvehicle`*/;
/*!50001 CREATE VIEW `viewpersonvehicle` AS SELECT 
 1 AS `personid`,
 1 AS `vehicleid`,
 1 AS `idno`,
 1 AS `regno`,
 1 AS `status`*/;

--
-- Final view structure for view `allrows`
--

/*!50001 DROP VIEW IF EXISTS `allrows`*/;
/*!50001 CREATE ALGORITHM=UNDEFINED */
/*!50013 DEFINER=`root`@`localhost` SQL SECURITY DEFINER */
/*!50001 VIEW `allrows` AS select `row01`.`loanapplicationid` AS `loanapplicationid`,`row01`.`transactiontypename` AS `transactiontypename`,`row01`.`accountnumberid` AS `accountnumberid`,`row01`.`accountnumber` AS `accountnumber`,`row01`.`loanduration` AS `loanduration`,`row01`.`loanbalbd` AS `loanbalbd`,`row01`.`paid` AS `paid`,`row01`.`generatedinterest` AS `generatedinterest`,`row01`.`paidinterest` AS `paidinterest`,`row01`.`interestbalance` AS `interestbalance`,`row01`.`loanbalance` AS `loanbalance`,`row01`.`defaultstatus` AS `defaultstatus`,`row01`.`emi` AS `emi`,`row01`.`rownum` AS `rownum`,`row01`.`dated` AS `dated` from `row01` union all select `row02`.`loanapplicationid` AS `loanapplicationid`,`row02`.`transactiontypename` AS `transactiontypename`,`row02`.`accountnumberid` AS `accountnumberid`,`row02`.`accountnumber` AS `accountnumber`,`row02`.`loanduration` AS `loanduration`,`row02`.`loanbalance1` AS `loanbalance1`,`row02`.`paid` AS `paid`,`row02`.`generatedinterest` AS `generatedinterest`,`row02`.`paidinterest` AS `paidinterest`,`row02`.`interestbalance` AS `interestbalance`,`row02`.`loanbalance` AS `loanbalance`,`row02`.`defaultstatus` AS `defaultstatus`,`row02`.`emi` AS `emi`,`row02`.`rownum` AS `rownum`,`row02`.`dated` AS `dated` from `row02` union all select `row03`.`loanapplicationid` AS `loanapplicationid`,`row03`.`transactiontypename` AS `transactiontypename`,`row03`.`accountnumberid` AS `accountnumberid`,`row03`.`accountnumber` AS `accountnumber`,`row03`.`loanduration` AS `loanduration`,`row03`.`loanbalance2` AS `loanbalance2`,`row03`.`paid` AS `paid`,`row03`.`generatedinterest` AS `generatedinterest`,`row03`.`paidinterest` AS `paidinterest`,`row03`.`interestbalance` AS `interestbalance`,`row03`.`loanbalance` AS `loanbalance`,`row03`.`defaultstatus` AS `defaultstatus`,`row03`.`emi` AS `emi`,`row03`.`rownum` AS `rownum`,`row03`.`dated` AS `dated` from `row03` union all select `row04`.`loanapplicationid` AS `loanapplicationid`,`row04`.`transactiontypename` AS `transactiontypename`,`row04`.`accountnumberid` AS `accountnumberid`,`row04`.`accountnumber` AS `accountnumber`,`row04`.`loanduration` AS `loanduration`,`row04`.`loanbalance3` AS `loanbalance3`,`row04`.`paid` AS `paid`,`row04`.`generatedinterest` AS `generatedinterest`,`row04`.`paidinterest` AS `paidinterest`,`row04`.`interestbalance` AS `interestbalance`,`row04`.`loanbalance` AS `loanbalance`,`row04`.`defaultstatus` AS `defaultstatus`,`row04`.`emi` AS `emi`,`row04`.`rownum` AS `rownum`,`row04`.`dated` AS `dated` from `row04` union all select `row05`.`loanapplicationid` AS `loanapplicationid`,`row05`.`transactiontypename` AS `transactiontypename`,`row05`.`accountnumberid` AS `accountnumberid`,`row05`.`accountnumber` AS `accountnumber`,`row05`.`loanduration` AS `loanduration`,`row05`.`loanbalance4` AS `loanbalance4`,`row05`.`paid` AS `paid`,`row05`.`generatedinterest` AS `generatedinterest`,`row05`.`paidinterest` AS `paidinterest`,`row05`.`interestbalance` AS `interestbalance`,`row05`.`loanbalance` AS `loanbalance`,`row05`.`defaultstatus` AS `defaultstatus`,`row05`.`emi` AS `emi`,`row05`.`rownum` AS `rownum`,`row05`.`dated` AS `dated` from `row05` union all select `row06`.`loanapplicationid` AS `loanapplicationid`,`row06`.`transactiontypename` AS `transactiontypename`,`row06`.`accountnumberid` AS `accountnumberid`,`row06`.`accountnumber` AS `accountnumber`,`row06`.`loanduration` AS `loanduration`,`row06`.`loanbalance5` AS `loanbalance5`,`row06`.`paid` AS `paid`,`row06`.`generatedinterest` AS `generatedinterest`,`row06`.`paidinterest` AS `paidinterest`,`row06`.`interestbalance` AS `interestbalance`,`row06`.`loanbalance` AS `loanbalance`,`row06`.`defaultstatus` AS `defaultstatus`,`row06`.`emi` AS `emi`,`row06`.`rownum` AS `rownum`,`row06`.`dated` AS `dated` from `row06` union all select `row07`.`loanapplicationid` AS `loanapplicationid`,`row07`.`transactiontypename` AS `transactiontypename`,`row07`.`accountnumberid` AS `accountnumberid`,`row07`.`accountnumber` AS `accountnumber`,`row07`.`loanduration` AS `loanduration`,`row07`.`loanbalance6` AS `loanbalance6`,`row07`.`paid` AS `paid`,`row07`.`generatedinterest` AS `generatedinterest`,`row07`.`paidinterest` AS `paidinterest`,`row07`.`interestbalance` AS `interestbalance`,`row07`.`loanbalance` AS `loanbalance`,`row07`.`defaultstatus` AS `defaultstatus`,`row07`.`emi` AS `emi`,`row07`.`rownum` AS `rownum`,`row07`.`dated` AS `dated` from `row07` union all select `row08`.`loanapplicationid` AS `loanapplicationid`,`row08`.`transactiontypename` AS `transactiontypename`,`row08`.`accountnumberid` AS `accountnumberid`,`row08`.`accountnumber` AS `accountnumber`,`row08`.`loanduration` AS `loanduration`,`row08`.`loanbalance7` AS `loanbalance7`,`row08`.`paid` AS `paid`,`row08`.`generatedinterest` AS `generatedinterest`,`row08`.`paidinterest` AS `paidinterest`,`row08`.`interestbalance` AS `interestbalance`,`row08`.`loanbalance` AS `loanbalance`,`row08`.`defaultstatus` AS `defaultstatus`,`row08`.`emi` AS `emi`,`row08`.`rownum` AS `rownum`,`row08`.`dated` AS `dated` from `row08` union all select `row09`.`loanapplicationid` AS `loanapplicationid`,`row09`.`transactiontypename` AS `transactiontypename`,`row09`.`accountnumberid` AS `accountnumberid`,`row09`.`accountnumber` AS `accountnumber`,`row09`.`loanduration` AS `loanduration`,`row09`.`loanbalance8` AS `loanbalance8`,`row09`.`paid` AS `paid`,`row09`.`generatedinterest` AS `generatedinterest`,`row09`.`paidinterest` AS `paidinterest`,`row09`.`interestbalance` AS `interestbalance`,`row09`.`loanbalance` AS `loanbalance`,`row09`.`defaultstatus` AS `defaultstatus`,`row09`.`emi` AS `emi`,`row09`.`rownum` AS `rownum`,`row09`.`dated` AS `dated` from `row09` union all select `row10`.`loanapplicationid` AS `loanapplicationid`,`row10`.`transactiontypename` AS `transactiontypename`,`row10`.`accountnumberid` AS `accountnumberid`,`row10`.`accountnumber` AS `accountnumber`,`row10`.`loanduration` AS `loanduration`,`row10`.`loanbalance9` AS `loanbalance9`,`row10`.`paid` AS `paid`,`row10`.`generatedinterest` AS `generatedinterest`,`row10`.`paidinterest` AS `paidinterest`,`row10`.`interestbalance` AS `interestbalance`,`row10`.`loanbalance` AS `loanbalance`,`row10`.`defaultstatus` AS `defaultstatus`,`row10`.`emi` AS `emi`,`row10`.`rownum` AS `rownum`,`row10`.`dated` AS `dated` from `row10` union all select `row11`.`loanapplicationid` AS `loanapplicationid`,`row11`.`transactiontypename` AS `transactiontypename`,`row11`.`accountnumberid` AS `accountnumberid`,`row11`.`accountnumber` AS `accountnumber`,`row11`.`loanduration` AS `loanduration`,`row11`.`loanbalance10` AS `loanbalance10`,`row11`.`paid` AS `paid`,`row11`.`generatedinterest` AS `generatedinterest`,`row11`.`paidinterest` AS `paidinterest`,`row11`.`interestbalance` AS `interestbalance`,`row11`.`loanbalance` AS `loanbalance`,`row11`.`defaultstatus` AS `defaultstatus`,`row11`.`emi` AS `emi`,`row11`.`rownum` AS `rownum`,`row11`.`dated` AS `dated` from `row11` union all select `row12`.`loanapplicationid` AS `loanapplicationid`,`row12`.`transactiontypename` AS `transactiontypename`,`row12`.`accountnumberid` AS `accountnumberid`,`row12`.`accountnumber` AS `accountnumber`,`row12`.`loanduration` AS `loanduration`,`row12`.`loanbalance11` AS `loanbalance11`,`row12`.`paid` AS `paid`,`row12`.`generatedinterest` AS `generatedinterest`,`row12`.`paidinterest` AS `paidinterest`,`row12`.`interestbalance` AS `interestbalance`,`row12`.`loanbalance` AS `loanbalance`,`row12`.`defaultstatus` AS `defaultstatus`,`row12`.`emi` AS `emi`,`row12`.`rownum` AS `rownum`,`row12`.`dated` AS `dated` from `row12` union all select `row13`.`loanapplicationid` AS `loanapplicationid`,`row13`.`transactiontypename` AS `transactiontypename`,`row13`.`accountnumberid` AS `accountnumberid`,`row13`.`accountnumber` AS `accountnumber`,`row13`.`loanduration` AS `loanduration`,`row13`.`loanbalance12` AS `loanbalance12`,`row13`.`paid` AS `paid`,`row13`.`generatedinterest` AS `generatedinterest`,`row13`.`paidinterest` AS `paidinterest`,`row13`.`interestbalance` AS `interestbalance`,`row13`.`loanbalance` AS `loanbalance`,`row13`.`defaultstatus` AS `defaultstatus`,`row13`.`emi` AS `emi`,`row13`.`rownum` AS `rownum`,`row13`.`dated` AS `dated` from `row13` union all select `row14`.`loanapplicationid` AS `loanapplicationid`,`row14`.`transactiontypename` AS `transactiontypename`,`row14`.`accountnumberid` AS `accountnumberid`,`row14`.`accountnumber` AS `accountnumber`,`row14`.`loanduration` AS `loanduration`,`row14`.`loanbalance13` AS `loanbalance13`,`row14`.`paid` AS `paid`,`row14`.`generatedinterest` AS `generatedinterest`,`row14`.`paidinterest` AS `paidinterest`,`row14`.`interestbalance` AS `interestbalance`,`row14`.`loanbalance` AS `loanbalance`,`row14`.`defaultstatus` AS `defaultstatus`,`row14`.`emi` AS `emi`,`row14`.`rownum` AS `rownum`,`row14`.`dated` AS `dated` from `row14` union all select `row15`.`loanapplicationid` AS `loanapplicationid`,`row15`.`transactiontypename` AS `transactiontypename`,`row15`.`accountnumberid` AS `accountnumberid`,`row15`.`accountnumber` AS `accountnumber`,`row15`.`loanduration` AS `loanduration`,`row15`.`loanbalance14` AS `loanbalance14`,`row15`.`paid` AS `paid`,`row15`.`generatedinterest` AS `generatedinterest`,`row15`.`paidinterest` AS `paidinterest`,`row15`.`interestbalance` AS `interestbalance`,`row15`.`loanbalance` AS `loanbalance`,`row15`.`defaultstatus` AS `defaultstatus`,`row15`.`emi` AS `emi`,`row15`.`rownum` AS `rownum`,`row15`.`dated` AS `dated` from `row15` union all select `row16`.`loanapplicationid` AS `loanapplicationid`,`row16`.`transactiontypename` AS `transactiontypename`,`row16`.`accountnumberid` AS `accountnumberid`,`row16`.`accountnumber` AS `accountnumber`,`row16`.`loanduration` AS `loanduration`,`row16`.`loanbalance15` AS `loanbalance15`,`row16`.`paid` AS `paid`,`row16`.`generatedinterest` AS `generatedinterest`,`row16`.`paidinterest` AS `paidinterest`,`row16`.`interestbalance` AS `interestbalance`,`row16`.`loanbalance` AS `loanbalance`,`row16`.`defaultstatus` AS `defaultstatus`,`row16`.`emi` AS `emi`,`row16`.`rownum` AS `rownum`,`row16`.`dated` AS `dated` from `row16` union all select `row17`.`loanapplicationid` AS `loanapplicationid`,`row17`.`transactiontypename` AS `transactiontypename`,`row17`.`accountnumberid` AS `accountnumberid`,`row17`.`accountnumber` AS `accountnumber`,`row17`.`loanduration` AS `loanduration`,`row17`.`loanbalance16` AS `loanbalance16`,`row17`.`paid` AS `paid`,`row17`.`generatedinterest` AS `generatedinterest`,`row17`.`paidinterest` AS `paidinterest`,`row17`.`interestbalance` AS `interestbalance`,`row17`.`loanbalance` AS `loanbalance`,`row17`.`defaultstatus` AS `defaultstatus`,`row17`.`emi` AS `emi`,`row17`.`rownum` AS `rownum`,`row17`.`dated` AS `dated` from `row17` union all select `row18`.`loanapplicationid` AS `loanapplicationid`,`row18`.`transactiontypename` AS `transactiontypename`,`row18`.`accountnumberid` AS `accountnumberid`,`row18`.`accountnumber` AS `accountnumber`,`row18`.`loanduration` AS `loanduration`,`row18`.`loanbalance17` AS `loanbalance17`,`row18`.`paid` AS `paid`,`row18`.`generatedinterest` AS `generatedinterest`,`row18`.`paidinterest` AS `paidinterest`,`row18`.`interestbalance` AS `interestbalance`,`row18`.`loanbalance` AS `loanbalance`,`row18`.`defaultstatus` AS `defaultstatus`,`row18`.`emi` AS `emi`,`row18`.`rownum` AS `rownum`,`row18`.`dated` AS `dated` from `row18` union all select `row19`.`loanapplicationid` AS `loanapplicationid`,`row19`.`transactiontypename` AS `transactiontypename`,`row19`.`accountnumberid` AS `accountnumberid`,`row19`.`accountnumber` AS `accountnumber`,`row19`.`loanduration` AS `loanduration`,`row19`.`loanbalance18` AS `loanbalance18`,`row19`.`paid` AS `paid`,`row19`.`generatedinterest` AS `generatedinterest`,`row19`.`paidinterest` AS `paidinterest`,`row19`.`interestbalance` AS `interestbalance`,`row19`.`loanbalance` AS `loanbalance`,`row19`.`defaultstatus` AS `defaultstatus`,`row19`.`emi` AS `emi`,`row19`.`rownum` AS `rownum`,`row19`.`dated` AS `dated` from `row19` union all select `row20`.`loanapplicationid` AS `loanapplicationid`,`row20`.`transactiontypename` AS `transactiontypename`,`row20`.`accountnumberid` AS `accountnumberid`,`row20`.`accountnumber` AS `accountnumber`,`row20`.`loanduration` AS `loanduration`,`row20`.`loanbalance19` AS `loanbalance19`,`row20`.`paid` AS `paid`,`row20`.`generatedinterest` AS `generatedinterest`,`row20`.`paidinterest` AS `paidinterest`,`row20`.`interestbalance` AS `interestbalance`,`row20`.`loanbalance` AS `loanbalance`,`row20`.`defaultstatus` AS `defaultstatus`,`row20`.`emi` AS `emi`,`row20`.`rownum` AS `rownum`,`row20`.`dated` AS `dated` from `row20` union all select `row21`.`loanapplicationid` AS `loanapplicationid`,`row21`.`transactiontypename` AS `transactiontypename`,`row21`.`accountnumberid` AS `accountnumberid`,`row21`.`accountnumber` AS `accountnumber`,`row21`.`loanduration` AS `loanduration`,`row21`.`loanbalance20` AS `loanbalance20`,`row21`.`paid` AS `paid`,`row21`.`generatedinterest` AS `generatedinterest`,`row21`.`paidinterest` AS `paidinterest`,`row21`.`interestbalance` AS `interestbalance`,`row21`.`loanbalance` AS `loanbalance`,`row21`.`defaultstatus` AS `defaultstatus`,`row21`.`emi` AS `emi`,`row21`.`rownum` AS `rownum`,`row21`.`dated` AS `dated` from `row21` union all select `row22`.`loanapplicationid` AS `loanapplicationid`,`row22`.`transactiontypename` AS `transactiontypename`,`row22`.`accountnumberid` AS `accountnumberid`,`row22`.`accountnumber` AS `accountnumber`,`row22`.`loanduration` AS `loanduration`,`row22`.`loanbalance21` AS `loanbalance21`,`row22`.`paid` AS `paid`,`row22`.`generatedinterest` AS `generatedinterest`,`row22`.`paidinterest` AS `paidinterest`,`row22`.`interestbalance` AS `interestbalance`,`row22`.`loanbalance` AS `loanbalance`,`row22`.`defaultstatus` AS `defaultstatus`,`row22`.`emi` AS `emi`,`row22`.`rownum` AS `rownum`,`row22`.`dated` AS `dated` from `row22` union all select `row23`.`loanapplicationid` AS `loanapplicationid`,`row23`.`transactiontypename` AS `transactiontypename`,`row23`.`accountnumberid` AS `accountnumberid`,`row23`.`accountnumber` AS `accountnumber`,`row23`.`loanduration` AS `loanduration`,`row23`.`loanbalance22` AS `loanbalance22`,`row23`.`paid` AS `paid`,`row23`.`generatedinterest` AS `generatedinterest`,`row23`.`paidinterest` AS `paidinterest`,`row23`.`interestbalance` AS `interestbalance`,`row23`.`loanbalance` AS `loanbalance`,`row23`.`defaultstatus` AS `defaultstatus`,`row23`.`emi` AS `emi`,`row23`.`rownum` AS `rownum`,`row23`.`dated` AS `dated` from `row23` union all select `row24`.`loanapplicationid` AS `loanapplicationid`,`row24`.`transactiontypename` AS `transactiontypename`,`row24`.`accountnumberid` AS `accountnumberid`,`row24`.`accountnumber` AS `accountnumber`,`row24`.`loanduration` AS `loanduration`,`row24`.`loanbalance23` AS `loanbalance23`,`row24`.`paid` AS `paid`,`row24`.`generatedinterest` AS `generatedinterest`,`row24`.`paidinterest` AS `paidinterest`,`row24`.`interestbalance` AS `interestbalance`,`row24`.`loanbalance` AS `loanbalance`,`row24`.`defaultstatus` AS `defaultstatus`,`row24`.`emi` AS `emi`,`row24`.`rownum` AS `rownum`,`row24`.`dated` AS `dated` from `row24` */;

--
-- Final view structure for view `row0`
--

/*!50001 DROP VIEW IF EXISTS `row0`*/;
/*!50001 CREATE ALGORITHM=UNDEFINED */
/*!50013 DEFINER=`root`@`localhost` SQL SECURITY DEFINER */
/*!50001 VIEW `row0` AS select `la`.`loanapplicationid` AS `loanapplicationid`,`tt`.`transactiontypename` AS `transactiontypename`,`accn`.`accountnumberid` AS `accountnumberid`,`accn`.`accountnumber` AS `accountnumber`,`rt`.`ratevalue` AS `ratevalue`,(`rt`.`ratevalue` / 12) AS `monthlyrate`,`la`.`applicationdate` AS `applicationdate`,`la`.`loanduration` AS `loanduration`,`la`.`commencedate` AS `commencedate`,`lt`.`loanname` AS `loanname`,sum((case when (`tt`.`transactiontypename` = 'LOAN') then `t`.`transactionamount` else 0 end)) AS `loan`,sum((case when (`tt`.`transactiontypename` = 'PAY LOAN IN CASH') then `t`.`transactionamount` else 0 end)) AS `paid`,`t`.`dated` AS `dated`,ceiling((((`la`.`loanamount` * (`rt`.`ratevalue` / 12)) * pow((1 + (`rt`.`ratevalue` / 12)),`la`.`loanduration`)) / (pow((1 + (`rt`.`ratevalue` / 12)),`la`.`loanduration`) - 1))) AS `emi`,row_number() OVER (PARTITION BY `la`.`loanapplicationid` ORDER BY `t`.`dated` )  AS `rownum` from ((((((((`transactiontype` `tt` join `accountnumber` `accn`) join `transactioncost` `tc`) join `transaction` `t`) join `loanapplicationtransaction` `lat`) join `loanapplication` `la`) join `loandetails` `ld`) join `rates` `rt`) join `loantype` `lt`) where ((`tt`.`transactiontypeid` = `tc`.`transactiontypeid`) and (`tc`.`transactioncostid` = `t`.`transactioncostid`) and (`accn`.`accountnumberid` = `t`.`accountnumberid`) and (`la`.`loanapplicationid` = `lat`.`loanapplicationid`) and (`t`.`transactionid` = `lat`.`transactionid`) and (`ld`.`loandetailsid` = `la`.`loandetailsid`) and (`ld`.`ratesid` = `rt`.`ratesid`) and (`rt`.`loantypeid` = `lt`.`loantypeid`) and (`tt`.`transactiontypename` in ('LOAN','PAY LOAN IN CASH'))) group by `la`.`loanapplicationid`,`accn`.`accountnumber`,month(`t`.`dated`),year(`t`.`dated`) order by month(`t`.`dated`),year(`t`.`dated`) */;

--
-- Final view structure for view `row01`
--

/*!50001 DROP VIEW IF EXISTS `row01`*/;
/*!50001 CREATE ALGORITHM=UNDEFINED */
/*!50013 DEFINER=`root`@`localhost` SQL SECURITY DEFINER */
/*!50001 VIEW `row01` AS select `row0`.`loanapplicationid` AS `loanapplicationid`,`row0`.`transactiontypename` AS `transactiontypename`,`row0`.`accountnumberid` AS `accountnumberid`,`row0`.`accountnumber` AS `accountnumber`,`row0`.`loanduration` AS `loanduration`,`row0`.`loan` AS `loanbalbd`,`row0`.`paid` AS `paid`,(`row0`.`monthlyrate` * `row0`.`loan`) AS `generatedinterest`,if((`row0`.`paid` <= (`row0`.`monthlyrate` * `row0`.`loan`)),`row0`.`paid`,(`row0`.`monthlyrate` * `row0`.`loan`)) AS `paidinterest`,if((`row0`.`paid` <= (`row0`.`monthlyrate` * `row0`.`loan`)),((`row0`.`monthlyrate` * `row0`.`loan`) - `row0`.`paid`),0) AS `interestbalance`,if((`row0`.`paid` <= (`row0`.`monthlyrate` * `row0`.`loan`)),`row0`.`loan`,((`row0`.`loan` + (`row0`.`monthlyrate` * `row0`.`loan`)) - `row0`.`paid`)) AS `loanbalance`,if(((`row0`.`paid` + (`row0`.`monthlyrate` * `row0`.`loan`)) < `row0`.`emi`),'defaulted','ok') AS `defaultstatus`,`row0`.`emi` AS `emi`,`row0`.`rownum` AS `rownum`,`row0`.`dated` AS `dated` from `row0` where (`row0`.`rownum` = 1) group by `row0`.`loanapplicationid`,`row0`.`accountnumber`,`row0`.`rownum` */;

--
-- Final view structure for view `row02`
--

/*!50001 DROP VIEW IF EXISTS `row02`*/;
/*!50001 CREATE ALGORITHM=UNDEFINED */
/*!50013 DEFINER=`root`@`localhost` SQL SECURITY DEFINER */
/*!50001 VIEW `row02` AS select `ad`.`loanapplicationid` AS `loanapplicationid`,`ad`.`transactiontypename` AS `transactiontypename`,`ad`.`accountnumberid` AS `accountnumberid`,`ad`.`accountnumber` AS `accountnumber`,`ad`.`loanduration` AS `loanduration`,`r1`.`loanbalance` AS `loanbalance1`,`ad`.`paid` AS `paid`,(`ad`.`monthlyrate` * `r1`.`loanbalance`) AS `generatedinterest`,if((`ad`.`paid` <= ((`ad`.`monthlyrate` * `r1`.`loanbalance`) + `r1`.`interestbalance`)),`ad`.`paid`,((`ad`.`monthlyrate` * `r1`.`loanbalance`) + `r1`.`interestbalance`)) AS `paidinterest`,if((`ad`.`paid` <= ((`ad`.`monthlyrate` * `r1`.`loanbalance`) + `r1`.`interestbalance`)),(((`ad`.`monthlyrate` * `r1`.`loanbalance`) + `r1`.`interestbalance`) - `ad`.`paid`),0) AS `interestbalance`,if((`ad`.`paid` <= ((`ad`.`monthlyrate` * `r1`.`loanbalance`) + `r1`.`interestbalance`)),`r1`.`loanbalance`,((`r1`.`loanbalance` + ((`ad`.`monthlyrate` * `r1`.`loanbalance`) + `r1`.`interestbalance`)) - `ad`.`paid`)) AS `loanbalance`,if((((`ad`.`paid` - (`ad`.`monthlyrate` * `r1`.`loanbalance`)) - `r1`.`interestbalance`) < `ad`.`emi`),'defaulted','ok') AS `defaultstatus`,`ad`.`emi` AS `emi`,`ad`.`rownum` AS `rownum`,`ad`.`dated` AS `dated` from (`row0` `ad` join `row01` `r1` on((`ad`.`loanapplicationid` = `r1`.`loanapplicationid`))) where (`ad`.`rownum` = 2) group by `ad`.`loanapplicationid`,`ad`.`accountnumber`,`ad`.`rownum` */;

--
-- Final view structure for view `row03`
--

/*!50001 DROP VIEW IF EXISTS `row03`*/;
/*!50001 CREATE ALGORITHM=UNDEFINED */
/*!50013 DEFINER=`root`@`localhost` SQL SECURITY DEFINER */
/*!50001 VIEW `row03` AS select `ad`.`loanapplicationid` AS `loanapplicationid`,`ad`.`transactiontypename` AS `transactiontypename`,`ad`.`accountnumberid` AS `accountnumberid`,`ad`.`accountnumber` AS `accountnumber`,`ad`.`loanduration` AS `loanduration`,`r2`.`loanbalance` AS `loanbalance2`,`ad`.`paid` AS `paid`,(`ad`.`monthlyrate` * `r2`.`loanbalance`) AS `generatedinterest`,if((`ad`.`paid` <= ((`ad`.`monthlyrate` * `r2`.`loanbalance`) + `r2`.`interestbalance`)),`ad`.`paid`,((`ad`.`monthlyrate` * `r2`.`loanbalance`) + `r2`.`interestbalance`)) AS `paidinterest`,if((`ad`.`paid` <= ((`ad`.`monthlyrate` * `r2`.`loanbalance`) + `r2`.`interestbalance`)),(((`ad`.`monthlyrate` * `r2`.`loanbalance`) + `r2`.`interestbalance`) - `ad`.`paid`),0) AS `interestbalance`,if((`ad`.`paid` <= ((`ad`.`monthlyrate` * `r2`.`loanbalance`) + `r2`.`interestbalance`)),`r2`.`loanbalance`,((`r2`.`loanbalance` + ((`ad`.`monthlyrate` * `r2`.`loanbalance`) + `r2`.`interestbalance`)) - `ad`.`paid`)) AS `loanbalance`,if((((`ad`.`paid` - (`ad`.`monthlyrate` * `r2`.`loanbalance`)) - `r2`.`interestbalance`) < `ad`.`emi`),'defaulted','ok') AS `defaultstatus`,`ad`.`emi` AS `emi`,`ad`.`rownum` AS `rownum`,`ad`.`dated` AS `dated` from (`row0` `ad` join `row02` `r2` on((`ad`.`loanapplicationid` = `r2`.`loanapplicationid`))) where (`ad`.`rownum` = 3) group by `ad`.`loanapplicationid`,`ad`.`accountnumber`,`ad`.`rownum` */;

--
-- Final view structure for view `row04`
--

/*!50001 DROP VIEW IF EXISTS `row04`*/;
/*!50001 CREATE ALGORITHM=UNDEFINED */
/*!50013 DEFINER=`root`@`localhost` SQL SECURITY DEFINER */
/*!50001 VIEW `row04` AS select `ad`.`loanapplicationid` AS `loanapplicationid`,`ad`.`transactiontypename` AS `transactiontypename`,`ad`.`accountnumberid` AS `accountnumberid`,`ad`.`accountnumber` AS `accountnumber`,`ad`.`loanduration` AS `loanduration`,`r3`.`loanbalance` AS `loanbalance3`,`ad`.`paid` AS `paid`,(`ad`.`monthlyrate` * `r3`.`loanbalance`) AS `generatedinterest`,if((`ad`.`paid` <= ((`ad`.`monthlyrate` * `r3`.`loanbalance`) + `r3`.`interestbalance`)),`ad`.`paid`,((`ad`.`monthlyrate` * `r3`.`loanbalance`) + `r3`.`interestbalance`)) AS `paidinterest`,if((`ad`.`paid` <= ((`ad`.`monthlyrate` * `r3`.`loanbalance`) + `r3`.`interestbalance`)),(((`ad`.`monthlyrate` * `r3`.`loanbalance`) + `r3`.`interestbalance`) - `ad`.`paid`),0) AS `interestbalance`,if((`ad`.`paid` <= ((`ad`.`monthlyrate` * `r3`.`loanbalance`) + `r3`.`interestbalance`)),`r3`.`loanbalance`,((`r3`.`loanbalance` + ((`ad`.`monthlyrate` * `r3`.`loanbalance`) + `r3`.`interestbalance`)) - `ad`.`paid`)) AS `loanbalance`,if((((`ad`.`paid` - (`ad`.`monthlyrate` * `r3`.`loanbalance`)) - `r3`.`interestbalance`) < `ad`.`emi`),'defaulted','ok') AS `defaultstatus`,`ad`.`emi` AS `emi`,`ad`.`rownum` AS `rownum`,`ad`.`dated` AS `dated` from (`row0` `ad` join `row03` `r3` on((`ad`.`loanapplicationid` = `r3`.`loanapplicationid`))) where (`ad`.`rownum` = 4) group by `ad`.`loanapplicationid`,`ad`.`accountnumber`,`ad`.`rownum` */;

--
-- Final view structure for view `row05`
--

/*!50001 DROP VIEW IF EXISTS `row05`*/;
/*!50001 CREATE ALGORITHM=UNDEFINED */
/*!50013 DEFINER=`root`@`localhost` SQL SECURITY DEFINER */
/*!50001 VIEW `row05` AS select `ad`.`loanapplicationid` AS `loanapplicationid`,`ad`.`transactiontypename` AS `transactiontypename`,`ad`.`accountnumberid` AS `accountnumberid`,`ad`.`accountnumber` AS `accountnumber`,`ad`.`loanduration` AS `loanduration`,`r4`.`loanbalance` AS `loanbalance4`,`ad`.`paid` AS `paid`,(`ad`.`monthlyrate` * `r4`.`loanbalance`) AS `generatedinterest`,if((`ad`.`paid` <= ((`ad`.`monthlyrate` * `r4`.`loanbalance`) + `r4`.`interestbalance`)),`ad`.`paid`,((`ad`.`monthlyrate` * `r4`.`loanbalance`) + `r4`.`interestbalance`)) AS `paidinterest`,if((`ad`.`paid` <= ((`ad`.`monthlyrate` * `r4`.`loanbalance`) + `r4`.`interestbalance`)),(((`ad`.`monthlyrate` * `r4`.`loanbalance`) + `r4`.`interestbalance`) - `ad`.`paid`),0) AS `interestbalance`,if((`ad`.`paid` <= ((`ad`.`monthlyrate` * `r4`.`loanbalance`) + `r4`.`interestbalance`)),`r4`.`loanbalance`,((`r4`.`loanbalance` + ((`ad`.`monthlyrate` * `r4`.`loanbalance`) + `r4`.`interestbalance`)) - `ad`.`paid`)) AS `loanbalance`,if((((`ad`.`paid` - (`ad`.`monthlyrate` * `r4`.`loanbalance`)) - `r4`.`interestbalance`) < `ad`.`emi`),'defaulted','ok') AS `defaultstatus`,`ad`.`emi` AS `emi`,`ad`.`rownum` AS `rownum`,`ad`.`dated` AS `dated` from (`row0` `ad` join `row04` `r4` on((`ad`.`loanapplicationid` = `r4`.`loanapplicationid`))) where (`ad`.`rownum` = 5) group by `ad`.`loanapplicationid`,`ad`.`accountnumber`,`ad`.`rownum` */;

--
-- Final view structure for view `row06`
--

/*!50001 DROP VIEW IF EXISTS `row06`*/;
/*!50001 CREATE ALGORITHM=UNDEFINED */
/*!50013 DEFINER=`root`@`localhost` SQL SECURITY DEFINER */
/*!50001 VIEW `row06` AS select `ad`.`loanapplicationid` AS `loanapplicationid`,`ad`.`transactiontypename` AS `transactiontypename`,`ad`.`accountnumberid` AS `accountnumberid`,`ad`.`accountnumber` AS `accountnumber`,`ad`.`loanduration` AS `loanduration`,`r5`.`loanbalance` AS `loanbalance5`,`ad`.`paid` AS `paid`,(`ad`.`monthlyrate` * `r5`.`loanbalance`) AS `generatedinterest`,if((`ad`.`paid` <= ((`ad`.`monthlyrate` * `r5`.`loanbalance`) + `r5`.`interestbalance`)),`ad`.`paid`,((`ad`.`monthlyrate` * `r5`.`loanbalance`) + `r5`.`interestbalance`)) AS `paidinterest`,if((`ad`.`paid` <= ((`ad`.`monthlyrate` * `r5`.`loanbalance`) + `r5`.`interestbalance`)),(((`ad`.`monthlyrate` * `r5`.`loanbalance`) + `r5`.`interestbalance`) - `ad`.`paid`),0) AS `interestbalance`,if((`ad`.`paid` <= ((`ad`.`monthlyrate` * `r5`.`loanbalance`) + `r5`.`interestbalance`)),`r5`.`loanbalance`,((`r5`.`loanbalance` + ((`ad`.`monthlyrate` * `r5`.`loanbalance`) + `r5`.`interestbalance`)) - `ad`.`paid`)) AS `loanbalance`,if((((`ad`.`paid` - (`ad`.`monthlyrate` * `r5`.`loanbalance`)) - `r5`.`interestbalance`) < `ad`.`emi`),'defaulted','ok') AS `defaultstatus`,`ad`.`emi` AS `emi`,`ad`.`rownum` AS `rownum`,`ad`.`dated` AS `dated` from (`row0` `ad` join `row05` `r5` on((`ad`.`loanapplicationid` = `r5`.`loanapplicationid`))) where (`ad`.`rownum` = 6) group by `ad`.`loanapplicationid`,`ad`.`accountnumber`,`ad`.`rownum` */;

--
-- Final view structure for view `row07`
--

/*!50001 DROP VIEW IF EXISTS `row07`*/;
/*!50001 CREATE ALGORITHM=UNDEFINED */
/*!50013 DEFINER=`root`@`localhost` SQL SECURITY DEFINER */
/*!50001 VIEW `row07` AS select `ad`.`loanapplicationid` AS `loanapplicationid`,`ad`.`transactiontypename` AS `transactiontypename`,`ad`.`accountnumberid` AS `accountnumberid`,`ad`.`accountnumber` AS `accountnumber`,`ad`.`loanduration` AS `loanduration`,`r6`.`loanbalance` AS `loanbalance6`,`ad`.`paid` AS `paid`,(`ad`.`monthlyrate` * `r6`.`loanbalance`) AS `generatedinterest`,if((`ad`.`paid` <= ((`ad`.`monthlyrate` * `r6`.`loanbalance`) + `r6`.`interestbalance`)),`ad`.`paid`,((`ad`.`monthlyrate` * `r6`.`loanbalance`) + `r6`.`interestbalance`)) AS `paidinterest`,if((`ad`.`paid` <= ((`ad`.`monthlyrate` * `r6`.`loanbalance`) + `r6`.`interestbalance`)),(((`ad`.`monthlyrate` * `r6`.`loanbalance`) + `r6`.`interestbalance`) - `ad`.`paid`),0) AS `interestbalance`,if((`ad`.`paid` <= ((`ad`.`monthlyrate` * `r6`.`loanbalance`) + `r6`.`interestbalance`)),`r6`.`loanbalance`,((`r6`.`loanbalance` + ((`ad`.`monthlyrate` * `r6`.`loanbalance`) + `r6`.`interestbalance`)) - `ad`.`paid`)) AS `loanbalance`,if((((`ad`.`paid` - (`ad`.`monthlyrate` * `r6`.`loanbalance`)) - `r6`.`interestbalance`) < `ad`.`emi`),'defaulted','ok') AS `defaultstatus`,`ad`.`emi` AS `emi`,`ad`.`rownum` AS `rownum`,`ad`.`dated` AS `dated` from (`row0` `ad` join `row06` `r6` on((`ad`.`loanapplicationid` = `r6`.`loanapplicationid`))) where (`ad`.`rownum` = 7) group by `ad`.`loanapplicationid`,`ad`.`accountnumber`,`ad`.`rownum` */;

--
-- Final view structure for view `row08`
--

/*!50001 DROP VIEW IF EXISTS `row08`*/;
/*!50001 CREATE ALGORITHM=UNDEFINED */
/*!50013 DEFINER=`root`@`localhost` SQL SECURITY DEFINER */
/*!50001 VIEW `row08` AS select `ad`.`loanapplicationid` AS `loanapplicationid`,`ad`.`transactiontypename` AS `transactiontypename`,`ad`.`accountnumberid` AS `accountnumberid`,`ad`.`accountnumber` AS `accountnumber`,`ad`.`loanduration` AS `loanduration`,`r7`.`loanbalance` AS `loanbalance7`,`ad`.`paid` AS `paid`,(`ad`.`monthlyrate` * `r7`.`loanbalance`) AS `generatedinterest`,if((`ad`.`paid` <= ((`ad`.`monthlyrate` * `r7`.`loanbalance`) + `r7`.`interestbalance`)),`ad`.`paid`,((`ad`.`monthlyrate` * `r7`.`loanbalance`) + `r7`.`interestbalance`)) AS `paidinterest`,if((`ad`.`paid` <= ((`ad`.`monthlyrate` * `r7`.`loanbalance`) + `r7`.`interestbalance`)),(((`ad`.`monthlyrate` * `r7`.`loanbalance`) + `r7`.`interestbalance`) - `ad`.`paid`),0) AS `interestbalance`,if((`ad`.`paid` <= ((`ad`.`monthlyrate` * `r7`.`loanbalance`) + `r7`.`interestbalance`)),`r7`.`loanbalance`,((`r7`.`loanbalance` + ((`ad`.`monthlyrate` * `r7`.`loanbalance`) + `r7`.`interestbalance`)) - `ad`.`paid`)) AS `loanbalance`,if((((`ad`.`paid` - (`ad`.`monthlyrate` * `r7`.`loanbalance`)) - `r7`.`interestbalance`) < `ad`.`emi`),'defaulted','ok') AS `defaultstatus`,`ad`.`emi` AS `emi`,`ad`.`rownum` AS `rownum`,`ad`.`dated` AS `dated` from (`row0` `ad` join `row07` `r7` on((`ad`.`loanapplicationid` = `r7`.`loanapplicationid`))) where (`ad`.`rownum` = 8) group by `ad`.`loanapplicationid`,`ad`.`accountnumber`,`ad`.`rownum` */;

--
-- Final view structure for view `row09`
--

/*!50001 DROP VIEW IF EXISTS `row09`*/;
/*!50001 CREATE ALGORITHM=UNDEFINED */
/*!50013 DEFINER=`root`@`localhost` SQL SECURITY DEFINER */
/*!50001 VIEW `row09` AS select `ad`.`loanapplicationid` AS `loanapplicationid`,`ad`.`transactiontypename` AS `transactiontypename`,`ad`.`accountnumberid` AS `accountnumberid`,`ad`.`accountnumber` AS `accountnumber`,`ad`.`loanduration` AS `loanduration`,`r8`.`loanbalance` AS `loanbalance8`,`ad`.`paid` AS `paid`,(`ad`.`monthlyrate` * `r8`.`loanbalance`) AS `generatedinterest`,if((`ad`.`paid` <= ((`ad`.`monthlyrate` * `r8`.`loanbalance`) + `r8`.`interestbalance`)),`ad`.`paid`,((`ad`.`monthlyrate` * `r8`.`loanbalance`) + `r8`.`interestbalance`)) AS `paidinterest`,if((`ad`.`paid` <= ((`ad`.`monthlyrate` * `r8`.`loanbalance`) + `r8`.`interestbalance`)),(((`ad`.`monthlyrate` * `r8`.`loanbalance`) + `r8`.`interestbalance`) - `ad`.`paid`),0) AS `interestbalance`,if((`ad`.`paid` <= ((`ad`.`monthlyrate` * `r8`.`loanbalance`) + `r8`.`interestbalance`)),`r8`.`loanbalance`,((`r8`.`loanbalance` + ((`ad`.`monthlyrate` * `r8`.`loanbalance`) + `r8`.`interestbalance`)) - `ad`.`paid`)) AS `loanbalance`,if((((`ad`.`paid` - (`ad`.`monthlyrate` * `r8`.`loanbalance`)) - `r8`.`interestbalance`) < `ad`.`emi`),'defaulted','ok') AS `defaultstatus`,`ad`.`emi` AS `emi`,`ad`.`rownum` AS `rownum`,`ad`.`dated` AS `dated` from (`row0` `ad` join `row08` `r8` on((`ad`.`loanapplicationid` = `r8`.`loanapplicationid`))) where (`ad`.`rownum` = 9) group by `ad`.`loanapplicationid`,`ad`.`accountnumber`,`ad`.`rownum` */;

--
-- Final view structure for view `row10`
--

/*!50001 DROP VIEW IF EXISTS `row10`*/;
/*!50001 CREATE ALGORITHM=UNDEFINED */
/*!50013 DEFINER=`root`@`localhost` SQL SECURITY DEFINER */
/*!50001 VIEW `row10` AS select `ad`.`loanapplicationid` AS `loanapplicationid`,`ad`.`transactiontypename` AS `transactiontypename`,`ad`.`accountnumberid` AS `accountnumberid`,`ad`.`accountnumber` AS `accountnumber`,`ad`.`loanduration` AS `loanduration`,`r9`.`loanbalance` AS `loanbalance9`,`ad`.`paid` AS `paid`,(`ad`.`monthlyrate` * `r9`.`loanbalance`) AS `generatedinterest`,if((`ad`.`paid` <= ((`ad`.`monthlyrate` * `r9`.`loanbalance`) + `r9`.`interestbalance`)),`ad`.`paid`,((`ad`.`monthlyrate` * `r9`.`loanbalance`) + `r9`.`interestbalance`)) AS `paidinterest`,if((`ad`.`paid` <= ((`ad`.`monthlyrate` * `r9`.`loanbalance`) + `r9`.`interestbalance`)),(((`ad`.`monthlyrate` * `r9`.`loanbalance`) + `r9`.`interestbalance`) - `ad`.`paid`),0) AS `interestbalance`,if((`ad`.`paid` <= ((`ad`.`monthlyrate` * `r9`.`loanbalance`) + `r9`.`interestbalance`)),`r9`.`loanbalance`,((`r9`.`loanbalance` + ((`ad`.`monthlyrate` * `r9`.`loanbalance`) + `r9`.`interestbalance`)) - `ad`.`paid`)) AS `loanbalance`,if((((`ad`.`paid` - (`ad`.`monthlyrate` * `r9`.`loanbalance`)) - `r9`.`interestbalance`) < `ad`.`emi`),'defaulted','ok') AS `defaultstatus`,`ad`.`emi` AS `emi`,`ad`.`rownum` AS `rownum`,`ad`.`dated` AS `dated` from (`row0` `ad` join `row09` `r9` on((`ad`.`loanapplicationid` = `r9`.`loanapplicationid`))) where (`ad`.`rownum` = 10) group by `ad`.`loanapplicationid`,`ad`.`accountnumber`,`ad`.`rownum` */;

--
-- Final view structure for view `row11`
--

/*!50001 DROP VIEW IF EXISTS `row11`*/;
/*!50001 CREATE ALGORITHM=UNDEFINED */
/*!50013 DEFINER=`root`@`localhost` SQL SECURITY DEFINER */
/*!50001 VIEW `row11` AS select `ad`.`loanapplicationid` AS `loanapplicationid`,`ad`.`transactiontypename` AS `transactiontypename`,`ad`.`accountnumberid` AS `accountnumberid`,`ad`.`accountnumber` AS `accountnumber`,`ad`.`loanduration` AS `loanduration`,`r10`.`loanbalance` AS `loanbalance10`,`ad`.`paid` AS `paid`,(`ad`.`monthlyrate` * `r10`.`loanbalance`) AS `generatedinterest`,if((`ad`.`paid` <= ((`ad`.`monthlyrate` * `r10`.`loanbalance`) + `r10`.`interestbalance`)),`ad`.`paid`,((`ad`.`monthlyrate` * `r10`.`loanbalance`) + `r10`.`interestbalance`)) AS `paidinterest`,if((`ad`.`paid` <= ((`ad`.`monthlyrate` * `r10`.`loanbalance`) + `r10`.`interestbalance`)),(((`ad`.`monthlyrate` * `r10`.`loanbalance`) + `r10`.`interestbalance`) - `ad`.`paid`),0) AS `interestbalance`,if((`ad`.`paid` <= ((`ad`.`monthlyrate` * `r10`.`loanbalance`) + `r10`.`interestbalance`)),`r10`.`loanbalance`,((`r10`.`loanbalance` + ((`ad`.`monthlyrate` * `r10`.`loanbalance`) + `r10`.`interestbalance`)) - `ad`.`paid`)) AS `loanbalance`,if((((`ad`.`paid` - (`ad`.`monthlyrate` * `r10`.`loanbalance`)) - `r10`.`interestbalance`) < `ad`.`emi`),'defaulted','ok') AS `defaultstatus`,`ad`.`emi` AS `emi`,`ad`.`rownum` AS `rownum`,`ad`.`dated` AS `dated` from (`row0` `ad` join `row10` `r10` on((`ad`.`loanapplicationid` = `r10`.`loanapplicationid`))) where (`ad`.`rownum` = 11) group by `ad`.`loanapplicationid`,`ad`.`accountnumber`,`ad`.`rownum` */;

--
-- Final view structure for view `row12`
--

/*!50001 DROP VIEW IF EXISTS `row12`*/;
/*!50001 CREATE ALGORITHM=UNDEFINED */
/*!50013 DEFINER=`root`@`localhost` SQL SECURITY DEFINER */
/*!50001 VIEW `row12` AS select `ad`.`loanapplicationid` AS `loanapplicationid`,`ad`.`transactiontypename` AS `transactiontypename`,`ad`.`accountnumberid` AS `accountnumberid`,`ad`.`accountnumber` AS `accountnumber`,`ad`.`loanduration` AS `loanduration`,`r11`.`loanbalance` AS `loanbalance11`,`ad`.`paid` AS `paid`,(`ad`.`monthlyrate` * `r11`.`loanbalance`) AS `generatedinterest`,if((`ad`.`paid` <= ((`ad`.`monthlyrate` * `r11`.`loanbalance`) + `r11`.`interestbalance`)),`ad`.`paid`,((`ad`.`monthlyrate` * `r11`.`loanbalance`) + `r11`.`interestbalance`)) AS `paidinterest`,if((`ad`.`paid` <= ((`ad`.`monthlyrate` * `r11`.`loanbalance`) + `r11`.`interestbalance`)),(((`ad`.`monthlyrate` * `r11`.`loanbalance`) + `r11`.`interestbalance`) - `ad`.`paid`),0) AS `interestbalance`,if((`ad`.`paid` <= ((`ad`.`monthlyrate` * `r11`.`loanbalance`) + `r11`.`interestbalance`)),`r11`.`loanbalance`,((`r11`.`loanbalance` + ((`ad`.`monthlyrate` * `r11`.`loanbalance`) + `r11`.`interestbalance`)) - `ad`.`paid`)) AS `loanbalance`,if((((`ad`.`paid` - (`ad`.`monthlyrate` * `r11`.`loanbalance`)) - `r11`.`interestbalance`) < `ad`.`emi`),'defaulted','ok') AS `defaultstatus`,`ad`.`emi` AS `emi`,`ad`.`rownum` AS `rownum`,`ad`.`dated` AS `dated` from (`row0` `ad` join `row11` `r11` on((`ad`.`loanapplicationid` = `r11`.`loanapplicationid`))) where (`ad`.`rownum` = 12) group by `ad`.`loanapplicationid`,`ad`.`accountnumber`,`ad`.`rownum` */;

--
-- Final view structure for view `row13`
--

/*!50001 DROP VIEW IF EXISTS `row13`*/;
/*!50001 CREATE ALGORITHM=UNDEFINED */
/*!50013 DEFINER=`root`@`localhost` SQL SECURITY DEFINER */
/*!50001 VIEW `row13` AS select `ad`.`loanapplicationid` AS `loanapplicationid`,`ad`.`transactiontypename` AS `transactiontypename`,`ad`.`accountnumberid` AS `accountnumberid`,`ad`.`accountnumber` AS `accountnumber`,`ad`.`loanduration` AS `loanduration`,`r12`.`loanbalance` AS `loanbalance12`,`ad`.`paid` AS `paid`,(`ad`.`monthlyrate` * `r12`.`loanbalance`) AS `generatedinterest`,if((`ad`.`paid` <= ((`ad`.`monthlyrate` * `r12`.`loanbalance`) + `r12`.`interestbalance`)),`ad`.`paid`,((`ad`.`monthlyrate` * `r12`.`loanbalance`) + `r12`.`interestbalance`)) AS `paidinterest`,if((`ad`.`paid` <= ((`ad`.`monthlyrate` * `r12`.`loanbalance`) + `r12`.`interestbalance`)),(((`ad`.`monthlyrate` * `r12`.`loanbalance`) + `r12`.`interestbalance`) - `ad`.`paid`),0) AS `interestbalance`,if((`ad`.`paid` <= ((`ad`.`monthlyrate` * `r12`.`loanbalance`) + `r12`.`interestbalance`)),`r12`.`loanbalance`,((`r12`.`loanbalance` + ((`ad`.`monthlyrate` * `r12`.`loanbalance`) + `r12`.`interestbalance`)) - `ad`.`paid`)) AS `loanbalance`,if((((`ad`.`paid` - (`ad`.`monthlyrate` * `r12`.`loanbalance`)) - `r12`.`interestbalance`) < `ad`.`emi`),'defaulted','ok') AS `defaultstatus`,`ad`.`emi` AS `emi`,`ad`.`rownum` AS `rownum`,`ad`.`dated` AS `dated` from (`row0` `ad` join `row12` `r12` on((`ad`.`loanapplicationid` = `r12`.`loanapplicationid`))) where (`ad`.`rownum` = 13) group by `ad`.`loanapplicationid`,`ad`.`accountnumber`,`ad`.`rownum` */;

--
-- Final view structure for view `row14`
--

/*!50001 DROP VIEW IF EXISTS `row14`*/;
/*!50001 CREATE ALGORITHM=UNDEFINED */
/*!50013 DEFINER=`root`@`localhost` SQL SECURITY DEFINER */
/*!50001 VIEW `row14` AS select `ad`.`loanapplicationid` AS `loanapplicationid`,`ad`.`transactiontypename` AS `transactiontypename`,`ad`.`accountnumberid` AS `accountnumberid`,`ad`.`accountnumber` AS `accountnumber`,`ad`.`loanduration` AS `loanduration`,`r13`.`loanbalance` AS `loanbalance13`,`ad`.`paid` AS `paid`,(`ad`.`monthlyrate` * `r13`.`loanbalance`) AS `generatedinterest`,if((`ad`.`paid` <= ((`ad`.`monthlyrate` * `r13`.`loanbalance`) + `r13`.`interestbalance`)),`ad`.`paid`,((`ad`.`monthlyrate` * `r13`.`loanbalance`) + `r13`.`interestbalance`)) AS `paidinterest`,if((`ad`.`paid` <= ((`ad`.`monthlyrate` * `r13`.`loanbalance`) + `r13`.`interestbalance`)),(((`ad`.`monthlyrate` * `r13`.`loanbalance`) + `r13`.`interestbalance`) - `ad`.`paid`),0) AS `interestbalance`,if((`ad`.`paid` <= ((`ad`.`monthlyrate` * `r13`.`loanbalance`) + `r13`.`interestbalance`)),`r13`.`loanbalance`,((`r13`.`loanbalance` + ((`ad`.`monthlyrate` * `r13`.`loanbalance`) + `r13`.`interestbalance`)) - `ad`.`paid`)) AS `loanbalance`,if((((`ad`.`paid` - (`ad`.`monthlyrate` * `r13`.`loanbalance`)) - `r13`.`interestbalance`) < `ad`.`emi`),'defaulted','ok') AS `defaultstatus`,`ad`.`emi` AS `emi`,`ad`.`rownum` AS `rownum`,`ad`.`dated` AS `dated` from (`row0` `ad` join `row13` `r13` on((`ad`.`loanapplicationid` = `r13`.`loanapplicationid`))) where (`ad`.`rownum` = 14) group by `ad`.`loanapplicationid`,`ad`.`accountnumber`,`ad`.`rownum` */;

--
-- Final view structure for view `row15`
--

/*!50001 DROP VIEW IF EXISTS `row15`*/;
/*!50001 CREATE ALGORITHM=UNDEFINED */
/*!50013 DEFINER=`root`@`localhost` SQL SECURITY DEFINER */
/*!50001 VIEW `row15` AS select `ad`.`loanapplicationid` AS `loanapplicationid`,`ad`.`transactiontypename` AS `transactiontypename`,`ad`.`accountnumberid` AS `accountnumberid`,`ad`.`accountnumber` AS `accountnumber`,`ad`.`loanduration` AS `loanduration`,`r14`.`loanbalance` AS `loanbalance14`,`ad`.`paid` AS `paid`,(`ad`.`monthlyrate` * `r14`.`loanbalance`) AS `generatedinterest`,if((`ad`.`paid` <= ((`ad`.`monthlyrate` * `r14`.`loanbalance`) + `r14`.`interestbalance`)),`ad`.`paid`,((`ad`.`monthlyrate` * `r14`.`loanbalance`) + `r14`.`interestbalance`)) AS `paidinterest`,if((`ad`.`paid` <= ((`ad`.`monthlyrate` * `r14`.`loanbalance`) + `r14`.`interestbalance`)),(((`ad`.`monthlyrate` * `r14`.`loanbalance`) + `r14`.`interestbalance`) - `ad`.`paid`),0) AS `interestbalance`,if((`ad`.`paid` <= ((`ad`.`monthlyrate` * `r14`.`loanbalance`) + `r14`.`interestbalance`)),`r14`.`loanbalance`,((`r14`.`loanbalance` + ((`ad`.`monthlyrate` * `r14`.`loanbalance`) + `r14`.`interestbalance`)) - `ad`.`paid`)) AS `loanbalance`,if((((`ad`.`paid` - (`ad`.`monthlyrate` * `r14`.`loanbalance`)) - `r14`.`interestbalance`) < `ad`.`emi`),'defaulted','ok') AS `defaultstatus`,`ad`.`emi` AS `emi`,`ad`.`rownum` AS `rownum`,`ad`.`dated` AS `dated` from (`row0` `ad` join `row14` `r14` on((`ad`.`loanapplicationid` = `r14`.`loanapplicationid`))) where (`ad`.`rownum` = 15) group by `ad`.`loanapplicationid`,`ad`.`accountnumber`,`ad`.`rownum` */;

--
-- Final view structure for view `row16`
--

/*!50001 DROP VIEW IF EXISTS `row16`*/;
/*!50001 CREATE ALGORITHM=UNDEFINED */
/*!50013 DEFINER=`root`@`localhost` SQL SECURITY DEFINER */
/*!50001 VIEW `row16` AS select `ad`.`loanapplicationid` AS `loanapplicationid`,`ad`.`transactiontypename` AS `transactiontypename`,`ad`.`accountnumberid` AS `accountnumberid`,`ad`.`accountnumber` AS `accountnumber`,`ad`.`loanduration` AS `loanduration`,`r15`.`loanbalance` AS `loanbalance15`,`ad`.`paid` AS `paid`,(`ad`.`monthlyrate` * `r15`.`loanbalance`) AS `generatedinterest`,if((`ad`.`paid` <= ((`ad`.`monthlyrate` * `r15`.`loanbalance`) + `r15`.`interestbalance`)),`ad`.`paid`,((`ad`.`monthlyrate` * `r15`.`loanbalance`) + `r15`.`interestbalance`)) AS `paidinterest`,if((`ad`.`paid` <= ((`ad`.`monthlyrate` * `r15`.`loanbalance`) + `r15`.`interestbalance`)),(((`ad`.`monthlyrate` * `r15`.`loanbalance`) + `r15`.`interestbalance`) - `ad`.`paid`),0) AS `interestbalance`,if((`ad`.`paid` <= ((`ad`.`monthlyrate` * `r15`.`loanbalance`) + `r15`.`interestbalance`)),`r15`.`loanbalance`,((`r15`.`loanbalance` + ((`ad`.`monthlyrate` * `r15`.`loanbalance`) + `r15`.`interestbalance`)) - `ad`.`paid`)) AS `loanbalance`,if((((`ad`.`paid` - (`ad`.`monthlyrate` * `r15`.`loanbalance`)) - `r15`.`interestbalance`) < `ad`.`emi`),'defaulted','ok') AS `defaultstatus`,`ad`.`emi` AS `emi`,`ad`.`rownum` AS `rownum`,`ad`.`dated` AS `dated` from (`row0` `ad` join `row15` `r15` on((`ad`.`loanapplicationid` = `r15`.`loanapplicationid`))) where (`ad`.`rownum` = 16) group by `ad`.`loanapplicationid`,`ad`.`accountnumber`,`ad`.`rownum` */;

--
-- Final view structure for view `row17`
--

/*!50001 DROP VIEW IF EXISTS `row17`*/;
/*!50001 CREATE ALGORITHM=UNDEFINED */
/*!50013 DEFINER=`root`@`localhost` SQL SECURITY DEFINER */
/*!50001 VIEW `row17` AS select `ad`.`loanapplicationid` AS `loanapplicationid`,`ad`.`transactiontypename` AS `transactiontypename`,`ad`.`accountnumberid` AS `accountnumberid`,`ad`.`accountnumber` AS `accountnumber`,`ad`.`loanduration` AS `loanduration`,`r16`.`loanbalance` AS `loanbalance16`,`ad`.`paid` AS `paid`,(`ad`.`monthlyrate` * `r16`.`loanbalance`) AS `generatedinterest`,if((`ad`.`paid` <= ((`ad`.`monthlyrate` * `r16`.`loanbalance`) + `r16`.`interestbalance`)),`ad`.`paid`,((`ad`.`monthlyrate` * `r16`.`loanbalance`) + `r16`.`interestbalance`)) AS `paidinterest`,if((`ad`.`paid` <= ((`ad`.`monthlyrate` * `r16`.`loanbalance`) + `r16`.`interestbalance`)),(((`ad`.`monthlyrate` * `r16`.`loanbalance`) + `r16`.`interestbalance`) - `ad`.`paid`),0) AS `interestbalance`,if((`ad`.`paid` <= ((`ad`.`monthlyrate` * `r16`.`loanbalance`) + `r16`.`interestbalance`)),`r16`.`loanbalance`,((`r16`.`loanbalance` + ((`ad`.`monthlyrate` * `r16`.`loanbalance`) + `r16`.`interestbalance`)) - `ad`.`paid`)) AS `loanbalance`,if((((`ad`.`paid` - (`ad`.`monthlyrate` * `r16`.`loanbalance`)) - `r16`.`interestbalance`) < `ad`.`emi`),'defaulted','ok') AS `defaultstatus`,`ad`.`emi` AS `emi`,`ad`.`rownum` AS `rownum`,`ad`.`dated` AS `dated` from (`row0` `ad` join `row16` `r16` on((`ad`.`loanapplicationid` = `r16`.`loanapplicationid`))) where (`ad`.`rownum` = 17) group by `ad`.`loanapplicationid`,`ad`.`accountnumber`,`ad`.`rownum` */;

--
-- Final view structure for view `row18`
--

/*!50001 DROP VIEW IF EXISTS `row18`*/;
/*!50001 CREATE ALGORITHM=UNDEFINED */
/*!50013 DEFINER=`root`@`localhost` SQL SECURITY DEFINER */
/*!50001 VIEW `row18` AS select `ad`.`loanapplicationid` AS `loanapplicationid`,`ad`.`transactiontypename` AS `transactiontypename`,`ad`.`accountnumberid` AS `accountnumberid`,`ad`.`accountnumber` AS `accountnumber`,`ad`.`loanduration` AS `loanduration`,`r17`.`loanbalance` AS `loanbalance17`,`ad`.`paid` AS `paid`,(`ad`.`monthlyrate` * `r17`.`loanbalance`) AS `generatedinterest`,if((`ad`.`paid` <= ((`ad`.`monthlyrate` * `r17`.`loanbalance`) + `r17`.`interestbalance`)),`ad`.`paid`,((`ad`.`monthlyrate` * `r17`.`loanbalance`) + `r17`.`interestbalance`)) AS `paidinterest`,if((`ad`.`paid` <= ((`ad`.`monthlyrate` * `r17`.`loanbalance`) + `r17`.`interestbalance`)),(((`ad`.`monthlyrate` * `r17`.`loanbalance`) + `r17`.`interestbalance`) - `ad`.`paid`),0) AS `interestbalance`,if((`ad`.`paid` <= ((`ad`.`monthlyrate` * `r17`.`loanbalance`) + `r17`.`interestbalance`)),`r17`.`loanbalance`,((`r17`.`loanbalance` + ((`ad`.`monthlyrate` * `r17`.`loanbalance`) + `r17`.`interestbalance`)) - `ad`.`paid`)) AS `loanbalance`,if((((`ad`.`paid` - (`ad`.`monthlyrate` * `r17`.`loanbalance`)) - `r17`.`interestbalance`) < `ad`.`emi`),'defaulted','ok') AS `defaultstatus`,`ad`.`emi` AS `emi`,`ad`.`rownum` AS `rownum`,`ad`.`dated` AS `dated` from (`row0` `ad` join `row17` `r17` on((`ad`.`loanapplicationid` = `r17`.`loanapplicationid`))) where (`ad`.`rownum` = 18) group by `ad`.`loanapplicationid`,`ad`.`accountnumber`,`ad`.`rownum` */;

--
-- Final view structure for view `row19`
--

/*!50001 DROP VIEW IF EXISTS `row19`*/;
/*!50001 CREATE ALGORITHM=UNDEFINED */
/*!50013 DEFINER=`root`@`localhost` SQL SECURITY DEFINER */
/*!50001 VIEW `row19` AS select `ad`.`loanapplicationid` AS `loanapplicationid`,`ad`.`transactiontypename` AS `transactiontypename`,`ad`.`accountnumberid` AS `accountnumberid`,`ad`.`accountnumber` AS `accountnumber`,`ad`.`loanduration` AS `loanduration`,`r18`.`loanbalance` AS `loanbalance18`,`ad`.`paid` AS `paid`,(`ad`.`monthlyrate` * `r18`.`loanbalance`) AS `generatedinterest`,if((`ad`.`paid` <= ((`ad`.`monthlyrate` * `r18`.`loanbalance`) + `r18`.`interestbalance`)),`ad`.`paid`,((`ad`.`monthlyrate` * `r18`.`loanbalance`) + `r18`.`interestbalance`)) AS `paidinterest`,if((`ad`.`paid` <= ((`ad`.`monthlyrate` * `r18`.`loanbalance`) + `r18`.`interestbalance`)),(((`ad`.`monthlyrate` * `r18`.`loanbalance`) + `r18`.`interestbalance`) - `ad`.`paid`),0) AS `interestbalance`,if((`ad`.`paid` <= ((`ad`.`monthlyrate` * `r18`.`loanbalance`) + `r18`.`interestbalance`)),`r18`.`loanbalance`,((`r18`.`loanbalance` + ((`ad`.`monthlyrate` * `r18`.`loanbalance`) + `r18`.`interestbalance`)) - `ad`.`paid`)) AS `loanbalance`,if((((`ad`.`paid` - (`ad`.`monthlyrate` * `r18`.`loanbalance`)) - `r18`.`interestbalance`) < `ad`.`emi`),'defaulted','ok') AS `defaultstatus`,`ad`.`emi` AS `emi`,`ad`.`rownum` AS `rownum`,`ad`.`dated` AS `dated` from (`row0` `ad` join `row18` `r18` on((`ad`.`loanapplicationid` = `r18`.`loanapplicationid`))) where (`ad`.`rownum` = 19) group by `ad`.`loanapplicationid`,`ad`.`accountnumber`,`ad`.`rownum` */;

--
-- Final view structure for view `row20`
--

/*!50001 DROP VIEW IF EXISTS `row20`*/;
/*!50001 CREATE ALGORITHM=UNDEFINED */
/*!50013 DEFINER=`root`@`localhost` SQL SECURITY DEFINER */
/*!50001 VIEW `row20` AS select `ad`.`loanapplicationid` AS `loanapplicationid`,`ad`.`transactiontypename` AS `transactiontypename`,`ad`.`accountnumberid` AS `accountnumberid`,`ad`.`accountnumber` AS `accountnumber`,`ad`.`loanduration` AS `loanduration`,`r19`.`loanbalance` AS `loanbalance19`,`ad`.`paid` AS `paid`,(`ad`.`monthlyrate` * `r19`.`loanbalance`) AS `generatedinterest`,if((`ad`.`paid` <= ((`ad`.`monthlyrate` * `r19`.`loanbalance`) + `r19`.`interestbalance`)),`ad`.`paid`,((`ad`.`monthlyrate` * `r19`.`loanbalance`) + `r19`.`interestbalance`)) AS `paidinterest`,if((`ad`.`paid` <= ((`ad`.`monthlyrate` * `r19`.`loanbalance`) + `r19`.`interestbalance`)),(((`ad`.`monthlyrate` * `r19`.`loanbalance`) + `r19`.`interestbalance`) - `ad`.`paid`),0) AS `interestbalance`,if((`ad`.`paid` <= ((`ad`.`monthlyrate` * `r19`.`loanbalance`) + `r19`.`interestbalance`)),`r19`.`loanbalance`,((`r19`.`loanbalance` + ((`ad`.`monthlyrate` * `r19`.`loanbalance`) + `r19`.`interestbalance`)) - `ad`.`paid`)) AS `loanbalance`,if((((`ad`.`paid` - (`ad`.`monthlyrate` * `r19`.`loanbalance`)) - `r19`.`interestbalance`) < `ad`.`emi`),'defaulted','ok') AS `defaultstatus`,`ad`.`emi` AS `emi`,`ad`.`rownum` AS `rownum`,`ad`.`dated` AS `dated` from (`row0` `ad` join `row19` `r19` on((`ad`.`loanapplicationid` = `r19`.`loanapplicationid`))) where (`ad`.`rownum` = 20) group by `ad`.`loanapplicationid`,`ad`.`accountnumber`,`ad`.`rownum` */;

--
-- Final view structure for view `row21`
--

/*!50001 DROP VIEW IF EXISTS `row21`*/;
/*!50001 CREATE ALGORITHM=UNDEFINED */
/*!50013 DEFINER=`root`@`localhost` SQL SECURITY DEFINER */
/*!50001 VIEW `row21` AS select `ad`.`loanapplicationid` AS `loanapplicationid`,`ad`.`transactiontypename` AS `transactiontypename`,`ad`.`accountnumberid` AS `accountnumberid`,`ad`.`accountnumber` AS `accountnumber`,`ad`.`loanduration` AS `loanduration`,`r20`.`loanbalance` AS `loanbalance20`,`ad`.`paid` AS `paid`,(`ad`.`monthlyrate` * `r20`.`loanbalance`) AS `generatedinterest`,if((`ad`.`paid` <= ((`ad`.`monthlyrate` * `r20`.`loanbalance`) + `r20`.`interestbalance`)),`ad`.`paid`,((`ad`.`monthlyrate` * `r20`.`loanbalance`) + `r20`.`interestbalance`)) AS `paidinterest`,if((`ad`.`paid` <= ((`ad`.`monthlyrate` * `r20`.`loanbalance`) + `r20`.`interestbalance`)),(((`ad`.`monthlyrate` * `r20`.`loanbalance`) + `r20`.`interestbalance`) - `ad`.`paid`),0) AS `interestbalance`,if((`ad`.`paid` <= ((`ad`.`monthlyrate` * `r20`.`loanbalance`) + `r20`.`interestbalance`)),`r20`.`loanbalance`,((`r20`.`loanbalance` + ((`ad`.`monthlyrate` * `r20`.`loanbalance`) + `r20`.`interestbalance`)) - `ad`.`paid`)) AS `loanbalance`,if((((`ad`.`paid` - (`ad`.`monthlyrate` * `r20`.`loanbalance`)) - `r20`.`interestbalance`) < `ad`.`emi`),'defaulted','ok') AS `defaultstatus`,`ad`.`emi` AS `emi`,`ad`.`rownum` AS `rownum`,`ad`.`dated` AS `dated` from (`row0` `ad` join `row20` `r20` on((`ad`.`loanapplicationid` = `r20`.`loanapplicationid`))) where (`ad`.`rownum` = 21) group by `ad`.`loanapplicationid`,`ad`.`accountnumber`,`ad`.`rownum` */;

--
-- Final view structure for view `row22`
--

/*!50001 DROP VIEW IF EXISTS `row22`*/;
/*!50001 CREATE ALGORITHM=UNDEFINED */
/*!50013 DEFINER=`root`@`localhost` SQL SECURITY DEFINER */
/*!50001 VIEW `row22` AS select `ad`.`loanapplicationid` AS `loanapplicationid`,`ad`.`transactiontypename` AS `transactiontypename`,`ad`.`accountnumberid` AS `accountnumberid`,`ad`.`accountnumber` AS `accountnumber`,`ad`.`loanduration` AS `loanduration`,`r21`.`loanbalance` AS `loanbalance21`,`ad`.`paid` AS `paid`,(`ad`.`monthlyrate` * `r21`.`loanbalance`) AS `generatedinterest`,if((`ad`.`paid` <= ((`ad`.`monthlyrate` * `r21`.`loanbalance`) + `r21`.`interestbalance`)),`ad`.`paid`,((`ad`.`monthlyrate` * `r21`.`loanbalance`) + `r21`.`interestbalance`)) AS `paidinterest`,if((`ad`.`paid` <= ((`ad`.`monthlyrate` * `r21`.`loanbalance`) + `r21`.`interestbalance`)),(((`ad`.`monthlyrate` * `r21`.`loanbalance`) + `r21`.`interestbalance`) - `ad`.`paid`),0) AS `interestbalance`,if((`ad`.`paid` <= ((`ad`.`monthlyrate` * `r21`.`loanbalance`) + `r21`.`interestbalance`)),`r21`.`loanbalance`,((`r21`.`loanbalance` + ((`ad`.`monthlyrate` * `r21`.`loanbalance`) + `r21`.`interestbalance`)) - `ad`.`paid`)) AS `loanbalance`,if((((`ad`.`paid` - (`ad`.`monthlyrate` * `r21`.`loanbalance`)) - `r21`.`interestbalance`) < `ad`.`emi`),'defaulted','ok') AS `defaultstatus`,`ad`.`emi` AS `emi`,`ad`.`rownum` AS `rownum`,`ad`.`dated` AS `dated` from (`row0` `ad` join `row21` `r21` on((`ad`.`loanapplicationid` = `r21`.`loanapplicationid`))) where (`ad`.`rownum` = 22) group by `ad`.`loanapplicationid`,`ad`.`accountnumber`,`ad`.`rownum` */;

--
-- Final view structure for view `row23`
--

/*!50001 DROP VIEW IF EXISTS `row23`*/;
/*!50001 CREATE ALGORITHM=UNDEFINED */
/*!50013 DEFINER=`root`@`localhost` SQL SECURITY DEFINER */
/*!50001 VIEW `row23` AS select `ad`.`loanapplicationid` AS `loanapplicationid`,`ad`.`transactiontypename` AS `transactiontypename`,`ad`.`accountnumberid` AS `accountnumberid`,`ad`.`accountnumber` AS `accountnumber`,`ad`.`loanduration` AS `loanduration`,`r22`.`loanbalance` AS `loanbalance22`,`ad`.`paid` AS `paid`,(`ad`.`monthlyrate` * `r22`.`loanbalance`) AS `generatedinterest`,if((`ad`.`paid` <= ((`ad`.`monthlyrate` * `r22`.`loanbalance`) + `r22`.`interestbalance`)),`ad`.`paid`,((`ad`.`monthlyrate` * `r22`.`loanbalance`) + `r22`.`interestbalance`)) AS `paidinterest`,if((`ad`.`paid` <= ((`ad`.`monthlyrate` * `r22`.`loanbalance`) + `r22`.`interestbalance`)),(((`ad`.`monthlyrate` * `r22`.`loanbalance`) + `r22`.`interestbalance`) - `ad`.`paid`),0) AS `interestbalance`,if((`ad`.`paid` <= ((`ad`.`monthlyrate` * `r22`.`loanbalance`) + `r22`.`interestbalance`)),`r22`.`loanbalance`,((`r22`.`loanbalance` + ((`ad`.`monthlyrate` * `r22`.`loanbalance`) + `r22`.`interestbalance`)) - `ad`.`paid`)) AS `loanbalance`,if((((`ad`.`paid` - (`ad`.`monthlyrate` * `r22`.`loanbalance`)) - `r22`.`interestbalance`) < `ad`.`emi`),'defaulted','ok') AS `defaultstatus`,`ad`.`emi` AS `emi`,`ad`.`rownum` AS `rownum`,`ad`.`dated` AS `dated` from (`row0` `ad` join `row22` `r22` on((`ad`.`loanapplicationid` = `r22`.`loanapplicationid`))) where (`ad`.`rownum` = 23) group by `ad`.`loanapplicationid`,`ad`.`accountnumber`,`ad`.`rownum` */;

--
-- Final view structure for view `row24`
--

/*!50001 DROP VIEW IF EXISTS `row24`*/;
/*!50001 CREATE ALGORITHM=UNDEFINED */
/*!50013 DEFINER=`root`@`localhost` SQL SECURITY DEFINER */
/*!50001 VIEW `row24` AS select `ad`.`loanapplicationid` AS `loanapplicationid`,`ad`.`transactiontypename` AS `transactiontypename`,`ad`.`accountnumberid` AS `accountnumberid`,`ad`.`accountnumber` AS `accountnumber`,`ad`.`loanduration` AS `loanduration`,`r23`.`loanbalance` AS `loanbalance23`,`ad`.`paid` AS `paid`,(`ad`.`monthlyrate` * `r23`.`loanbalance`) AS `generatedinterest`,if((`ad`.`paid` <= ((`ad`.`monthlyrate` * `r23`.`loanbalance`) + `r23`.`interestbalance`)),`ad`.`paid`,((`ad`.`monthlyrate` * `r23`.`loanbalance`) + `r23`.`interestbalance`)) AS `paidinterest`,if((`ad`.`paid` <= ((`ad`.`monthlyrate` * `r23`.`loanbalance`) + `r23`.`interestbalance`)),(((`ad`.`monthlyrate` * `r23`.`loanbalance`) + `r23`.`interestbalance`) - `ad`.`paid`),0) AS `interestbalance`,if((`ad`.`paid` <= ((`ad`.`monthlyrate` * `r23`.`loanbalance`) + `r23`.`interestbalance`)),`r23`.`loanbalance`,((`r23`.`loanbalance` + ((`ad`.`monthlyrate` * `r23`.`loanbalance`) + `r23`.`interestbalance`)) - `ad`.`paid`)) AS `loanbalance`,if((((`ad`.`paid` - (`ad`.`monthlyrate` * `r23`.`loanbalance`)) - `r23`.`interestbalance`) < `ad`.`emi`),'defaulted','ok') AS `defaultstatus`,`ad`.`emi` AS `emi`,`ad`.`rownum` AS `rownum`,`ad`.`dated` AS `dated` from (`row0` `ad` join `row23` `r23` on((`ad`.`loanapplicationid` = `r23`.`loanapplicationid`))) where (`ad`.`rownum` = 24) group by `ad`.`loanapplicationid`,`ad`.`accountnumber`,`ad`.`rownum` */;

--
-- Final view structure for view `tty`
--

/*!50001 DROP VIEW IF EXISTS `tty`*/;
/*!50001 CREATE ALGORITHM=UNDEFINED */
/*!50013 DEFINER=`root`@`localhost` SQL SECURITY DEFINER */
/*!50001 VIEW `tty` AS select `p`.`fname` AS `fname`,`p`.`tname` AS `tname`,`p`.`idno` AS `idno`,`p`.`phone1` AS `phone1`,`p`.`memberno` AS `memberno`,`tt`.`transactiontypename` AS `transactiontypename`,sum(`t`.`transactionamount`) AS `transactionamount`,`t`.`dated` AS `dated` from (((((`transaction` `t` join `accountnumber` `acc`) join `accountsignatory` `accsign`) join `person` `p`) join `transactiontype` `tt`) join `transactioncost` `tc`) where ((`tt`.`transactiontypeid` = `tc`.`transactiontypeid`) and (`tc`.`transactioncostid` = `t`.`transactioncostid`) and (`acc`.`accountnumberid` = `t`.`accountnumberid`) and (`acc`.`accountnumberid` = `accsign`.`accountnumberid`) and (`accsign`.`personid` = `p`.`personid`) and (`tt`.`transactiontypename` <> 'EXPENSE') and (`tt`.`transactiontypename` = 'WELFARE')) group by `acc`.`accountnumber`,`tt`.`transactiontypename` */;

--
-- Final view structure for view `tty2`
--

/*!50001 DROP VIEW IF EXISTS `tty2`*/;
/*!50001 CREATE ALGORITHM=UNDEFINED */
/*!50013 DEFINER=`root`@`localhost` SQL SECURITY DEFINER */
/*!50001 VIEW `tty2` AS select `p`.`fname` AS `fname`,`p`.`tname` AS `tname`,`p`.`idno` AS `idno`,`p`.`phone1` AS `phone1`,`p`.`memberno` AS `memberno`,`tt`.`transactiontypename` AS `transactiontypename`,sum(`t`.`transactionamount`) AS `transactionamount`,`t`.`dated` AS `dated` from (((((`transaction` `t` join `accountnumber` `acc`) join `accountsignatory` `accsign`) join `person` `p`) join `transactiontype` `tt`) join `transactioncost` `tc`) where ((`tt`.`transactiontypeid` = `tc`.`transactiontypeid`) and (`tc`.`transactioncostid` = `t`.`transactioncostid`) and (`acc`.`accountnumberid` = `t`.`accountnumberid`) and (`acc`.`accountnumberid` = `accsign`.`accountnumberid`) and (`accsign`.`personid` = `p`.`personid`) and (`tt`.`transactiontypename` <> 'EXPENSE') and (`tt`.`transactiontypename` = 'WELFARE BALANCE')) group by `acc`.`accountnumber`,`tt`.`transactiontypename` */;

--
-- Final view structure for view `tty3`
--

/*!50001 DROP VIEW IF EXISTS `tty3`*/;
/*!50001 CREATE ALGORITHM=UNDEFINED */
/*!50013 DEFINER=`root`@`localhost` SQL SECURITY DEFINER */
/*!50001 VIEW `tty3` AS select `p`.`fname` AS `fname`,`p`.`tname` AS `tname`,`p`.`idno` AS `idno`,`p`.`phone1` AS `phone1`,`p`.`memberno` AS `memberno`,`tt`.`transactiontypename` AS `transactiontypename`,sum(`t`.`transactionamount`) AS `transactionamount`,`t`.`dated` AS `dated` from (((((`transaction` `t` join `accountnumber` `acc`) join `accountsignatory` `accsign`) join `person` `p`) join `transactiontype` `tt`) join `transactioncost` `tc`) where ((`tt`.`transactiontypeid` = `tc`.`transactiontypeid`) and (`tc`.`transactioncostid` = `t`.`transactioncostid`) and (`acc`.`accountnumberid` = `t`.`accountnumberid`) and (`acc`.`accountnumberid` = `accsign`.`accountnumberid`) and (`accsign`.`personid` = `p`.`personid`) and (`tt`.`transactiontypename` = 'EXPENSES')) group by `t`.`transactionid` */;

--
-- Final view structure for view `viewallaccounts`
--

/*!50001 DROP VIEW IF EXISTS `viewallaccounts`*/;

--
-- Final view structure for view `viewbanking1`
--

/*!50001 DROP VIEW IF EXISTS `viewbanking1`*/;

--
-- Final view structure for view `viewbanking2`
--

/*!50001 DROP VIEW IF EXISTS `viewbanking2`*/;
/*!50001 CREATE ALGORITHM=UNDEFINED */
/*!50013 DEFINER=`root`@`localhost` SQL SECURITY DEFINER */
/*!50001 VIEW `viewbanking2` AS select `viewbanking1`.`username` AS `username`,if((`viewbanking1`.`bankaccountnumber` is not null),`viewbanking1`.`bankaccountnumber`,if(((`viewbanking1`.`bankaccountnumber` is null) and (`viewbanking1`.`expenseoption` = 'OFFICE')),'AC-5486','AC-26462')) AS `bankaccountnumber`,if(((`viewbanking1`.`bankaccountnumber` = 'AC-19490') and (`viewbanking1`.`transactiontypename` in ('BUY SHARE IN CASH','REGISTRATION FEE','PAY LOAN IN CASH','TEMPORARY TLB'))),`viewbanking1`.`transactionamount`,0) AS `collectionone`,if(((`viewbanking1`.`bankaccountnumber` = 'AC-5486') and (`viewbanking1`.`transactiontypename` in ('KEMO WELFARE','NSSF','OPERATOR PAYMENT','FINE PAYMENT','INSURANCE COVER PAYMENT'))),`viewbanking1`.`transactionamount`,0) AS `collectiontwo`,if(((`viewbanking1`.`bankaccountnumber` = 'AC-26462') and (`viewbanking1`.`transactiontypename` = 'INCOME')),`viewbanking1`.`transactionamount`,0) AS `collectionthree`,if(((`viewbanking1`.`bankaccountnumber` = 'AC-19490') and (`viewbanking1`.`transactiontypename` = 'BANK CASH DEPOSIT')),`viewbanking1`.`transactionamount`,0) AS `depositone`,if(((`viewbanking1`.`bankaccountnumber` = 'AC-5486') and (`viewbanking1`.`transactiontypename` = 'BANK CASH DEPOSIT')),`viewbanking1`.`transactionamount`,0) AS `deposittwo`,if((`viewbanking1`.`transactiontypename` = 'EXPENSES'),`viewbanking1`.`transactionamount`,0) AS `expenses` from `viewbanking1` */;

--
-- Final view structure for view `viewdata`
--

/*!50001 DROP VIEW IF EXISTS `viewdata`*/;
/*!50001 CREATE ALGORITHM=UNDEFINED */
/*!50013 DEFINER=`root`@`localhost` SQL SECURITY DEFINER */
/*!50001 VIEW `viewdata` AS select `filedata`.`id` AS `id`,concat('0',substr(`filedata`.`telno`,4,9)) AS `tel`,`filedata`.`dated` AS `dated`,`filedata`.`amount` AS `amount` from `filedata` */;

--
-- Final view structure for view `viewfinegeneration`
--

/*!50001 DROP VIEW IF EXISTS `viewfinegeneration`*/;
/*!50001 CREATE ALGORITHM=UNDEFINED */
/*!50013 DEFINER=`root`@`localhost` SQL SECURITY DEFINER */
/*!50001 VIEW `viewfinegeneration` AS select `p`.`fname` AS `fname`,`p`.`sname` AS `sname`,`p`.`tname` AS `tname`,`p`.`idno` AS `idno`,`p`.`phone1` AS `phone1`,`p`.`memberno` AS `memberno`,sum(`t`.`transactionamount`) AS `transactionamount`,(select `d`.`minimumamount` from `depositlimit` `d` where (`d`.`depositlimitid` = `dlt`.`depositlimitid`)) AS `minimumamount`,(select `d`.`finecharge` from `depositlimit` `d` where (`d`.`depositlimitid` = `dlt`.`depositlimitid`)) AS `fineamount`,if(((sum(`t`.`transactionamount`) < (select `d`.`minimumamount` from `depositlimit` `d` where (`d`.`depositlimitid` = `dlt`.`depositlimitid`))) and (`t`.`dated` < (now() - interval 1 week))),(select `d`.`finecharge` from `depositlimit` `d` where (`d`.`depositlimitid` = `dlt`.`depositlimitid`)),0) AS `fine`,yearweek(`t`.`dated`,0) AS `weekdate`,max(`t`.`dated`) AS `latestpayment` from (((((`transaction` `t` join `depositlimittransaction` `dlt`) join `depositlimit` `dl`) join `accountnumber` `acc`) join `accountsignatory` `accsign`) join `person` `p`) where ((`t`.`transactionid` = `dlt`.`transactionid`) and (`dl`.`depositlimitid` = `dlt`.`depositlimitid`) and (`acc`.`accountnumberid` = `t`.`accountnumberid`) and (`acc`.`accountnumberid` = `accsign`.`accountnumberid`) and (`accsign`.`personid` = `p`.`personid`)) group by `dl`.`depositlimitid`,yearweek(`t`.`dated`,0),`t`.`accountnumberid` */;

--
-- Final view structure for view `viewloanpaymentschedule`
--

/*!50001 DROP VIEW IF EXISTS `viewloanpaymentschedule`*/;

--
-- Final view structure for view `viewloanpaymenttotals`
--

/*!50001 DROP VIEW IF EXISTS `viewloanpaymenttotals`*/;
/*!50001 CREATE ALGORITHM=UNDEFINED */
/*!50013 DEFINER=`root`@`localhost` SQL SECURITY DEFINER */
/*!50001 VIEW `viewloanpaymenttotals` AS select `rps`.`repaymentscheduleid` AS `repaymentscheduleid`,`loan`.`loanid` AS `loanid`,`la`.`loanamount` AS `loanamount`,`loan`.`loanduration` AS `loanduration`,`rps`.`interestamount` AS `interestamount`,`rps`.`principalamount` AS `principalamount`,(`rps`.`interestamount` + `rps`.`principalamount`) AS `total`,'' AS `status`,`rps`.`startmonthdate` AS `startmonthdate`,`rps`.`endmonthdate` AS `endmonthdate`,coalesce(sum((case when ((`tt`.`transactiontypename` = 'PAY LOAN FINE IN CASH') or (`tt`.`transactiontypename` = 'PAY LOAN FINE USING SHARES') or (`tt`.`transactiontypename` = 'PAY LOAN FINE FROM ACCOUNT') or (`tt`.`transactiontypename` = 'OFFSET LOAN FINE USING LOAN TOPUP')) then `trn`.`transactionamount` end)),0) AS `fine`,coalesce(sum((case when ((`tt`.`transactiontypename` = 'PAY LOAN INTEREST IN CASH') or (`tt`.`transactiontypename` = 'PAY LOAN INTEREST USING SHARES') or (`tt`.`transactiontypename` = 'PAY LOAN INTEREST FROM ACCOUNT') or (`tt`.`transactiontypename` = 'OFFSET LOAN INTEREST USING LOAN TOPUP')) then `trn`.`transactionamount` end)),0) AS `interest`,coalesce(sum((case when ((`tt`.`transactiontypename` = 'PAY LOAN PRINCIPAL IN CASH') or (`tt`.`transactiontypename` = 'PAY LOAN PRINCIPAL USING SHARES') or (`tt`.`transactiontypename` = 'PAY LOAN PRINCIPAL FROM ACCOUNT') or (`tt`.`transactiontypename` = 'OFFSET LOAN PRINCIPAL USING LOAN TOPUP')) then `trn`.`transactionamount` end)),0) AS `principal`,`an`.`accountnumber` AS `accountnumber`,`lt`.`loanname` AS `loanname`,`la`.`applicationstatus` AS `applicationstatus`,`la`.`loanapplicationid` AS `loanapplicationid` from ((((((((((`loantype` `lt` join `rates` `rt` on((`rt`.`loantypeid` = `lt`.`loantypeid`))) join `loandetails` `ld` on((`ld`.`ratesid` = `rt`.`ratesid`))) join `loanapplication` `la` on((`la`.`loandetailsid` = `ld`.`loandetailsid`))) join `loan` on((`loan`.`loanapplicationid` = `la`.`loanapplicationid`))) join `repaymentschedule` `rps` on((`rps`.`loanid` = `loan`.`loanid`))) left join `scheduletransaction` `st` on((`st`.`repaymentscheduleid` = `rps`.`repaymentscheduleid`))) left join `transaction` `trn` on((`trn`.`transactionid` = `st`.`transactionid`))) left join `transactioncost` `tc` on((`tc`.`transactioncostid` = `trn`.`transactioncostid`))) left join `transactiontype` `tt` on((`tt`.`transactiontypeid` = `tc`.`transactiontypeid`))) join `accountnumber` `an` on(((`an`.`accountnumberid` = `la`.`accountnumberid`) and (`rps`.`startmonthdate` is not null)))) group by `rps`.`repaymentscheduleid` */;

--
-- Final view structure for view `viewmoneyinmoneyout1`
--

/*!50001 DROP VIEW IF EXISTS `viewmoneyinmoneyout1`*/;
/*!50001 CREATE ALGORITHM=UNDEFINED */
/*!50013 DEFINER=`root`@`localhost` SQL SECURITY DEFINER */
/*!50001 VIEW `viewmoneyinmoneyout1` AS select `t`.`transactionid` AS `transactionid`,`t`.`transactioncostid` AS `transactioncostid`,`t`.`accountnumberid` AS `accountnumberid`,(select `t`.`transactionamount` from ((`transactioncost` `tc` join `transactiontype` `tt`) join `accountnumber` `accn`) where ((`t`.`transactioncostid` = `tc`.`transactioncostid`) and (`tc`.`transactiontypeid` = `tt`.`transactiontypeid`) and (`tt`.`transactiontypename` in ('DEPOSIT','BUY SHARE IN CASH','PAY LOAN PRINCIPAL IN CASH','PAY LOAN INTEREST IN CASH','PAY LOAN FINE IN CASH','TELLER REIMBURSEMENT'))) group by `t`.`transactionid`) AS `moneyin`,(select `t`.`transactionamount` from ((`transactioncost` `tc` join `transactiontype` `tt`) join `accountnumber` `accn`) where ((`t`.`transactioncostid` = `tc`.`transactioncostid`) and (`tc`.`transactiontypeid` = `tt`.`transactiontypeid`) and (`tt`.`transactiontypename` = 'WITHDRAWAL')) group by `t`.`transactionid`) AS `moneyout`,`t`.`transactioncharges` AS `transactioncharges`,`t`.`dated` AS `dated`,`t`.`transactionstatus` AS `transactionstatus`,`t`.`userrightsid` AS `userrightsid` from `transaction` `t` group by `t`.`transactionid` */;

--
-- Final view structure for view `viewmoneyinmoneyout2`
--

/*!50001 DROP VIEW IF EXISTS `viewmoneyinmoneyout2`*/;
/*!50001 CREATE ALGORITHM=UNDEFINED */
/*!50013 DEFINER=`root`@`localhost` SQL SECURITY DEFINER */
/*!50001 VIEW `viewmoneyinmoneyout2` AS select `viewmoneyinmoneyout1`.`transactionid` AS `transactionid`,`viewmoneyinmoneyout1`.`transactioncostid` AS `transactioncostid`,`viewmoneyinmoneyout1`.`accountnumberid` AS `accountnumberid`,`viewmoneyinmoneyout1`.`moneyin` AS `moneyin`,`viewmoneyinmoneyout1`.`moneyout` AS `moneyout`,`viewmoneyinmoneyout1`.`transactioncharges` AS `transactioncharges`,`viewmoneyinmoneyout1`.`dated` AS `dated`,`viewmoneyinmoneyout1`.`transactionstatus` AS `transactionstatus`,`viewmoneyinmoneyout1`.`userrightsid` AS `userrightsid` from `viewmoneyinmoneyout1` where (((`viewmoneyinmoneyout1`.`moneyin` is not null) and (`viewmoneyinmoneyout1`.`moneyout` is null)) or ((`viewmoneyinmoneyout1`.`moneyin` is null) and (`viewmoneyinmoneyout1`.`moneyout` is not null))) */;

--
-- Final view structure for view `viewpersonvehicle`
--

/*!50001 DROP VIEW IF EXISTS `viewpersonvehicle`*/;
/*!50001 CREATE ALGORITHM=UNDEFINED */
/*!50013 DEFINER=`root`@`localhost` SQL SECURITY DEFINER */
/*!50001 VIEW `viewpersonvehicle` AS select `p`.`personid` AS `personid`,`v`.`vehicleid` AS `vehicleid`,`p`.`idno` AS `idno`,`v`.`regno` AS `regno`,`pv`.`status` AS `status` from ((`person` `p` join `vehicle` `v`) join `personvehicle` `pv`) where ((`p`.`personid` = `pv`.`personid`) and (`v`.`vehicleid` = `pv`.`vehicleid`)) */;


